{"id":10204,"date":"2012-06-04T20:49:13","date_gmt":"2012-06-04T18:49:13","guid":{"rendered":"http:\/\/museumek.eu\/?page_id=10204"},"modified":"2012-09-02T13:30:08","modified_gmt":"2012-09-02T11:30:08","slug":"dxliii1","status":"publish","type":"page","link":"http:\/\/museumek.eu\/?page_id=10204","title":{"rendered":"D\/XLIII\/1"},"content":{"rendered":"<p><strong>Abteilung Deutschland, Keramik 1860 \u2013 1960, Inventarnummer D\/XLIII\/1<\/strong><\/p>\n<p>Manufaktur Kunstt\u00f6pferei Friedrich Festersen, Deutschland, Berlin, um 1910, Milchk\u00e4nnchen mit Schw\u00e4mmeldekor nach Bunzlauer Art, K\u00fcnstler Friedrich Festersen, Werks.-Nr. ohne, Exemplar Nr. ohne, gemarkt ovaler Presstempel ohne weitere Einpressung, Festersen Farbstempel schwach lesbar, nicht signiert, Literatur: Keramik-Museum Berlin, Kunstt\u00f6pferei Friedrich Festersen (Berlin 1909 \u2013 1922), Seite 8 oben rechts, \u00e4hnliches K\u00e4nnchen aus Abbildung \u201eDekorative Kunst\u201c, Seite 20, Marke M 1, Festersen (hier als Presstempel), Marke M 3 Ovalstempel (hier als Farbstempel mit Festersen), Seite 21 Krug mit \u00e4hnlichem Schw\u00e4mmeldekor, Seite 27 Vase mit \u00e4hnlichem Schw\u00e4mmeldekor, weitere Literatur: Heidi M\u00fcller, Ekkehard und Inge Lippert, Regine Falkenberg, Bunzlauer Geschirr, Staatliche Museen Preu\u00dfischer Kulturbesitz, Schriften des Museums f\u00fcr Deutsche Volkskunde Berlin, Band 14, Seite 403, Markenverzeichnis, Marke 19, Festersen, weitere Literatur: Christel Mosel, Kunsthandwerk im Umbruch, Jugendstil und Zwanziger Jahre, Seite 12, Marke Festersen, weitere Literatur: Gisela Reineking von Bock, Meister der deutschen Keramik 1900 bis 1950, Seite 115, Beschreibung Manufaktur Festersen sowie Seite 320, Marke Festersen,<br \/>\nH\u00f6he 6 cm, Breite 10 cm<\/p>\n<p><a href=\"http:\/\/museumek.eu\/wp-content\/uploads\/2012\/06\/Museum-Europ\u00e4ischer-Keramikkunst-2312.jpg\"><img loading=\"lazy\" src=\"http:\/\/museumek.eu\/wp-content\/uploads\/2012\/06\/Museum-Europ\u00e4ischer-Keramikkunst-2312-300x227.jpg\" alt=\"\" title=\"Museum Europ\u00e4ischer Keramikkunst 2312\" width=\"300\" height=\"227\" class=\"alignnone size-medium wp-image-10205\" srcset=\"http:\/\/museumek.eu\/wp-content\/uploads\/2012\/06\/Museum-Europ\u00e4ischer-Keramikkunst-2312-300x227.jpg 300w, http:\/\/museumek.eu\/wp-content\/uploads\/2012\/06\/Museum-Europ\u00e4ischer-Keramikkunst-2312-394x300.jpg 394w, http:\/\/museumek.eu\/wp-content\/uploads\/2012\/06\/Museum-Europ\u00e4ischer-Keramikkunst-2312.jpg 736w\" sizes=\"(max-width: 300px) 100vw, 300px\" \/><\/a><\/p>\n<p><a href=\"http:\/\/museumek.eu\/wp-content\/uploads\/2012\/06\/Museum-Europ\u00e4ischer-Keramikkunst-2313.jpg\"><img loading=\"lazy\" src=\"http:\/\/museumek.eu\/wp-content\/uploads\/2012\/06\/Museum-Europ\u00e4ischer-Keramikkunst-2313-256x300.jpg\" alt=\"\" title=\"Museum Europ\u00e4ischer Keramikkunst 2313\" width=\"256\" height=\"300\" class=\"alignnone size-medium wp-image-10206\" srcset=\"http:\/\/museumek.eu\/wp-content\/uploads\/2012\/06\/Museum-Europ\u00e4ischer-Keramikkunst-2313-256x300.jpg 256w, http:\/\/museumek.eu\/wp-content\/uploads\/2012\/06\/Museum-Europ\u00e4ischer-Keramikkunst-2313.jpg 540w\" sizes=\"(max-width: 256px) 100vw, 256px\" \/><\/a> <\/p>\n","protected":false},"excerpt":{"rendered":"<p>Abteilung Deutschland, Keramik 1860 \u2013 1960, Inventarnummer D\/XLIII\/1 Manufaktur Kunstt\u00f6pferei Friedrich Festersen, Deutschland, Berlin, um 1910, Milchk\u00e4nnchen mit Schw\u00e4mmeldekor nach Bunzlauer Art, K\u00fcnstler Friedrich Festersen, Werks.-Nr. ohne, Exemplar Nr. ohne, gemarkt ovaler Presstempel ohne weitere Einpressung, Festersen Farbstempel schwach lesbar, &hellip; <a href=\"http:\/\/museumek.eu\/?page_id=10204\">Weiterlesen <span class=\"meta-nav\">&rarr;<\/span><\/a><\/p>\n","protected":false},"author":1,"featured_media":0,"parent":10201,"menu_order":1,"comment_status":"closed","ping_status":"open","template":"","meta":[],"_links":{"self":[{"href":"http:\/\/museumek.eu\/index.php?rest_route=\/wp\/v2\/pages\/10204"}],"collection":[{"href":"http:\/\/museumek.eu\/index.php?rest_route=\/wp\/v2\/pages"}],"about":[{"href":"http:\/\/museumek.eu\/index.php?rest_route=\/wp\/v2\/types\/page"}],"author":[{"embeddable":true,"href":"http:\/\/museumek.eu\/index.php?rest_route=\/wp\/v2\/users\/1"}],"replies":[{"embeddable":true,"href":"http:\/\/museumek.eu\/index.php?rest_route=%2Fwp%2Fv2%2Fcomments&post=10204"}],"version-history":[{"count":7,"href":"http:\/\/museumek.eu\/index.php?rest_route=\/wp\/v2\/pages\/10204\/revisions"}],"predecessor-version":[{"id":13162,"href":"http:\/\/museumek.eu\/index.php?rest_route=\/wp\/v2\/pages\/10204\/revisions\/13162"}],"up":[{"embeddable":true,"href":"http:\/\/museumek.eu\/index.php?rest_route=\/wp\/v2\/pages\/10201"}],"wp:attachment":[{"href":"http:\/\/museumek.eu\/index.php?rest_route=%2Fwp%2Fv2%2Fmedia&parent=10204"}],"curies":[{"name":"wp","href":"https:\/\/api.w.org\/{rel}","templated":true}]}}