{"id":10338,"date":"2012-06-08T14:10:23","date_gmt":"2012-06-08T12:10:23","guid":{"rendered":"http:\/\/museumek.eu\/?page_id=10338"},"modified":"2013-05-08T00:43:39","modified_gmt":"2013-05-07T22:43:39","slug":"axiv11","status":"publish","type":"page","link":"http:\/\/museumek.eu\/?page_id=10338","title":{"rendered":"A\/XIV\/11"},"content":{"rendered":"<p><strong>Abteilung Austria\/Ungarn\/B\u00f6hmen, Keramik 1860 \u2013 1960, Inventarnummer A\/XIV\/11<\/strong><\/p>\n<p>Josef Strnact jun. Terracotta- Majolika- und Fayencefabrik, B\u00f6hmen\/Austria, Turn\/Trnovany, vor\/um 1900, Wandteller Burg Hohenschwangau, K\u00fcnstler unbekannt, Werks.-Nr. 3076, Exemplar Nr. ohne, gemarkt Firmenmarke mit J.S.m darunter Bl\u00fcte mit sechs Bl\u00e4ttern im Schild, 3076 sowie 1 gepresst, Schriftzug Hohenschwangau geritzt, nicht signiert, Literatur: Volker M\u00f6lle Riessner, Amphora, Die Porzellan- und Keramikmanufaktur in Nord-B\u00f6hmen, Seite 176, Beschreibung der Strnact\u2018schen Fabrik sowie Seite 193, Marke Nr. 11 fast  identisch, die Fabrik wurde 1881 von Josef Strnact gegr\u00fcndet, evtl erfolgte 1897 eine Umfirmierung zu Josef Strnact junior, 1942 Fabrikschlie\u00dfung,  Durchmesser 18 cm<\/p>\n<p><a href=\"http:\/\/museumek.eu\/wp-content\/uploads\/2012\/06\/Museum-Europ\u00e4ischer-Keramikkunst-1731.jpg\"><img loading=\"lazy\" src=\"http:\/\/museumek.eu\/wp-content\/uploads\/2012\/06\/Museum-Europ\u00e4ischer-Keramikkunst-1731-297x300.jpg\" alt=\"\" title=\"Museum Europ\u00e4ischer Keramikkunst 1731\" width=\"297\" height=\"300\" class=\"alignnone size-medium wp-image-10339\" srcset=\"http:\/\/museumek.eu\/wp-content\/uploads\/2012\/06\/Museum-Europ\u00e4ischer-Keramikkunst-1731-297x300.jpg 297w, http:\/\/museumek.eu\/wp-content\/uploads\/2012\/06\/Museum-Europ\u00e4ischer-Keramikkunst-1731.jpg 743w\" sizes=\"(max-width: 297px) 100vw, 297px\" \/><\/a><\/p>\n<p><a href=\"http:\/\/museumek.eu\/wp-content\/uploads\/2012\/06\/Museum-Europ\u00e4ischer-Keramikkunst-1733.jpg\"><img loading=\"lazy\" src=\"http:\/\/museumek.eu\/wp-content\/uploads\/2012\/06\/Museum-Europ\u00e4ischer-Keramikkunst-1733-170x300.jpg\" alt=\"\" title=\"Museum Europ\u00e4ischer Keramikkunst 1733\" width=\"170\" height=\"300\" class=\"alignnone size-medium wp-image-10340\" srcset=\"http:\/\/museumek.eu\/wp-content\/uploads\/2012\/06\/Museum-Europ\u00e4ischer-Keramikkunst-1733-170x300.jpg 170w, http:\/\/museumek.eu\/wp-content\/uploads\/2012\/06\/Museum-Europ\u00e4ischer-Keramikkunst-1733.jpg 279w\" sizes=\"(max-width: 170px) 100vw, 170px\" \/><\/a><\/p>\n<p><a href=\"http:\/\/museumek.eu\/wp-content\/uploads\/2012\/06\/Museum-Europ\u00e4ischer-Keramikkunst-1734.jpg\"><img loading=\"lazy\" src=\"http:\/\/museumek.eu\/wp-content\/uploads\/2012\/06\/Museum-Europ\u00e4ischer-Keramikkunst-1734-193x300.jpg\" alt=\"\" title=\"Museum Europ\u00e4ischer Keramikkunst 1734\" width=\"193\" height=\"300\" class=\"alignnone size-medium wp-image-10341\" srcset=\"http:\/\/museumek.eu\/wp-content\/uploads\/2012\/06\/Museum-Europ\u00e4ischer-Keramikkunst-1734-193x300.jpg 193w, http:\/\/museumek.eu\/wp-content\/uploads\/2012\/06\/Museum-Europ\u00e4ischer-Keramikkunst-1734.jpg 302w\" sizes=\"(max-width: 193px) 100vw, 193px\" \/><\/a><\/p>\n","protected":false},"excerpt":{"rendered":"<p>Abteilung Austria\/Ungarn\/B\u00f6hmen, Keramik 1860 \u2013 1960, Inventarnummer A\/XIV\/11 Josef Strnact jun. Terracotta- Majolika- und Fayencefabrik, B\u00f6hmen\/Austria, Turn\/Trnovany, vor\/um 1900, Wandteller Burg Hohenschwangau, K\u00fcnstler unbekannt, Werks.-Nr. 3076, Exemplar Nr. ohne, gemarkt Firmenmarke mit J.S.m darunter Bl\u00fcte mit sechs Bl\u00e4ttern im Schild, &hellip; <a href=\"http:\/\/museumek.eu\/?page_id=10338\">Weiterlesen <span class=\"meta-nav\">&rarr;<\/span><\/a><\/p>\n","protected":false},"author":1,"featured_media":0,"parent":10335,"menu_order":11,"comment_status":"closed","ping_status":"open","template":"","meta":[],"_links":{"self":[{"href":"http:\/\/museumek.eu\/index.php?rest_route=\/wp\/v2\/pages\/10338"}],"collection":[{"href":"http:\/\/museumek.eu\/index.php?rest_route=\/wp\/v2\/pages"}],"about":[{"href":"http:\/\/museumek.eu\/index.php?rest_route=\/wp\/v2\/types\/page"}],"author":[{"embeddable":true,"href":"http:\/\/museumek.eu\/index.php?rest_route=\/wp\/v2\/users\/1"}],"replies":[{"embeddable":true,"href":"http:\/\/museumek.eu\/index.php?rest_route=%2Fwp%2Fv2%2Fcomments&post=10338"}],"version-history":[{"count":3,"href":"http:\/\/museumek.eu\/index.php?rest_route=\/wp\/v2\/pages\/10338\/revisions"}],"predecessor-version":[{"id":21515,"href":"http:\/\/museumek.eu\/index.php?rest_route=\/wp\/v2\/pages\/10338\/revisions\/21515"}],"up":[{"embeddable":true,"href":"http:\/\/museumek.eu\/index.php?rest_route=\/wp\/v2\/pages\/10335"}],"wp:attachment":[{"href":"http:\/\/museumek.eu\/index.php?rest_route=%2Fwp%2Fv2%2Fmedia&parent=10338"}],"curies":[{"name":"wp","href":"https:\/\/api.w.org\/{rel}","templated":true}]}}