{"id":10456,"date":"2012-06-10T19:51:11","date_gmt":"2012-06-10T17:51:11","guid":{"rendered":"http:\/\/museumek.eu\/?page_id=10456"},"modified":"2013-04-25T23:24:38","modified_gmt":"2013-04-25T21:24:38","slug":"kurzbiografie-und-inventar-zum-kunstler","status":"publish","type":"page","link":"http:\/\/museumek.eu\/?page_id=10456","title":{"rendered":"Kurzbiografie und Inventar zum K\u00fcnstler"},"content":{"rendered":"<p>Matthilde Jaksch wurde am 07.01.1899 geboren. Jaksch besuchte die Graphische Lehr- und Versuchsanstalt in Wien und war in einem zweimonatigen Praktikum f\u00fcr die Gmundner Keramik t\u00e4tig. Sie studierte an der Wiener Kunstgewerbeschule. Sie schuf zahllose Modelle f\u00fcr die Wiener Porzellanmanufaktur Augarten. Weitere Daten konnten nicht recherchiert werden.<\/p>\n<p><strong>Abteilung Austria\/Ungarn\/B\u00f6hmen, Keramik 1860 \u2013 1960, Inventarnummer A\/XXXV\/1<\/strong><\/p>\n<p>Wiener Porzellanmanufaktur Augarten, B\u00f6hmen\/Austria, Wien, um 1927, Figur Chinese, K\u00fcnstler Matthilde Jaksch, Werks.-Nr. 1578, Exemplar Nr. ohne, gemarkt Firmenmarke Krone, Bindenschild, Wien blauer Stempel, Augarten Austria im Rechteck roter Stempel (diesen Stempel tragen nur die Ausgaben der ersten Manufakturjahre, bei Neuauflagen fehlt dieser Stempel), 1578 S gepresst (schwer lesbar), nicht signiert, Literatur: Waltraud Neuwirth, Wiener Keramik, Seite 401, dort unter 1578 Chinese und Jaksch aufgelistet, Seite 487, Marken 302 und 306 identisch, Matthilde Jaksch hat in den Anfangsjahren der Manufaktur diverse kleineFiguren f\u00fcr Augarten entworfen, siehe dazu auch Sammler Journal, Auktionspreise 11\/2012, Seite 132, zwei Auktionsergebnisse des Auktionshauses Dorotheum Wien, H\u00f6he 9 cm, Breite 9 cm<\/p>\n<p><a href=\"http:\/\/museumek.eu\/wp-content\/uploads\/2012\/06\/Museum-Europ\u00e4ischer-Keramikkunst-2364.jpg\"><img loading=\"lazy\" src=\"http:\/\/museumek.eu\/wp-content\/uploads\/2012\/06\/Museum-Europ\u00e4ischer-Keramikkunst-2364-230x300.jpg\" alt=\"\" title=\"Museum Europ\u00e4ischer Keramikkunst 2364\" width=\"230\" height=\"300\" class=\"alignnone size-medium wp-image-10434\" srcset=\"http:\/\/museumek.eu\/wp-content\/uploads\/2012\/06\/Museum-Europ\u00e4ischer-Keramikkunst-2364-230x300.jpg 230w, http:\/\/museumek.eu\/wp-content\/uploads\/2012\/06\/Museum-Europ\u00e4ischer-Keramikkunst-2364.jpg 539w\" sizes=\"(max-width: 230px) 100vw, 230px\" \/><\/a><\/p>\n<p><a href=\"http:\/\/museumek.eu\/wp-content\/uploads\/2012\/06\/Museum-Europ\u00e4ischer-Keramikkunst-1926.jpg\"><img loading=\"lazy\" src=\"http:\/\/museumek.eu\/wp-content\/uploads\/2012\/06\/Museum-Europ\u00e4ischer-Keramikkunst-1926-206x300.jpg\" alt=\"\" title=\"Museum Europ\u00e4ischer Keramikkunst 1926\" width=\"206\" height=\"300\" class=\"alignnone size-medium wp-image-10435\" srcset=\"http:\/\/museumek.eu\/wp-content\/uploads\/2012\/06\/Museum-Europ\u00e4ischer-Keramikkunst-1926-206x300.jpg 206w, http:\/\/museumek.eu\/wp-content\/uploads\/2012\/06\/Museum-Europ\u00e4ischer-Keramikkunst-1926.jpg 400w\" sizes=\"(max-width: 206px) 100vw, 206px\" \/><\/a><\/p>\n<p><a href=\"http:\/\/museumek.eu\/wp-content\/uploads\/2012\/06\/Museum-Europ\u00e4ischer-Keramikkunst-1940.jpg\"><img loading=\"lazy\" src=\"http:\/\/museumek.eu\/wp-content\/uploads\/2012\/06\/Museum-Europ\u00e4ischer-Keramikkunst-1940-239x300.jpg\" alt=\"\" title=\"Museum Europ\u00e4ischer Keramikkunst 1940\" width=\"239\" height=\"300\" class=\"alignnone size-medium wp-image-10436\" srcset=\"http:\/\/museumek.eu\/wp-content\/uploads\/2012\/06\/Museum-Europ\u00e4ischer-Keramikkunst-1940-239x300.jpg 239w, http:\/\/museumek.eu\/wp-content\/uploads\/2012\/06\/Museum-Europ\u00e4ischer-Keramikkunst-1940.jpg 477w\" sizes=\"(max-width: 239px) 100vw, 239px\" \/><\/a><\/p>\n<p><a href=\"http:\/\/museumek.eu\/wp-content\/uploads\/2012\/06\/Museum-Europ\u00e4ischer-Keramikkunst-1942.jpg\"><img loading=\"lazy\" src=\"http:\/\/museumek.eu\/wp-content\/uploads\/2012\/06\/Museum-Europ\u00e4ischer-Keramikkunst-1942-300x238.jpg\" alt=\"\" title=\"Museum Europ\u00e4ischer Keramikkunst 1942\" width=\"300\" height=\"238\" class=\"alignnone size-medium wp-image-10437\" srcset=\"http:\/\/museumek.eu\/wp-content\/uploads\/2012\/06\/Museum-Europ\u00e4ischer-Keramikkunst-1942-300x238.jpg 300w, http:\/\/museumek.eu\/wp-content\/uploads\/2012\/06\/Museum-Europ\u00e4ischer-Keramikkunst-1942-377x300.jpg 377w, http:\/\/museumek.eu\/wp-content\/uploads\/2012\/06\/Museum-Europ\u00e4ischer-Keramikkunst-1942.jpg 530w\" sizes=\"(max-width: 300px) 100vw, 300px\" \/><\/a><\/p>\n<p><a href=\"http:\/\/museumek.eu\/wp-content\/uploads\/2012\/06\/Museum-Europ\u00e4ischer-Keramikkunst-2363.jpg\"><img loading=\"lazy\" src=\"http:\/\/museumek.eu\/wp-content\/uploads\/2012\/06\/Museum-Europ\u00e4ischer-Keramikkunst-2363-161x300.jpg\" alt=\"\" title=\"Museum Europ\u00e4ischer Keramikkunst 2363\" width=\"161\" height=\"300\" class=\"alignnone size-medium wp-image-10438\" srcset=\"http:\/\/museumek.eu\/wp-content\/uploads\/2012\/06\/Museum-Europ\u00e4ischer-Keramikkunst-2363-161x300.jpg 161w, http:\/\/museumek.eu\/wp-content\/uploads\/2012\/06\/Museum-Europ\u00e4ischer-Keramikkunst-2363.jpg 503w\" sizes=\"(max-width: 161px) 100vw, 161px\" \/><\/a><\/p>\n","protected":false},"excerpt":{"rendered":"<p>Matthilde Jaksch wurde am 07.01.1899 geboren. Jaksch besuchte die Graphische Lehr- und Versuchsanstalt in Wien und war in einem zweimonatigen Praktikum f\u00fcr die Gmundner Keramik t\u00e4tig. Sie studierte an der Wiener Kunstgewerbeschule. Sie schuf zahllose Modelle f\u00fcr die Wiener Porzellanmanufaktur &hellip; <a href=\"http:\/\/museumek.eu\/?page_id=10456\">Weiterlesen <span class=\"meta-nav\">&rarr;<\/span><\/a><\/p>\n","protected":false},"author":1,"featured_media":0,"parent":10453,"menu_order":1,"comment_status":"closed","ping_status":"open","template":"","meta":[],"_links":{"self":[{"href":"http:\/\/museumek.eu\/index.php?rest_route=\/wp\/v2\/pages\/10456"}],"collection":[{"href":"http:\/\/museumek.eu\/index.php?rest_route=\/wp\/v2\/pages"}],"about":[{"href":"http:\/\/museumek.eu\/index.php?rest_route=\/wp\/v2\/types\/page"}],"author":[{"embeddable":true,"href":"http:\/\/museumek.eu\/index.php?rest_route=\/wp\/v2\/users\/1"}],"replies":[{"embeddable":true,"href":"http:\/\/museumek.eu\/index.php?rest_route=%2Fwp%2Fv2%2Fcomments&post=10456"}],"version-history":[{"count":7,"href":"http:\/\/museumek.eu\/index.php?rest_route=\/wp\/v2\/pages\/10456\/revisions"}],"predecessor-version":[{"id":20507,"href":"http:\/\/museumek.eu\/index.php?rest_route=\/wp\/v2\/pages\/10456\/revisions\/20507"}],"up":[{"embeddable":true,"href":"http:\/\/museumek.eu\/index.php?rest_route=\/wp\/v2\/pages\/10453"}],"wp:attachment":[{"href":"http:\/\/museumek.eu\/index.php?rest_route=%2Fwp%2Fv2%2Fmedia&parent=10456"}],"curies":[{"name":"wp","href":"https:\/\/api.w.org\/{rel}","templated":true}]}}