{"id":10543,"date":"2012-06-13T00:02:24","date_gmt":"2012-06-12T22:02:24","guid":{"rendered":"http:\/\/museumek.eu\/?page_id=10543"},"modified":"2013-04-26T19:33:43","modified_gmt":"2013-04-26T17:33:43","slug":"kurzbiografie-und-inventar-zum-kunstler","status":"publish","type":"page","link":"http:\/\/museumek.eu\/?page_id=10543","title":{"rendered":"Kurzbiografie und Inventar zum K\u00fcnstler"},"content":{"rendered":"<p>Ren\u00e9 (?) Rozel wurde am 14.05.1859 in Paris geboren. Er war als Bildhauer t\u00e4tig. Weitere Lebensdaten konnten nicht recherchiert werden.<\/p>\n<p><strong>Abteilung Austria\/Ungarn\/B\u00f6hmen, Keramik 1860 \u2013 1960, Inventarnummer A\/I\/60<\/strong><\/p>\n<p>Friedrich Goldscheider, Austria, Wien, 1895, B\u00fcste Richard Wagner, K\u00fcnstler Ren\u00e9 Rozel, Werks.-Nr. 618\/Exemplar Nr. HM 1\/Modelleur Nr. ohne, gemarkt Skulpture Marke Paris\/Leipzig Goldscheider Wien, signiert Rozel geritzt sowie noch einmal Rosel geritzt, Literatur: Robert E. Dechant\/Filipp Goldscheider, Firmengeschichte und Werkverzeichnis, Seite 295, dort ohne Foto und unvollst\u00e4ndig erfasst, weitere Literatur: Waltraud Neuwirth, Wiener Keramik, Seite 72, dort Ren\u00e9 (?) Rozel als K\u00fcnstler der Gladiatorb\u00fcste aufgef\u00fchrt, Ausf\u00fchrung in verschiedenen Mamorarten, 2 Metallstifte im Sockel mit dem ein Kirchenspendenschild von 1924 befestigt war,<br \/>\nH\u00f6he 27 cm, Breite 16,5 cm<\/p>\n<p><a href=\"http:\/\/museumek.eu\/wp-content\/uploads\/2011\/08\/Museum-Europ\u00e4ischer-Keramikkunst-Qualit\u00e4tsfotos.jpg\"><img loading=\"lazy\" src=\"http:\/\/museumek.eu\/wp-content\/uploads\/2011\/08\/Museum-Europ\u00e4ischer-Keramikkunst-Qualit\u00e4tsfotos-158x300.jpg\" alt=\"\" title=\"Museum Europ\u00e4ischer Keramikkunst Qualit\u00e4tsfotos\" width=\"158\" height=\"300\" class=\"alignnone size-medium wp-image-794\" srcset=\"http:\/\/museumek.eu\/wp-content\/uploads\/2011\/08\/Museum-Europ\u00e4ischer-Keramikkunst-Qualit\u00e4tsfotos-158x300.jpg 158w, http:\/\/museumek.eu\/wp-content\/uploads\/2011\/08\/Museum-Europ\u00e4ischer-Keramikkunst-Qualit\u00e4tsfotos.jpg 520w\" sizes=\"(max-width: 158px) 100vw, 158px\" \/><\/a><\/p>\n<p><a href=\"http:\/\/museumek.eu\/wp-content\/uploads\/2011\/08\/Museum-Europ\u00e4ischer-Keramikkunst-766.jpg\"><img loading=\"lazy\" src=\"http:\/\/museumek.eu\/wp-content\/uploads\/2011\/08\/Museum-Europ\u00e4ischer-Keramikkunst-766-300x280.jpg\" alt=\"\" title=\"Museum Europ\u00e4ischer Keramikkunst 766\" width=\"300\" height=\"280\" class=\"alignnone size-medium wp-image-795\" srcset=\"http:\/\/museumek.eu\/wp-content\/uploads\/2011\/08\/Museum-Europ\u00e4ischer-Keramikkunst-766-300x280.jpg 300w, http:\/\/museumek.eu\/wp-content\/uploads\/2011\/08\/Museum-Europ\u00e4ischer-Keramikkunst-766-320x300.jpg 320w, http:\/\/museumek.eu\/wp-content\/uploads\/2011\/08\/Museum-Europ\u00e4ischer-Keramikkunst-766.jpg 375w\" sizes=\"(max-width: 300px) 100vw, 300px\" \/><\/a><\/p>\n<p><a href=\"http:\/\/museumek.eu\/wp-content\/uploads\/2011\/08\/Museum-Europ\u00e4ischer-Keramikkunst-767.jpg\"><img loading=\"lazy\" src=\"http:\/\/museumek.eu\/wp-content\/uploads\/2011\/08\/Museum-Europ\u00e4ischer-Keramikkunst-767-300x236.jpg\" alt=\"\" title=\"Museum Europ\u00e4ischer Keramikkunst 767\" width=\"300\" height=\"236\" class=\"alignnone size-medium wp-image-796\" srcset=\"http:\/\/museumek.eu\/wp-content\/uploads\/2011\/08\/Museum-Europ\u00e4ischer-Keramikkunst-767-300x236.jpg 300w, http:\/\/museumek.eu\/wp-content\/uploads\/2011\/08\/Museum-Europ\u00e4ischer-Keramikkunst-767-380x300.jpg 380w, http:\/\/museumek.eu\/wp-content\/uploads\/2011\/08\/Museum-Europ\u00e4ischer-Keramikkunst-767.jpg 560w\" sizes=\"(max-width: 300px) 100vw, 300px\" \/><\/a><\/p>\n<p><a href=\"http:\/\/museumek.eu\/wp-content\/uploads\/2011\/08\/Museum-Europ\u00e4ischer-Keramikkunst-770.jpg\"><img loading=\"lazy\" src=\"http:\/\/museumek.eu\/wp-content\/uploads\/2011\/08\/Museum-Europ\u00e4ischer-Keramikkunst-770-300x175.jpg\" alt=\"\" title=\"Museum Europ\u00e4ischer Keramikkunst 770\" width=\"300\" height=\"175\" class=\"alignnone size-medium wp-image-797\" srcset=\"http:\/\/museumek.eu\/wp-content\/uploads\/2011\/08\/Museum-Europ\u00e4ischer-Keramikkunst-770-300x175.jpg 300w, http:\/\/museumek.eu\/wp-content\/uploads\/2011\/08\/Museum-Europ\u00e4ischer-Keramikkunst-770.jpg 428w\" sizes=\"(max-width: 300px) 100vw, 300px\" \/><\/a><\/p>\n<p><strong>Abteilung Austria\/Ungarn\/B\u00f6hmen, Keramik 1860 \u2013 1960, Inventarnummer A\/I\/83<\/strong><\/p>\n<p>Friedrich Goldscheider, Austria, Wien, 1898, B\u00fcste Gladiator, K\u00fcnstler Ren\u00e9 (?) Rozel, Werks.-Nr. 2294\/Exemplar Nr. 118\/Modelleur Nr. 7, gemarkt Sculpture Marke<br \/>\nF. Goldscheider Wien, Reproduction Reservee, 2294, 118 sowie 7 gepresst, signiert Rozel, Inschrift: Ave Caesar ! Morituri te salutant (Heil Dir Caesar! Die Todgeweihten gr\u00fc\u00dfen Dich), Literatur: Robert E. Dechant\/Filipp Goldscheider, Firmengeschichte und Werkverzeichnis, Seite 354, dort noch ohne Foto erfasst, daf\u00fcr unter Werks.-Nr. 1687 gr\u00f6\u00dfere identische B\u00fcste mit Foto erfasst, weitere Literatur: Waltraud Neuwirth, Wiener Keramik, Seite 72, B\u00fcste und K\u00fcnstler dort aufgelistet,<br \/>\nH\u00f6he 29 cm, Breite 17 cm<\/p>\n<p><a href=\"http:\/\/museumek.eu\/wp-content\/uploads\/2012\/06\/Museum-Europ\u00e4ischer-Keramikkunst-23851.jpg\"><img loading=\"lazy\" src=\"http:\/\/museumek.eu\/wp-content\/uploads\/2012\/06\/Museum-Europ\u00e4ischer-Keramikkunst-23851-152x300.jpg\" alt=\"\" title=\"Museum Europ\u00e4ischer Keramikkunst 2385\" width=\"152\" height=\"300\" class=\"alignnone size-medium wp-image-10529\" srcset=\"http:\/\/museumek.eu\/wp-content\/uploads\/2012\/06\/Museum-Europ\u00e4ischer-Keramikkunst-23851-152x300.jpg 152w, http:\/\/museumek.eu\/wp-content\/uploads\/2012\/06\/Museum-Europ\u00e4ischer-Keramikkunst-23851.jpg 490w\" sizes=\"(max-width: 152px) 100vw, 152px\" \/><\/a><\/p>\n<p><a href=\"http:\/\/museumek.eu\/wp-content\/uploads\/2012\/06\/Museum-Europ\u00e4ischer-Keramikkunst-2387.jpg\"><img loading=\"lazy\" src=\"http:\/\/museumek.eu\/wp-content\/uploads\/2012\/06\/Museum-Europ\u00e4ischer-Keramikkunst-2387-186x300.jpg\" alt=\"\" title=\"Museum Europ\u00e4ischer Keramikkunst 2387\" width=\"186\" height=\"300\" class=\"alignnone size-medium wp-image-10530\" srcset=\"http:\/\/museumek.eu\/wp-content\/uploads\/2012\/06\/Museum-Europ\u00e4ischer-Keramikkunst-2387-186x300.jpg 186w, http:\/\/museumek.eu\/wp-content\/uploads\/2012\/06\/Museum-Europ\u00e4ischer-Keramikkunst-2387.jpg 635w\" sizes=\"(max-width: 186px) 100vw, 186px\" \/><\/a><\/p>\n<p><a href=\"http:\/\/museumek.eu\/wp-content\/uploads\/2012\/06\/Museum-Europ\u00e4ischer-Keramikkunst-2388.jpg\"><img loading=\"lazy\" src=\"http:\/\/museumek.eu\/wp-content\/uploads\/2012\/06\/Museum-Europ\u00e4ischer-Keramikkunst-2388-193x300.jpg\" alt=\"\" title=\"Museum Europ\u00e4ischer Keramikkunst 2388\" width=\"193\" height=\"300\" class=\"alignnone size-medium wp-image-10531\" srcset=\"http:\/\/museumek.eu\/wp-content\/uploads\/2012\/06\/Museum-Europ\u00e4ischer-Keramikkunst-2388-193x300.jpg 193w, http:\/\/museumek.eu\/wp-content\/uploads\/2012\/06\/Museum-Europ\u00e4ischer-Keramikkunst-2388.jpg 626w\" sizes=\"(max-width: 193px) 100vw, 193px\" \/><\/a><\/p>\n<p><a href=\"http:\/\/museumek.eu\/wp-content\/uploads\/2012\/06\/Museum-Europ\u00e4ischer-Keramikkunst-2386.jpg\"><img loading=\"lazy\" src=\"http:\/\/museumek.eu\/wp-content\/uploads\/2012\/06\/Museum-Europ\u00e4ischer-Keramikkunst-2386-300x254.jpg\" alt=\"\" title=\"Museum Europ\u00e4ischer Keramikkunst 2386\" width=\"300\" height=\"254\" class=\"alignnone size-medium wp-image-10532\" srcset=\"http:\/\/museumek.eu\/wp-content\/uploads\/2012\/06\/Museum-Europ\u00e4ischer-Keramikkunst-2386-300x254.jpg 300w, http:\/\/museumek.eu\/wp-content\/uploads\/2012\/06\/Museum-Europ\u00e4ischer-Keramikkunst-2386-353x300.jpg 353w, http:\/\/museumek.eu\/wp-content\/uploads\/2012\/06\/Museum-Europ\u00e4ischer-Keramikkunst-2386.jpg 904w\" sizes=\"(max-width: 300px) 100vw, 300px\" \/><\/a><\/p>\n<p><a href=\"http:\/\/museumek.eu\/wp-content\/uploads\/2012\/06\/Museum-Europ\u00e4ischer-Keramikkunst-2389.jpg\"><img loading=\"lazy\" src=\"http:\/\/museumek.eu\/wp-content\/uploads\/2012\/06\/Museum-Europ\u00e4ischer-Keramikkunst-2389-198x300.jpg\" alt=\"\" title=\"Museum Europ\u00e4ischer Keramikkunst 2389\" width=\"198\" height=\"300\" class=\"alignnone size-medium wp-image-10533\" srcset=\"http:\/\/museumek.eu\/wp-content\/uploads\/2012\/06\/Museum-Europ\u00e4ischer-Keramikkunst-2389-198x300.jpg 198w, http:\/\/museumek.eu\/wp-content\/uploads\/2012\/06\/Museum-Europ\u00e4ischer-Keramikkunst-2389.jpg 679w\" sizes=\"(max-width: 198px) 100vw, 198px\" \/><\/a><\/p>\n<p><a href=\"http:\/\/museumek.eu\/wp-content\/uploads\/2012\/06\/Museum-Europ\u00e4ischer-Keramikkunst-2390.jpg\"><img loading=\"lazy\" src=\"http:\/\/museumek.eu\/wp-content\/uploads\/2012\/06\/Museum-Europ\u00e4ischer-Keramikkunst-2390-275x300.jpg\" alt=\"\" title=\"Museum Europ\u00e4ischer Keramikkunst 2390\" width=\"275\" height=\"300\" class=\"alignnone size-medium wp-image-10534\" srcset=\"http:\/\/museumek.eu\/wp-content\/uploads\/2012\/06\/Museum-Europ\u00e4ischer-Keramikkunst-2390-275x300.jpg 275w, http:\/\/museumek.eu\/wp-content\/uploads\/2012\/06\/Museum-Europ\u00e4ischer-Keramikkunst-2390.jpg 429w\" sizes=\"(max-width: 275px) 100vw, 275px\" \/><\/a><\/p>\n<p><a href=\"http:\/\/museumek.eu\/wp-content\/uploads\/2012\/06\/Museum-Europ\u00e4ischer-Keramikkunst-2391.jpg\"><img loading=\"lazy\" src=\"http:\/\/museumek.eu\/wp-content\/uploads\/2012\/06\/Museum-Europ\u00e4ischer-Keramikkunst-2391-300x255.jpg\" alt=\"\" title=\"Museum Europ\u00e4ischer Keramikkunst 2391\" width=\"300\" height=\"255\" class=\"alignnone size-medium wp-image-10535\" srcset=\"http:\/\/museumek.eu\/wp-content\/uploads\/2012\/06\/Museum-Europ\u00e4ischer-Keramikkunst-2391-300x255.jpg 300w, http:\/\/museumek.eu\/wp-content\/uploads\/2012\/06\/Museum-Europ\u00e4ischer-Keramikkunst-2391-351x300.jpg 351w, http:\/\/museumek.eu\/wp-content\/uploads\/2012\/06\/Museum-Europ\u00e4ischer-Keramikkunst-2391.jpg 488w\" sizes=\"(max-width: 300px) 100vw, 300px\" \/><\/a><\/p>\n","protected":false},"excerpt":{"rendered":"<p>Ren\u00e9 (?) Rozel wurde am 14.05.1859 in Paris geboren. Er war als Bildhauer t\u00e4tig. Weitere Lebensdaten konnten nicht recherchiert werden. Abteilung Austria\/Ungarn\/B\u00f6hmen, Keramik 1860 \u2013 1960, Inventarnummer A\/I\/60 Friedrich Goldscheider, Austria, Wien, 1895, B\u00fcste Richard Wagner, K\u00fcnstler Ren\u00e9 Rozel, Werks.-Nr. &hellip; <a href=\"http:\/\/museumek.eu\/?page_id=10543\">Weiterlesen <span class=\"meta-nav\">&rarr;<\/span><\/a><\/p>\n","protected":false},"author":1,"featured_media":0,"parent":10540,"menu_order":1,"comment_status":"closed","ping_status":"open","template":"","meta":[],"_links":{"self":[{"href":"http:\/\/museumek.eu\/index.php?rest_route=\/wp\/v2\/pages\/10543"}],"collection":[{"href":"http:\/\/museumek.eu\/index.php?rest_route=\/wp\/v2\/pages"}],"about":[{"href":"http:\/\/museumek.eu\/index.php?rest_route=\/wp\/v2\/types\/page"}],"author":[{"embeddable":true,"href":"http:\/\/museumek.eu\/index.php?rest_route=\/wp\/v2\/users\/1"}],"replies":[{"embeddable":true,"href":"http:\/\/museumek.eu\/index.php?rest_route=%2Fwp%2Fv2%2Fcomments&post=10543"}],"version-history":[{"count":5,"href":"http:\/\/museumek.eu\/index.php?rest_route=\/wp\/v2\/pages\/10543\/revisions"}],"predecessor-version":[{"id":20627,"href":"http:\/\/museumek.eu\/index.php?rest_route=\/wp\/v2\/pages\/10543\/revisions\/20627"}],"up":[{"embeddable":true,"href":"http:\/\/museumek.eu\/index.php?rest_route=\/wp\/v2\/pages\/10540"}],"wp:attachment":[{"href":"http:\/\/museumek.eu\/index.php?rest_route=%2Fwp%2Fv2%2Fmedia&parent=10543"}],"curies":[{"name":"wp","href":"https:\/\/api.w.org\/{rel}","templated":true}]}}