{"id":10622,"date":"2012-06-16T13:50:34","date_gmt":"2012-06-16T11:50:34","guid":{"rendered":"http:\/\/museumek.eu\/?page_id=10622"},"modified":"2013-06-01T17:45:58","modified_gmt":"2013-06-01T15:45:58","slug":"daiii2","status":"publish","type":"page","link":"http:\/\/museumek.eu\/?page_id=10622","title":{"rendered":"D\u00e4\/III\/2"},"content":{"rendered":"<p><strong>Abteilung D\u00e4nemark, Keramik 1860 \u2013 1960, Inventarnummer D\u00e4\/III\/2<\/strong><\/p>\n<p>Beck &#038; Schou Fajencefabriken Aluminia und Kunglig dansk Porslinfabrik (Royal Copenhagen), D\u00e4nemark, Kobenhavn und Frederiksberg, 1905, Vase mit floralen Motiven, K\u00fcnstler unbekannt, Werks.-Nr. 201 (hier Dekor\/Modellnummer), Exemplar Nr. ohne, Formnummer\/Jahrnummer 311, Datierung: 311 liegt zwischen 251 \u2013 400, alle Nr. von 251 \u2013 400 bedeuten Herstellungsjahr 1905, gemarkt Firmenmarke mit gemaltem A (f\u00fcr Aluminia) im A 3 Wellenlinien (f\u00fcr Kopenhagen) gr\u00fcn gemalt, 201\/311 sowie KS (wohl K\u00fcnstlerbezeichnung) gr\u00fcn gemalt, Copenhagen sowie Denmark gr\u00fcner Stempel, nicht signiert, 1882 \u00fcbernahm Aluminia die Kunglig dansk Porslinfabrik in Kopenhagen und durfte die Bezeichnung Royal f\u00fcr die Fabrik weiterf\u00fchren, es wurde parallel in beiden Fabriken produziert und unterschiedliche Markungen verwendet, Literatur: Dieter Z\u00fchlsdorf, Keramikmarken.Lexikon, Nr. 3640, Beschreibung der Fabrik und Abbildung der Marke, weitere Literatur: J. G. Th. Graesse und E. Jaenicke, F\u00fchrer f\u00fcr Sammler von Porzellan und Fayence, Steinzeug, Steingut usw., Seite 11, Marke Nr. 3 identisch, Ausf\u00fchrung als Fayence, H\u00f6he 14,2 cm, Breite 13 cm<\/p>\n<p><a href=\"http:\/\/museumek.eu\/wp-content\/uploads\/2012\/06\/Museum-Europ\u00e4ischer-Keramikkunst-2218.jpg\"><img loading=\"lazy\" src=\"http:\/\/museumek.eu\/wp-content\/uploads\/2012\/06\/Museum-Europ\u00e4ischer-Keramikkunst-2218-238x300.jpg\" alt=\"\" title=\"Museum Europ\u00e4ischer Keramikkunst 2218\" width=\"238\" height=\"300\" class=\"alignnone size-medium wp-image-10623\" srcset=\"http:\/\/museumek.eu\/wp-content\/uploads\/2012\/06\/Museum-Europ\u00e4ischer-Keramikkunst-2218-238x300.jpg 238w, http:\/\/museumek.eu\/wp-content\/uploads\/2012\/06\/Museum-Europ\u00e4ischer-Keramikkunst-2218.jpg 569w\" sizes=\"(max-width: 238px) 100vw, 238px\" \/><\/a><\/p>\n<p><a href=\"http:\/\/museumek.eu\/wp-content\/uploads\/2012\/06\/Museum-Europ\u00e4ischer-Keramikkunst-2219.jpg\"><img loading=\"lazy\" src=\"http:\/\/museumek.eu\/wp-content\/uploads\/2012\/06\/Museum-Europ\u00e4ischer-Keramikkunst-2219-300x227.jpg\" alt=\"\" title=\"Museum Europ\u00e4ischer Keramikkunst 2219\" width=\"300\" height=\"227\" class=\"alignnone size-medium wp-image-10624\" srcset=\"http:\/\/museumek.eu\/wp-content\/uploads\/2012\/06\/Museum-Europ\u00e4ischer-Keramikkunst-2219-300x227.jpg 300w, http:\/\/museumek.eu\/wp-content\/uploads\/2012\/06\/Museum-Europ\u00e4ischer-Keramikkunst-2219-395x300.jpg 395w, http:\/\/museumek.eu\/wp-content\/uploads\/2012\/06\/Museum-Europ\u00e4ischer-Keramikkunst-2219.jpg 666w\" sizes=\"(max-width: 300px) 100vw, 300px\" \/><\/a><\/p>\n","protected":false},"excerpt":{"rendered":"<p>Abteilung D\u00e4nemark, Keramik 1860 \u2013 1960, Inventarnummer D\u00e4\/III\/2 Beck &#038; Schou Fajencefabriken Aluminia und Kunglig dansk Porslinfabrik (Royal Copenhagen), D\u00e4nemark, Kobenhavn und Frederiksberg, 1905, Vase mit floralen Motiven, K\u00fcnstler unbekannt, Werks.-Nr. 201 (hier Dekor\/Modellnummer), Exemplar Nr. ohne, Formnummer\/Jahrnummer 311, Datierung: &hellip; <a href=\"http:\/\/museumek.eu\/?page_id=10622\">Weiterlesen <span class=\"meta-nav\">&rarr;<\/span><\/a><\/p>\n","protected":false},"author":1,"featured_media":0,"parent":6821,"menu_order":2,"comment_status":"closed","ping_status":"open","template":"","meta":[],"_links":{"self":[{"href":"http:\/\/museumek.eu\/index.php?rest_route=\/wp\/v2\/pages\/10622"}],"collection":[{"href":"http:\/\/museumek.eu\/index.php?rest_route=\/wp\/v2\/pages"}],"about":[{"href":"http:\/\/museumek.eu\/index.php?rest_route=\/wp\/v2\/types\/page"}],"author":[{"embeddable":true,"href":"http:\/\/museumek.eu\/index.php?rest_route=\/wp\/v2\/users\/1"}],"replies":[{"embeddable":true,"href":"http:\/\/museumek.eu\/index.php?rest_route=%2Fwp%2Fv2%2Fcomments&post=10622"}],"version-history":[{"count":6,"href":"http:\/\/museumek.eu\/index.php?rest_route=\/wp\/v2\/pages\/10622\/revisions"}],"predecessor-version":[{"id":23152,"href":"http:\/\/museumek.eu\/index.php?rest_route=\/wp\/v2\/pages\/10622\/revisions\/23152"}],"up":[{"embeddable":true,"href":"http:\/\/museumek.eu\/index.php?rest_route=\/wp\/v2\/pages\/6821"}],"wp:attachment":[{"href":"http:\/\/museumek.eu\/index.php?rest_route=%2Fwp%2Fv2%2Fmedia&parent=10622"}],"curies":[{"name":"wp","href":"https:\/\/api.w.org\/{rel}","templated":true}]}}