{"id":10664,"date":"2012-06-16T19:08:17","date_gmt":"2012-06-16T17:08:17","guid":{"rendered":"http:\/\/museumek.eu\/?page_id=10664"},"modified":"2015-08-02T18:32:13","modified_gmt":"2015-08-02T16:32:13","slug":"dxxii2","status":"publish","type":"page","link":"http:\/\/museumek.eu\/?page_id=10664","title":{"rendered":"D\/XXII\/2"},"content":{"rendered":"<p><strong>Abteilung Deutschland\/B\u00f6hmen, Keramik 1860 \u2013 1960, Inventarnummer D\/XXII\/2<\/strong><\/p>\n<p>W\u00fcrttembergische Metallwaren Fabrik AG, vormals Metallwarenfabrik Straub &#038; Sohn, vormals Metallwarenfabrik Straub &#038; Schweizer, Deutschland, Geislingen, um 1940, Vase mit Ochsenblutglasur, K\u00fcnstler Gerda Conitz (attr. ), Werks.-Nr. ohne, Exemplar Nr. ohne, gemarkt WMF (nicht lesbar) sowie Turmmarke (Ikoraserie) mit gegossen, nicht signiert, Literatur: Gisela Reineking von Bock, Meister der deutschen Keramik 1900 bis 1950, Seite 328, Marke Nr. 208 identisch, 1853 gr\u00fcndeten der M\u00fcller Daniel Straub zusammen mit den beiden Br\u00fcdern Louis und Friedrich Schweizer, beides gelernte Metalldreher in Geislingen eine Metallwarenfabrik, eine sogenannte Plaquefabrik, Firmierung Metallwarenfabrik Straub &#038; Schweizer, 1862 bis 1865 arbeitete Gottlieb Daimler als Konstrukteur f\u00fcr die Fabrik, 1866 schied Friedrich Schweizer und wahrscheinlich auch dessen Bruder Louis Schweizer aus der Fabrik aus, bekannt ist, dass zumindest Friedrich eine sehr hohe Abfindung erhielt, daf\u00fcr trat der Sohn von Daniel Straub, Heinrich Straub in die Fabrik ein, die Firmierung \u00e4nderte sich in Metallwarenfabrik Straub &#038; Sohn, 1880 fusionierte die Fabrik mit der Esslinger Metallwarenfabrik Ritter &#038; Co. und wurde AG, Firmierung W\u00fcrttembergische Metallwarenfabrik AG (WMF), am 09.09.1887 ging die WMF an die Stuttgarter B\u00f6rse, zuerst war die W\u00fcrttembergische Vereinsbank Mehrheitsaktion\u00e4r, gab die Mehrheitsanteile aber an den Stuttgarter Fabrikanten Gustav Siegle ab, dieser und seine Nachkommen blieben bis zum Jahre 1980 Mehrheitsaktion\u00e4r, 1912, in Zeiten stark steigender Fleischpreise, gab die WMF gekauften Fisch zum Selbstkostenpreis an die eigenen Mitarbeiter ab, daf\u00fcr wurde eigens ein Geb\u00e4ude errichtet, die sogenannte Fischhalle, in der noch heute der Werksverkauf stattfindet, von 1936 bis 1945 hatte die WMF auch eine eigene keramische Abteilung, diese wurde von Gerda Conitz, die vorher bei der Staatlichen Majolikamanufaktur Karlsruhe gearbeitet hatte geleitet, Conitz entwarf verschiedene Glasuren, von der die Ochsenblutglasur die bekannteste ist, ab ca. 1950 bis in die 1960\u2018 Jahre entwarf Wilhelm Wagenfeld f\u00fcr die WMF und in vergangenen Zeiten entwarfen verschiedene ber\u00fchmte K\u00fcnstler f\u00fcr die WMF, die Fabrik existiert noch heute, K\u00fcnstlerzuschreibung: Gerda Conitz war von 1936 bis zur Schlie\u00dfung 1945 Leiterin der keramischen Abteilung der WMF und entwickelte diese Glasuren f\u00fcr WMF,  H\u00f6he 12,2 cm, Breite 8 cm<\/p>\n<p><a href=\"http:\/\/museumek.eu\/wp-content\/uploads\/2012\/06\/Museum-Europ\u00e4ischer-Keramikkunst-2447.jpg\"><img loading=\"lazy\" src=\"http:\/\/museumek.eu\/wp-content\/uploads\/2012\/06\/Museum-Europ\u00e4ischer-Keramikkunst-2447-211x300.jpg\" alt=\"\" title=\"Museum Europ\u00e4ischer Keramikkunst 2447\" width=\"211\" height=\"300\" class=\"alignnone size-medium wp-image-10665\" srcset=\"http:\/\/museumek.eu\/wp-content\/uploads\/2012\/06\/Museum-Europ\u00e4ischer-Keramikkunst-2447-211x300.jpg 211w, http:\/\/museumek.eu\/wp-content\/uploads\/2012\/06\/Museum-Europ\u00e4ischer-Keramikkunst-2447.jpg 605w\" sizes=\"(max-width: 211px) 100vw, 211px\" \/><\/a><\/p>\n<p><a href=\"http:\/\/museumek.eu\/wp-content\/uploads\/2012\/06\/Museum-Europ\u00e4ischer-Keramikkunst-24481.jpg\"><img loading=\"lazy\" src=\"http:\/\/museumek.eu\/wp-content\/uploads\/2012\/06\/Museum-Europ\u00e4ischer-Keramikkunst-24481-226x300.jpg\" alt=\"\" title=\"Museum Europ\u00e4ischer Keramikkunst 2448\" width=\"226\" height=\"300\" class=\"alignnone size-medium wp-image-10667\" srcset=\"http:\/\/museumek.eu\/wp-content\/uploads\/2012\/06\/Museum-Europ\u00e4ischer-Keramikkunst-24481-226x300.jpg 226w, http:\/\/museumek.eu\/wp-content\/uploads\/2012\/06\/Museum-Europ\u00e4ischer-Keramikkunst-24481.jpg 336w\" sizes=\"(max-width: 226px) 100vw, 226px\" \/><\/a><\/p>\n","protected":false},"excerpt":{"rendered":"<p>Abteilung Deutschland\/B\u00f6hmen, Keramik 1860 \u2013 1960, Inventarnummer D\/XXII\/2 W\u00fcrttembergische Metallwaren Fabrik AG, vormals Metallwarenfabrik Straub &#038; Sohn, vormals Metallwarenfabrik Straub &#038; Schweizer, Deutschland, Geislingen, um 1940, Vase mit Ochsenblutglasur, K\u00fcnstler Gerda Conitz (attr. ), Werks.-Nr. ohne, Exemplar Nr. ohne, gemarkt &hellip; <a href=\"http:\/\/museumek.eu\/?page_id=10664\">Weiterlesen <span class=\"meta-nav\">&rarr;<\/span><\/a><\/p>\n","protected":false},"author":1,"featured_media":0,"parent":5335,"menu_order":2,"comment_status":"closed","ping_status":"open","template":"","meta":[],"_links":{"self":[{"href":"http:\/\/museumek.eu\/index.php?rest_route=\/wp\/v2\/pages\/10664"}],"collection":[{"href":"http:\/\/museumek.eu\/index.php?rest_route=\/wp\/v2\/pages"}],"about":[{"href":"http:\/\/museumek.eu\/index.php?rest_route=\/wp\/v2\/types\/page"}],"author":[{"embeddable":true,"href":"http:\/\/museumek.eu\/index.php?rest_route=\/wp\/v2\/users\/1"}],"replies":[{"embeddable":true,"href":"http:\/\/museumek.eu\/index.php?rest_route=%2Fwp%2Fv2%2Fcomments&post=10664"}],"version-history":[{"count":4,"href":"http:\/\/museumek.eu\/index.php?rest_route=\/wp\/v2\/pages\/10664\/revisions"}],"predecessor-version":[{"id":43168,"href":"http:\/\/museumek.eu\/index.php?rest_route=\/wp\/v2\/pages\/10664\/revisions\/43168"}],"up":[{"embeddable":true,"href":"http:\/\/museumek.eu\/index.php?rest_route=\/wp\/v2\/pages\/5335"}],"wp:attachment":[{"href":"http:\/\/museumek.eu\/index.php?rest_route=%2Fwp%2Fv2%2Fmedia&parent=10664"}],"curies":[{"name":"wp","href":"https:\/\/api.w.org\/{rel}","templated":true}]}}