{"id":1134,"date":"2011-08-15T00:36:55","date_gmt":"2011-08-14T22:36:55","guid":{"rendered":"http:\/\/museumek.eu\/?page_id=1134"},"modified":"2013-05-07T00:41:51","modified_gmt":"2013-05-06T22:41:51","slug":"axv7","status":"publish","type":"page","link":"http:\/\/museumek.eu\/?page_id=1134","title":{"rendered":"A\/XV\/7"},"content":{"rendered":"<p><strong>Abteilung Austria\/Ungarn\/B\u00f6hmen, Keramik 1860 \u2013 1960, Inventarnummer A\/XV\/7<\/strong><\/p>\n<p>Joh. Maresch Thon- und Steingutwaaren oder Nachf. (ab 1891) Ferdinand Maresch Kunstterracotten- Siderolith- und Majolikafabrik, B\u00f6hmen\/Austria, Aussig\/\u00dasti nad Labem, um 1863\/1864, Wandteller Relief Mann, K\u00fcnstler unbekannt, Werks.-Nr. 96, Exemplar Nr. ohne, gemarkt Firmenmarke mit JM (f\u00fcr Johann Maresch) sowie 96 gepresst, Handschriftliche Bezeichnungen\/Signaturen unter Glasur, nicht signiert, Literatur: Volker M\u00f6lle Riessner, Amphora, Die Porzellan- und Keramikmanufaktur in Nord-B\u00f6hmen, Seite 190, Beschreibung der Maresch\u2018schen Fabriken sowie Seite 196, Marke Nr. 56 identisch, Adolph B\u00e4r gr\u00fcndete um 1841 eine Keramikfabrik und firmierte als Adolph B\u00e4r, Terralith, 1851 \u00dcbergang in B\u00e4r &#038; Maresch mit den Inhabern Wilhelmine B\u00e4r und Johann Maresch, 1863 \u00dcbergang auf Johann Maresch und Firmierung als Joh. Maresch Thon- und Steingutwaaren, 1891 \u00dcbergang auf Ferdinand Maresch und Firmierung als Ferdinand Maresch Kunstterracotten- Siderolith- und Majolikafabrik, 1942 \u00dcbergang auf eine Kommanditgesellschaft und Firmierung als Ferd. Maresch Kommanditgesellschaft, um 1951 wohl Betriebsschlie\u00dfung oder Enteignung, die Kreismarke neben dem JM tritt mal ohne Inhalt und mal mit einer nicht gedeuteten Einpressung auf, manchmal fehlt sie oder wird durch eine Blumenst\u00f6ckl \u00e4hnliche Pressung ersetzt, im MEK Inventar gibt es alle 3 Varianten, siehe Porzellanmarken \u2013 Keramikmarken Verzeichnis, es ist davon auszugehen, dass die bereits von Johann Maresch benutzte Firmenmarke JM, nach dem Fabrik\u00fcbergang auf Ferdinand Maresch, von diesem weiter verwendet worden ist, auf Grund der fr\u00fchen Werks.-Nr. ordnet das MEK den Wandteller der Zeit um 1863\/1864 zu, siehe auch MEK A\/XV\/8 Pedant dieses Tellers, Durchmesser 23 cm<\/p>\n<p><a href=\"http:\/\/museumek.eu\/wp-content\/uploads\/2011\/08\/Museum-Europ\u00e4ischer-Keramikkunst-Qualit\u00e4tsfotos-209.jpg\"><img loading=\"lazy\" src=\"http:\/\/museumek.eu\/wp-content\/uploads\/2011\/08\/Museum-Europ\u00e4ischer-Keramikkunst-Qualit\u00e4tsfotos-209-300x295.jpg\" alt=\"\" title=\"Museum Europ\u00e4ischer Keramikkunst Qualit\u00e4tsfotos 209\" width=\"300\" height=\"295\" class=\"alignnone size-medium wp-image-1135\" srcset=\"http:\/\/museumek.eu\/wp-content\/uploads\/2011\/08\/Museum-Europ\u00e4ischer-Keramikkunst-Qualit\u00e4tsfotos-209-300x295.jpg 300w, http:\/\/museumek.eu\/wp-content\/uploads\/2011\/08\/Museum-Europ\u00e4ischer-Keramikkunst-Qualit\u00e4tsfotos-209-304x300.jpg 304w, http:\/\/museumek.eu\/wp-content\/uploads\/2011\/08\/Museum-Europ\u00e4ischer-Keramikkunst-Qualit\u00e4tsfotos-209.jpg 722w\" sizes=\"(max-width: 300px) 100vw, 300px\" \/><\/a><\/p>\n<p><a href=\"http:\/\/museumek.eu\/wp-content\/uploads\/2011\/08\/Museum-Europ\u00e4ischer-Keramikkunst-600.jpg\"><img loading=\"lazy\" src=\"http:\/\/museumek.eu\/wp-content\/uploads\/2011\/08\/Museum-Europ\u00e4ischer-Keramikkunst-600-204x300.jpg\" alt=\"\" title=\"Museum Europ\u00e4ischer Keramikkunst 600\" width=\"204\" height=\"300\" class=\"alignnone size-medium wp-image-1136\" srcset=\"http:\/\/museumek.eu\/wp-content\/uploads\/2011\/08\/Museum-Europ\u00e4ischer-Keramikkunst-600-204x300.jpg 204w, http:\/\/museumek.eu\/wp-content\/uploads\/2011\/08\/Museum-Europ\u00e4ischer-Keramikkunst-600.jpg 252w\" sizes=\"(max-width: 204px) 100vw, 204px\" \/><\/a><\/p>\n<p><a href=\"http:\/\/museumek.eu\/wp-content\/uploads\/2011\/08\/Museum-Europ\u00e4ischer-Keramikkunst-599.jpg\"><img loading=\"lazy\" src=\"http:\/\/museumek.eu\/wp-content\/uploads\/2011\/08\/Museum-Europ\u00e4ischer-Keramikkunst-599-216x300.jpg\" alt=\"\" title=\"Museum Europ\u00e4ischer Keramikkunst 599\" width=\"216\" height=\"300\" class=\"alignnone size-medium wp-image-1137\" srcset=\"http:\/\/museumek.eu\/wp-content\/uploads\/2011\/08\/Museum-Europ\u00e4ischer-Keramikkunst-599-216x300.jpg 216w, http:\/\/museumek.eu\/wp-content\/uploads\/2011\/08\/Museum-Europ\u00e4ischer-Keramikkunst-599.jpg 367w\" sizes=\"(max-width: 216px) 100vw, 216px\" \/><\/a><\/p>\n","protected":false},"excerpt":{"rendered":"<p>Abteilung Austria\/Ungarn\/B\u00f6hmen, Keramik 1860 \u2013 1960, Inventarnummer A\/XV\/7 Joh. Maresch Thon- und Steingutwaaren oder Nachf. (ab 1891) Ferdinand Maresch Kunstterracotten- Siderolith- und Majolikafabrik, B\u00f6hmen\/Austria, Aussig\/\u00dasti nad Labem, um 1863\/1864, Wandteller Relief Mann, K\u00fcnstler unbekannt, Werks.-Nr. 96, Exemplar Nr. ohne, gemarkt &hellip; <a href=\"http:\/\/museumek.eu\/?page_id=1134\">Weiterlesen <span class=\"meta-nav\">&rarr;<\/span><\/a><\/p>\n","protected":false},"author":1,"featured_media":0,"parent":1097,"menu_order":7,"comment_status":"closed","ping_status":"closed","template":"","meta":[],"_links":{"self":[{"href":"http:\/\/museumek.eu\/index.php?rest_route=\/wp\/v2\/pages\/1134"}],"collection":[{"href":"http:\/\/museumek.eu\/index.php?rest_route=\/wp\/v2\/pages"}],"about":[{"href":"http:\/\/museumek.eu\/index.php?rest_route=\/wp\/v2\/types\/page"}],"author":[{"embeddable":true,"href":"http:\/\/museumek.eu\/index.php?rest_route=\/wp\/v2\/users\/1"}],"replies":[{"embeddable":true,"href":"http:\/\/museumek.eu\/index.php?rest_route=%2Fwp%2Fv2%2Fcomments&post=1134"}],"version-history":[{"count":4,"href":"http:\/\/museumek.eu\/index.php?rest_route=\/wp\/v2\/pages\/1134\/revisions"}],"predecessor-version":[{"id":21492,"href":"http:\/\/museumek.eu\/index.php?rest_route=\/wp\/v2\/pages\/1134\/revisions\/21492"}],"up":[{"embeddable":true,"href":"http:\/\/museumek.eu\/index.php?rest_route=\/wp\/v2\/pages\/1097"}],"wp:attachment":[{"href":"http:\/\/museumek.eu\/index.php?rest_route=%2Fwp%2Fv2%2Fmedia&parent=1134"}],"curies":[{"name":"wp","href":"https:\/\/api.w.org\/{rel}","templated":true}]}}

<p><strong>Abteilung Austria/Ungarn/Böhmen, Keramik 1860 – 1960, Inventarnummer A/XV/7</strong></p>
<p>Joh. Maresch Thon- und Steingutwaaren oder Nachf. (ab 1891) Ferdinand Maresch Kunstterracotten- Siderolith- und Majolikafabrik, Böhmen/Austria, Aussig/Ústi nad Labem, um 1863/1864, Wandteller Relief Mann, Künstler unbekannt, Werks.-Nr. 96, Exemplar Nr. ohne, gemarkt Firmenmarke mit JM (für Johann Maresch) sowie 96 gepresst, Handschriftliche Bezeichnungen/Signaturen unter Glasur, nicht signiert, Literatur: Volker Mölle Riessner, Amphora, Die Porzellan- und Keramikmanufaktur in Nord-Böhmen, Seite 190, Beschreibung der Maresch‘schen Fabriken sowie Seite 196, Marke Nr. 56 identisch, Adolph Bär gründete um 1841 eine Keramikfabrik und firmierte als Adolph Bär, Terralith, 1851 Übergang in Bär &#038; Maresch mit den Inhabern Wilhelmine Bär und Johann Maresch, 1863 Übergang auf Johann Maresch und Firmierung als Joh. Maresch Thon- und Steingutwaaren, 1891 Übergang auf Ferdinand Maresch und Firmierung als Ferdinand Maresch Kunstterracotten- Siderolith- und Majolikafabrik, 1942 Übergang auf eine Kommanditgesellschaft und Firmierung als Ferd. Maresch Kommanditgesellschaft, um 1951 wohl Betriebsschließung oder Enteignung, die Kreismarke neben dem JM tritt mal ohne Inhalt und mal mit einer nicht gedeuteten Einpressung auf, manchmal fehlt sie oder wird durch eine Blumenstöckl ähnliche Pressung ersetzt, im MEK Inventar gibt es alle 3 Varianten, siehe Porzellanmarken – Keramikmarken Verzeichnis, es ist davon auszugehen, dass die bereits von Johann Maresch benutzte Firmenmarke JM, nach dem Fabrikübergang auf Ferdinand Maresch, von diesem weiter verwendet worden ist, auf Grund der frühen Werks.-Nr. ordnet das MEK den Wandteller der Zeit um 1863/1864 zu, siehe auch MEK A/XV/8 Pedant dieses Tellers, Durchmesser 23 cm</p>
<p><a href="http://museumek.eu/wp-content/uploads/2011/08/Museum-Europäischer-Keramikkunst-Qualitätsfotos-209.jpg"><img loading="lazy" src="http://museumek.eu/wp-content/uploads/2011/08/Museum-Europäischer-Keramikkunst-Qualitätsfotos-209-300x295.jpg" alt="" title="Museum Europäischer Keramikkunst Qualitätsfotos 209" width="300" height="295" class="alignnone size-medium wp-image-1135" srcset="http://museumek.eu/wp-content/uploads/2011/08/Museum-Europäischer-Keramikkunst-Qualitätsfotos-209-300x295.jpg 300w, http://museumek.eu/wp-content/uploads/2011/08/Museum-Europäischer-Keramikkunst-Qualitätsfotos-209-304x300.jpg 304w, http://museumek.eu/wp-content/uploads/2011/08/Museum-Europäischer-Keramikkunst-Qualitätsfotos-209.jpg 722w" sizes="(max-width: 300px) 100vw, 300px" /></a></p>
<p><a href="http://museumek.eu/wp-content/uploads/2011/08/Museum-Europäischer-Keramikkunst-600.jpg"><img loading="lazy" src="http://museumek.eu/wp-content/uploads/2011/08/Museum-Europäischer-Keramikkunst-600-204x300.jpg" alt="" title="Museum Europäischer Keramikkunst 600" width="204" height="300" class="alignnone size-medium wp-image-1136" srcset="http://museumek.eu/wp-content/uploads/2011/08/Museum-Europäischer-Keramikkunst-600-204x300.jpg 204w, http://museumek.eu/wp-content/uploads/2011/08/Museum-Europäischer-Keramikkunst-600.jpg 252w" sizes="(max-width: 204px) 100vw, 204px" /></a></p>
<p><a href="http://museumek.eu/wp-content/uploads/2011/08/Museum-Europäischer-Keramikkunst-599.jpg"><img loading="lazy" src="http://museumek.eu/wp-content/uploads/2011/08/Museum-Europäischer-Keramikkunst-599-216x300.jpg" alt="" title="Museum Europäischer Keramikkunst 599" width="216" height="300" class="alignnone size-medium wp-image-1137" srcset="http://museumek.eu/wp-content/uploads/2011/08/Museum-Europäischer-Keramikkunst-599-216x300.jpg 216w, http://museumek.eu/wp-content/uploads/2011/08/Museum-Europäischer-Keramikkunst-599.jpg 367w" sizes="(max-width: 216px) 100vw, 216px" /></a></p>

<p>Abteilung Austria/Ungarn/Böhmen, Keramik 1860 – 1960, Inventarnummer A/XV/7 Joh. Maresch Thon- und Steingutwaaren oder Nachf. (ab 1891) Ferdinand Maresch Kunstterracotten- Siderolith- und Majolikafabrik, Böhmen/Austria, Aussig/Ústi nad Labem, um 1863/1864, Wandteller Relief Mann, Künstler unbekannt, Werks.-Nr. 96, Exemplar Nr. ohne, gemarkt &hellip; <a href="http://museumek.eu/?page_id=1134">Weiterlesen <span class="meta-nav">&rarr;</span></a></p>
