{"id":11703,"date":"2012-07-13T22:47:34","date_gmt":"2012-07-13T20:47:34","guid":{"rendered":"http:\/\/museumek.eu\/?page_id=11703"},"modified":"2012-07-13T23:21:54","modified_gmt":"2012-07-13T21:21:54","slug":"fotos-und-beschreibung","status":"publish","type":"page","link":"http:\/\/museumek.eu\/?page_id=11703","title":{"rendered":"Fotos und Beschreibung"},"content":{"rendered":"<p><strong>Abteilung Frankreich, Keramik 1860 \u2013 1960, Inventarnummer F\/XXIV\/1<\/strong><\/p>\n<p>Manufaktur Eug\u00e8ne Lion, Frankreich, Saint-Amand-en-Puisaye, Vase mit kristalliner Laufglasur, um 1900, K\u00fcnstler Eug\u00e8ne Lion, Werksnummer ohne, Exemplar Nr. Unikat, gemarkt Lion geritzt, signiert = gemarkt, Literatur: Edgar Pelichet, Jugendstilkeramik, Seite 96, Beschreibung der Manufaktur, weitere Literatur: Kunstgewerbemuseum der Stadt K\u00f6ln, Sammlung Gertrud u. Dr. Karl Funke-Kaiser, Keramik vom Historismus bis zur Gegenwart, Seite 396, Marke Nr. 40 identisch, weitere Literatur: Hessisches Landesmuseum Darmstadt, Sammlung Silzer, Europ\u00e4ische Keramik 1880 \u2013 1930, Seite 124, Beschreibung der Manufaktur, Seite 211, Marke Nr. 135 identisch, siehe auch Auktionshaus Quittenbaum, Auktion 95, Teil 1, vom 03.05.2011, Jugendstil &#8211; Art D\u00e9co \u2013 Moderne Kunst, Lot Nr. 375, kleinere Vase von Eug\u00e8ne Lion mit kristalliner Laufglasur, H\u00f6he 19,5 cm, Breite 14,5 cm<\/p>\n<p><a href=\"http:\/\/museumek.eu\/wp-content\/uploads\/2012\/07\/Museum-Europ\u00e4ischer-Keramikkunst-2159.jpg\"><img loading=\"lazy\" src=\"http:\/\/museumek.eu\/wp-content\/uploads\/2012\/07\/Museum-Europ\u00e4ischer-Keramikkunst-2159-240x300.jpg\" alt=\"\" title=\"Museum Europ\u00e4ischer Keramikkunst 2159\" width=\"240\" height=\"300\" class=\"alignnone size-medium wp-image-11693\" srcset=\"http:\/\/museumek.eu\/wp-content\/uploads\/2012\/07\/Museum-Europ\u00e4ischer-Keramikkunst-2159-240x300.jpg 240w, http:\/\/museumek.eu\/wp-content\/uploads\/2012\/07\/Museum-Europ\u00e4ischer-Keramikkunst-2159.jpg 686w\" sizes=\"(max-width: 240px) 100vw, 240px\" \/><\/a><\/p>\n<p><a href=\"http:\/\/museumek.eu\/wp-content\/uploads\/2012\/07\/Museum-Europ\u00e4ischer-Keramikkunst-2160.jpg\"><img loading=\"lazy\" src=\"http:\/\/museumek.eu\/wp-content\/uploads\/2012\/07\/Museum-Europ\u00e4ischer-Keramikkunst-2160-300x224.jpg\" alt=\"\" title=\"Museum Europ\u00e4ischer Keramikkunst 2160\" width=\"300\" height=\"224\" class=\"alignnone size-medium wp-image-11694\" srcset=\"http:\/\/museumek.eu\/wp-content\/uploads\/2012\/07\/Museum-Europ\u00e4ischer-Keramikkunst-2160-300x224.jpg 300w, http:\/\/museumek.eu\/wp-content\/uploads\/2012\/07\/Museum-Europ\u00e4ischer-Keramikkunst-2160-401x300.jpg 401w, http:\/\/museumek.eu\/wp-content\/uploads\/2012\/07\/Museum-Europ\u00e4ischer-Keramikkunst-2160.jpg 672w\" sizes=\"(max-width: 300px) 100vw, 300px\" \/><\/a><\/p>\n<p><a href=\"http:\/\/museumek.eu\/wp-content\/uploads\/2012\/07\/Z-Lion-Quittenbaum.jpg\"><img loading=\"lazy\" src=\"http:\/\/museumek.eu\/wp-content\/uploads\/2012\/07\/Z-Lion-Quittenbaum-300x138.jpg\" alt=\"\" title=\"Z Lion Quittenbaum\" width=\"300\" height=\"138\" class=\"alignnone size-medium wp-image-11697\" srcset=\"http:\/\/museumek.eu\/wp-content\/uploads\/2012\/07\/Z-Lion-Quittenbaum-300x138.jpg 300w, http:\/\/museumek.eu\/wp-content\/uploads\/2012\/07\/Z-Lion-Quittenbaum-500x231.jpg 500w, http:\/\/museumek.eu\/wp-content\/uploads\/2012\/07\/Z-Lion-Quittenbaum.jpg 543w\" sizes=\"(max-width: 300px) 100vw, 300px\" \/><\/a><\/p>\n<p><strong>Abteilung Frankreich, Keramik 1860 \u2013 1960, Inventarnummer F\/XXIV\/2<\/strong><\/p>\n<p>Manufaktur Eug\u00e8ne Lion, Frankreich, Saint-Amand-en-Puisaye, Krug mit Rillendekor und Laufglasur, um 1900, K\u00fcnstler Eug\u00e8ne Lion, Werksnummer ohne, Exemplar Nr. Unikat, gemarkt Lion geritzt, signiert = gemarkt, Literatur: Edgar Pelichet, Jugendstilkeramik, Seite 96, Beschreibung der Manufaktur, weitere Literatur: Kunstgewerbemuseum der Stadt K\u00f6ln, Sammlung Gertrud u. Dr. Karl Funke-Kaiser, Keramik vom Historismus bis zur Gegenwart, Seite 396, Marke Nr. 40 identisch, weitere Literatur: Hessisches Landesmuseum Darmstadt, Sammlung Silzer, Europ\u00e4ische Keramik 1880 \u2013 1930, Seite 124, Beschreibung der Manufaktur, Seite 211, Marke Nr. 135 identisch,<br \/>\nH\u00f6he 18 cm, Breite 16,5 cm<\/p>\n<p><a href=\"http:\/\/museumek.eu\/wp-content\/uploads\/2012\/07\/Museum-Europ\u00e4ischer-Keramikkunst-2216.jpg\"><img loading=\"lazy\" src=\"http:\/\/museumek.eu\/wp-content\/uploads\/2012\/07\/Museum-Europ\u00e4ischer-Keramikkunst-2216-256x300.jpg\" alt=\"\" title=\"Museum Europ\u00e4ischer Keramikkunst 2216\" width=\"256\" height=\"300\" class=\"alignnone size-medium wp-image-11714\" srcset=\"http:\/\/museumek.eu\/wp-content\/uploads\/2012\/07\/Museum-Europ\u00e4ischer-Keramikkunst-2216-256x300.jpg 256w, http:\/\/museumek.eu\/wp-content\/uploads\/2012\/07\/Museum-Europ\u00e4ischer-Keramikkunst-2216.jpg 699w\" sizes=\"(max-width: 256px) 100vw, 256px\" \/><\/a><\/p>\n<p><a href=\"http:\/\/museumek.eu\/wp-content\/uploads\/2012\/07\/Museum-Europ\u00e4ischer-Keramikkunst-2217.jpg\"><img loading=\"lazy\" src=\"http:\/\/museumek.eu\/wp-content\/uploads\/2012\/07\/Museum-Europ\u00e4ischer-Keramikkunst-2217-300x183.jpg\" alt=\"\" title=\"Museum Europ\u00e4ischer Keramikkunst 2217\" width=\"300\" height=\"183\" class=\"alignnone size-medium wp-image-11715\" srcset=\"http:\/\/museumek.eu\/wp-content\/uploads\/2012\/07\/Museum-Europ\u00e4ischer-Keramikkunst-2217-300x183.jpg 300w, http:\/\/museumek.eu\/wp-content\/uploads\/2012\/07\/Museum-Europ\u00e4ischer-Keramikkunst-2217-490x300.jpg 490w, http:\/\/museumek.eu\/wp-content\/uploads\/2012\/07\/Museum-Europ\u00e4ischer-Keramikkunst-2217.jpg 563w\" sizes=\"(max-width: 300px) 100vw, 300px\" \/><\/a><\/p>\n","protected":false},"excerpt":{"rendered":"<p>Abteilung Frankreich, Keramik 1860 \u2013 1960, Inventarnummer F\/XXIV\/1 Manufaktur Eug\u00e8ne Lion, Frankreich, Saint-Amand-en-Puisaye, Vase mit kristalliner Laufglasur, um 1900, K\u00fcnstler Eug\u00e8ne Lion, Werksnummer ohne, Exemplar Nr. Unikat, gemarkt Lion geritzt, signiert = gemarkt, Literatur: Edgar Pelichet, Jugendstilkeramik, Seite 96, Beschreibung &hellip; <a href=\"http:\/\/museumek.eu\/?page_id=11703\">Weiterlesen <span class=\"meta-nav\">&rarr;<\/span><\/a><\/p>\n","protected":false},"author":1,"featured_media":0,"parent":11700,"menu_order":1,"comment_status":"closed","ping_status":"open","template":"","meta":[],"_links":{"self":[{"href":"http:\/\/museumek.eu\/index.php?rest_route=\/wp\/v2\/pages\/11703"}],"collection":[{"href":"http:\/\/museumek.eu\/index.php?rest_route=\/wp\/v2\/pages"}],"about":[{"href":"http:\/\/museumek.eu\/index.php?rest_route=\/wp\/v2\/types\/page"}],"author":[{"embeddable":true,"href":"http:\/\/museumek.eu\/index.php?rest_route=\/wp\/v2\/users\/1"}],"replies":[{"embeddable":true,"href":"http:\/\/museumek.eu\/index.php?rest_route=%2Fwp%2Fv2%2Fcomments&post=11703"}],"version-history":[{"count":3,"href":"http:\/\/museumek.eu\/index.php?rest_route=\/wp\/v2\/pages\/11703\/revisions"}],"predecessor-version":[{"id":11744,"href":"http:\/\/museumek.eu\/index.php?rest_route=\/wp\/v2\/pages\/11703\/revisions\/11744"}],"up":[{"embeddable":true,"href":"http:\/\/museumek.eu\/index.php?rest_route=\/wp\/v2\/pages\/11700"}],"wp:attachment":[{"href":"http:\/\/museumek.eu\/index.php?rest_route=%2Fwp%2Fv2%2Fmedia&parent=11703"}],"curies":[{"name":"wp","href":"https:\/\/api.w.org\/{rel}","templated":true}]}}