{"id":11774,"date":"2012-07-15T13:32:50","date_gmt":"2012-07-15T11:32:50","guid":{"rendered":"http:\/\/museumek.eu\/?page_id=11774"},"modified":"2013-04-20T01:06:39","modified_gmt":"2013-04-19T23:06:39","slug":"dviii11","status":"publish","type":"page","link":"http:\/\/museumek.eu\/?page_id=11774","title":{"rendered":"D\/VIII\/11"},"content":{"rendered":"<p><strong>Abteilung Deutschland, Keramik 1860 \u2013 1960, Inventarnummer D\/VIII\/11<\/strong><\/p>\n<p>Manufaktur Villeroy &#038; Boch, Deutschland, Mettlach, 1898, Karaffe mit floralem Dekor, K\u00fcnstler unbekannt, Werks.-Nr. ohne, Exemplar Nr. ohne, gemarkt Firmenmarke mit Merkur, Villeroy &#038; Boch sowie Mettlach gr\u00fcner Stempel unter Glasur, 17 rot gemalt, in gr\u00fcnem Ovalstempel Alex. Frank Georgplatz 14 K\u00f6ln a. Rh., (wohl Auftraggeber), nicht signiert, Literatur: Gary Kirsner, The Mettlach Book, Seite 18, Abbildung des Merkurstempels in der Verwendung von 1874 \u2013 ca. 1909, Seite 23, Erl\u00e4uterung des Datierungssystems, Zitat: \u201eWenn das 10-Zackensystem benutzt wird und es die gesamte L\u00e4nge des Halbkreises ausf\u00fcllt, dann sind die Jahre 1891 \u2013 1899 jeweils mit den Punkten 1 bis 9, von der rechten Seite beginnend, dargestellt. Die Jahre 1901 bis 1909 beginnen mit 1 bis 9 Punkten, meist von der linken Seite (gelegentlich jedoch, zweideutiger Weise von rechts). Die Jahre 1890 und 1900 haben beide das vollst\u00e4ndige Bild von 10 Punkten und sind daher nicht zu unterscheiden. Im Jahre 1910 gab es keine Merkurmarke\u201c. (Zu diesem Datierungssystem steht folgende Literatur im Widerspruch: J. G. Th. Graesse und E. Jaennicke, F\u00fchrer f\u00fcr Sammler von Porzellan und Fayence, Steinzeug, Steingut usw., Seite 129, Marken Nr. 17 und 18, Zitat: \u201e1881 \u2013 1886 wurden zur Feststellung der Jahrg\u00e4nge Zacken entfernt, und zwar von links nach rechts. Beispiel 1884: 4 Zacken links blieben stehen, die anderen 8 wurden abgeschnitten. Von 1893 \u2013 1904 wurde umgekehrt verfahren\u201c), das MEK schlie\u00dft sich in seiner Datierung, dem zeitlich j\u00fcngeren Datierungszitat der Literatur \u201eThe Mettlach Book\u201c an, weitere Literatur: Jana Kybalov\u00e1, Keramik-Marken aus aller Welt, Marke Nr. 1668 identisch,<br \/>\nH\u00f6he 23 cm, Breite 15,5 cm<\/p>\n<p><a href=\"http:\/\/museumek.eu\/wp-content\/uploads\/2012\/07\/Museum-Europ\u00e4ischer-Keramikkunst-2184.jpg\"><img loading=\"lazy\" src=\"http:\/\/museumek.eu\/wp-content\/uploads\/2012\/07\/Museum-Europ\u00e4ischer-Keramikkunst-2184-205x300.jpg\" alt=\"\" title=\"Museum Europ\u00e4ischer Keramikkunst 2184\" width=\"205\" height=\"300\" class=\"alignnone size-medium wp-image-11775\" srcset=\"http:\/\/museumek.eu\/wp-content\/uploads\/2012\/07\/Museum-Europ\u00e4ischer-Keramikkunst-2184-205x300.jpg 205w, http:\/\/museumek.eu\/wp-content\/uploads\/2012\/07\/Museum-Europ\u00e4ischer-Keramikkunst-2184.jpg 564w\" sizes=\"(max-width: 205px) 100vw, 205px\" \/><\/a><\/p>\n<p><a href=\"http:\/\/museumek.eu\/wp-content\/uploads\/2012\/07\/Museum-Europ\u00e4ischer-Keramikkunst-2185.jpg\"><img loading=\"lazy\" src=\"http:\/\/museumek.eu\/wp-content\/uploads\/2012\/07\/Museum-Europ\u00e4ischer-Keramikkunst-2185-288x300.jpg\" alt=\"\" title=\"Museum Europ\u00e4ischer Keramikkunst 2185\" width=\"288\" height=\"300\" class=\"alignnone size-medium wp-image-11776\" srcset=\"http:\/\/museumek.eu\/wp-content\/uploads\/2012\/07\/Museum-Europ\u00e4ischer-Keramikkunst-2185-288x300.jpg 288w, http:\/\/museumek.eu\/wp-content\/uploads\/2012\/07\/Museum-Europ\u00e4ischer-Keramikkunst-2185.jpg 625w\" sizes=\"(max-width: 288px) 100vw, 288px\" \/><\/a><\/p>\n","protected":false},"excerpt":{"rendered":"<p>Abteilung Deutschland, Keramik 1860 \u2013 1960, Inventarnummer D\/VIII\/11 Manufaktur Villeroy &#038; Boch, Deutschland, Mettlach, 1898, Karaffe mit floralem Dekor, K\u00fcnstler unbekannt, Werks.-Nr. ohne, Exemplar Nr. ohne, gemarkt Firmenmarke mit Merkur, Villeroy &#038; Boch sowie Mettlach gr\u00fcner Stempel unter Glasur, 17 &hellip; <a href=\"http:\/\/museumek.eu\/?page_id=11774\">Weiterlesen <span class=\"meta-nav\">&rarr;<\/span><\/a><\/p>\n","protected":false},"author":1,"featured_media":0,"parent":11771,"menu_order":11,"comment_status":"closed","ping_status":"open","template":"","meta":[],"_links":{"self":[{"href":"http:\/\/museumek.eu\/index.php?rest_route=\/wp\/v2\/pages\/11774"}],"collection":[{"href":"http:\/\/museumek.eu\/index.php?rest_route=\/wp\/v2\/pages"}],"about":[{"href":"http:\/\/museumek.eu\/index.php?rest_route=\/wp\/v2\/types\/page"}],"author":[{"embeddable":true,"href":"http:\/\/museumek.eu\/index.php?rest_route=\/wp\/v2\/users\/1"}],"replies":[{"embeddable":true,"href":"http:\/\/museumek.eu\/index.php?rest_route=%2Fwp%2Fv2%2Fcomments&post=11774"}],"version-history":[{"count":8,"href":"http:\/\/museumek.eu\/index.php?rest_route=\/wp\/v2\/pages\/11774\/revisions"}],"predecessor-version":[{"id":20024,"href":"http:\/\/museumek.eu\/index.php?rest_route=\/wp\/v2\/pages\/11774\/revisions\/20024"}],"up":[{"embeddable":true,"href":"http:\/\/museumek.eu\/index.php?rest_route=\/wp\/v2\/pages\/11771"}],"wp:attachment":[{"href":"http:\/\/museumek.eu\/index.php?rest_route=%2Fwp%2Fv2%2Fmedia&parent=11774"}],"curies":[{"name":"wp","href":"https:\/\/api.w.org\/{rel}","templated":true}]}}