{"id":11831,"date":"2012-07-15T16:45:58","date_gmt":"2012-07-15T14:45:58","guid":{"rendered":"http:\/\/museumek.eu\/?page_id=11831"},"modified":"2013-04-20T01:11:13","modified_gmt":"2013-04-19T23:11:13","slug":"dviii15","status":"publish","type":"page","link":"http:\/\/museumek.eu\/?page_id=11831","title":{"rendered":"D\/VIII\/15"},"content":{"rendered":"<p><strong>Abteilung Deutschland, Keramik 1860 \u2013 1960, Inventarnummer D\/VIII\/15<\/strong><\/p>\n<p>Manufaktur Villeroy &#038; Boch, Deutschland, Mettlach, Jahr 1908 und 1909, Punschbowle Burg Ehrenfels und Stadt Barrach am Rhein mit zugeh\u00f6rigem Abstellteller, K\u00fcnstler unbekannt, Daten der Bowle: Werks.-Nr. 1226 (Formnummer), Exemplar Nr. ohne, gemarkt Firmenmarke mit Turm, Mettlach sowie V B, Ges. Gesch., Reg.U.S. Pat. Off. (registriert beim US Patent B\u00fcro, bedeutet, dass der Artikel u. a. f\u00fcr den Export in die USA bestimmt war), 3037, I, 37 sowie 08 (Jahr 1908) gepresst, 1226 (Dekornummer) sowie Gesch\u00fctzt schwarze Stempel unter Glasur, Ausf\u00fchrung als PUG (print under glaze) Druck unter Glasur, 9 Liter Bowle, Daten des Abstelltellers: Werks.-Nr. 1315 (Formnummer), Exemplar Nr. ohne, gemarkt Firmenmarke mit Turm, Mettlach sowie V B, 3037, I, 26 sowie 09 (Jahr 1909) gepresst, zwei Striche rot gemalt, 1315 sowie Gesch\u00fctzt schwarze Stempel unter Glasur, nicht signiert, sehr interessante Bowle, da \u00e4hnliche Jugendstilelemente (siehe Peter Behrens Fliesen f\u00fcr Villeroy &#038; Boch) mit Trauben der Zwergenbowlen von Heinrich Schlitt in Zusammenhang mit Abbildungen der Burg Ehrenfels und der Stadt Barrach vereint worden sind, Literatur: Gary Kirsner, The Mettlach Book, Seite 23 ff., Datierungssystem, Seite 26, Erkl\u00e4rung Reg.U.S. Pat. Off., Seite 36, Datierungssystem der Dekornummer, Seite 323, Beschreibung der Bowle, Ehrenfels und Barrach am Rhein, 9 Liter sowie Seite 324, Abbildung der Bowle und des Abstelltellers, weitere Literatur: Jana Kybalov\u00e1, Keramik-Marken aus aller Welt, Marke Nr. 1643 identisch, H\u00f6he Bowle inclusive Deckel 35 cm, Breite Bowle 38 cm, Durchmesser Abstellteller 43,5 cm, Gesamth\u00f6he 37 cm<\/p>\n<p><a href=\"http:\/\/museumek.eu\/wp-content\/uploads\/2012\/07\/Museum-Europ\u00e4ischer-Keramikkunst-2365.jpg\"><img loading=\"lazy\" src=\"http:\/\/museumek.eu\/wp-content\/uploads\/2012\/07\/Museum-Europ\u00e4ischer-Keramikkunst-2365-259x300.jpg\" alt=\"\" title=\"Museum Europ\u00e4ischer Keramikkunst 2365\" width=\"259\" height=\"300\" class=\"alignnone size-medium wp-image-11832\" srcset=\"http:\/\/museumek.eu\/wp-content\/uploads\/2012\/07\/Museum-Europ\u00e4ischer-Keramikkunst-2365-259x300.jpg 259w, http:\/\/museumek.eu\/wp-content\/uploads\/2012\/07\/Museum-Europ\u00e4ischer-Keramikkunst-2365.jpg 629w\" sizes=\"(max-width: 259px) 100vw, 259px\" \/><\/a><\/p>\n<p><a href=\"http:\/\/museumek.eu\/wp-content\/uploads\/2012\/07\/Museum-Europ\u00e4ischer-Keramikkunst-2366.jpg\"><img loading=\"lazy\" src=\"http:\/\/museumek.eu\/wp-content\/uploads\/2012\/07\/Museum-Europ\u00e4ischer-Keramikkunst-2366-300x225.jpg\" alt=\"\" title=\"Museum Europ\u00e4ischer Keramikkunst 2366\" width=\"300\" height=\"225\" class=\"alignnone size-medium wp-image-11833\" srcset=\"http:\/\/museumek.eu\/wp-content\/uploads\/2012\/07\/Museum-Europ\u00e4ischer-Keramikkunst-2366-300x225.jpg 300w, http:\/\/museumek.eu\/wp-content\/uploads\/2012\/07\/Museum-Europ\u00e4ischer-Keramikkunst-2366-400x300.jpg 400w, http:\/\/museumek.eu\/wp-content\/uploads\/2012\/07\/Museum-Europ\u00e4ischer-Keramikkunst-2366.jpg 1024w\" sizes=\"(max-width: 300px) 100vw, 300px\" \/><\/a><\/p>\n<p><a href=\"http:\/\/museumek.eu\/wp-content\/uploads\/2012\/07\/Museum-Europ\u00e4ischer-Keramikkunst-2367.jpg\"><img loading=\"lazy\" src=\"http:\/\/museumek.eu\/wp-content\/uploads\/2012\/07\/Museum-Europ\u00e4ischer-Keramikkunst-2367-300x245.jpg\" alt=\"\" title=\"Museum Europ\u00e4ischer Keramikkunst 2367\" width=\"300\" height=\"245\" class=\"alignnone size-medium wp-image-11834\" srcset=\"http:\/\/museumek.eu\/wp-content\/uploads\/2012\/07\/Museum-Europ\u00e4ischer-Keramikkunst-2367-300x245.jpg 300w, http:\/\/museumek.eu\/wp-content\/uploads\/2012\/07\/Museum-Europ\u00e4ischer-Keramikkunst-2367-366x300.jpg 366w, http:\/\/museumek.eu\/wp-content\/uploads\/2012\/07\/Museum-Europ\u00e4ischer-Keramikkunst-2367.jpg 939w\" sizes=\"(max-width: 300px) 100vw, 300px\" \/><\/a><\/p>\n<p><a href=\"http:\/\/museumek.eu\/wp-content\/uploads\/2012\/07\/Museum-Europ\u00e4ischer-Keramikkunst-2368.jpg\"><img loading=\"lazy\" src=\"http:\/\/museumek.eu\/wp-content\/uploads\/2012\/07\/Museum-Europ\u00e4ischer-Keramikkunst-2368-269x300.jpg\" alt=\"\" title=\"Museum Europ\u00e4ischer Keramikkunst 2368\" width=\"269\" height=\"300\" class=\"alignnone size-medium wp-image-11835\" srcset=\"http:\/\/museumek.eu\/wp-content\/uploads\/2012\/07\/Museum-Europ\u00e4ischer-Keramikkunst-2368-269x300.jpg 269w, http:\/\/museumek.eu\/wp-content\/uploads\/2012\/07\/Museum-Europ\u00e4ischer-Keramikkunst-2368.jpg 656w\" sizes=\"(max-width: 269px) 100vw, 269px\" \/><\/a><\/p>\n<p><a href=\"http:\/\/museumek.eu\/wp-content\/uploads\/2012\/07\/Museum-Europ\u00e4ischer-Keramikkunst-2369.jpg\"><img loading=\"lazy\" src=\"http:\/\/museumek.eu\/wp-content\/uploads\/2012\/07\/Museum-Europ\u00e4ischer-Keramikkunst-2369-300x210.jpg\" alt=\"\" title=\"Museum Europ\u00e4ischer Keramikkunst 2369\" width=\"300\" height=\"210\" class=\"alignnone size-medium wp-image-11836\" srcset=\"http:\/\/museumek.eu\/wp-content\/uploads\/2012\/07\/Museum-Europ\u00e4ischer-Keramikkunst-2369-300x210.jpg 300w, http:\/\/museumek.eu\/wp-content\/uploads\/2012\/07\/Museum-Europ\u00e4ischer-Keramikkunst-2369-428x300.jpg 428w, http:\/\/museumek.eu\/wp-content\/uploads\/2012\/07\/Museum-Europ\u00e4ischer-Keramikkunst-2369.jpg 1012w\" sizes=\"(max-width: 300px) 100vw, 300px\" \/><\/a><\/p>\n<p><a href=\"http:\/\/museumek.eu\/wp-content\/uploads\/2012\/07\/Museum-Europ\u00e4ischer-Keramikkunst-2370.jpg\"><img loading=\"lazy\" src=\"http:\/\/museumek.eu\/wp-content\/uploads\/2012\/07\/Museum-Europ\u00e4ischer-Keramikkunst-2370-276x300.jpg\" alt=\"\" title=\"Museum Europ\u00e4ischer Keramikkunst 2370\" width=\"276\" height=\"300\" class=\"alignnone size-medium wp-image-11837\" srcset=\"http:\/\/museumek.eu\/wp-content\/uploads\/2012\/07\/Museum-Europ\u00e4ischer-Keramikkunst-2370-276x300.jpg 276w, http:\/\/museumek.eu\/wp-content\/uploads\/2012\/07\/Museum-Europ\u00e4ischer-Keramikkunst-2370.jpg 707w\" sizes=\"(max-width: 276px) 100vw, 276px\" \/><\/a><\/p>\n<p><strong>Marken der Bowle<\/strong><\/p>\n<p><a href=\"http:\/\/museumek.eu\/wp-content\/uploads\/2012\/07\/Museum-Europ\u00e4ischer-Keramikkunst-2374.jpg\"><img loading=\"lazy\" src=\"http:\/\/museumek.eu\/wp-content\/uploads\/2012\/07\/Museum-Europ\u00e4ischer-Keramikkunst-2374-267x300.jpg\" alt=\"\" title=\"Museum Europ\u00e4ischer Keramikkunst 2374\" width=\"267\" height=\"300\" class=\"alignnone size-medium wp-image-11838\" srcset=\"http:\/\/museumek.eu\/wp-content\/uploads\/2012\/07\/Museum-Europ\u00e4ischer-Keramikkunst-2374-267x300.jpg 267w, http:\/\/museumek.eu\/wp-content\/uploads\/2012\/07\/Museum-Europ\u00e4ischer-Keramikkunst-2374.jpg 568w\" sizes=\"(max-width: 267px) 100vw, 267px\" \/><\/a><\/p>\n<p><a href=\"http:\/\/museumek.eu\/wp-content\/uploads\/2012\/07\/Museum-Europ\u00e4ischer-Keramikkunst-2375.jpg\"><img loading=\"lazy\" src=\"http:\/\/museumek.eu\/wp-content\/uploads\/2012\/07\/Museum-Europ\u00e4ischer-Keramikkunst-2375-300x204.jpg\" alt=\"\" title=\"Museum Europ\u00e4ischer Keramikkunst 2375\" width=\"300\" height=\"204\" class=\"alignnone size-medium wp-image-11839\" srcset=\"http:\/\/museumek.eu\/wp-content\/uploads\/2012\/07\/Museum-Europ\u00e4ischer-Keramikkunst-2375-300x204.jpg 300w, http:\/\/museumek.eu\/wp-content\/uploads\/2012\/07\/Museum-Europ\u00e4ischer-Keramikkunst-2375-439x300.jpg 439w, http:\/\/museumek.eu\/wp-content\/uploads\/2012\/07\/Museum-Europ\u00e4ischer-Keramikkunst-2375.jpg 786w\" sizes=\"(max-width: 300px) 100vw, 300px\" \/><\/a><\/p>\n<p><a href=\"http:\/\/museumek.eu\/wp-content\/uploads\/2012\/07\/Museum-Europ\u00e4ischer-Keramikkunst-2378.jpg\"><img loading=\"lazy\" src=\"http:\/\/museumek.eu\/wp-content\/uploads\/2012\/07\/Museum-Europ\u00e4ischer-Keramikkunst-2378-300x238.jpg\" alt=\"\" title=\"Museum Europ\u00e4ischer Keramikkunst 2378\" width=\"300\" height=\"238\" class=\"alignnone size-medium wp-image-11840\" srcset=\"http:\/\/museumek.eu\/wp-content\/uploads\/2012\/07\/Museum-Europ\u00e4ischer-Keramikkunst-2378-300x238.jpg 300w, http:\/\/museumek.eu\/wp-content\/uploads\/2012\/07\/Museum-Europ\u00e4ischer-Keramikkunst-2378-377x300.jpg 377w, http:\/\/museumek.eu\/wp-content\/uploads\/2012\/07\/Museum-Europ\u00e4ischer-Keramikkunst-2378.jpg 723w\" sizes=\"(max-width: 300px) 100vw, 300px\" \/><\/a><\/p>\n<p><strong>Marken des Abstelltellers<\/strong><\/p>\n<p><a href=\"http:\/\/museumek.eu\/wp-content\/uploads\/2012\/07\/Museum-Europ\u00e4ischer-Keramikkunst-2371.jpg\"><img loading=\"lazy\" src=\"http:\/\/museumek.eu\/wp-content\/uploads\/2012\/07\/Museum-Europ\u00e4ischer-Keramikkunst-2371-300x215.jpg\" alt=\"\" title=\"Museum Europ\u00e4ischer Keramikkunst 2371\" width=\"300\" height=\"215\" class=\"alignnone size-medium wp-image-11841\" srcset=\"http:\/\/museumek.eu\/wp-content\/uploads\/2012\/07\/Museum-Europ\u00e4ischer-Keramikkunst-2371-300x215.jpg 300w, http:\/\/museumek.eu\/wp-content\/uploads\/2012\/07\/Museum-Europ\u00e4ischer-Keramikkunst-2371-417x300.jpg 417w, http:\/\/museumek.eu\/wp-content\/uploads\/2012\/07\/Museum-Europ\u00e4ischer-Keramikkunst-2371.jpg 746w\" sizes=\"(max-width: 300px) 100vw, 300px\" \/><\/a><\/p>\n<p><a href=\"http:\/\/museumek.eu\/wp-content\/uploads\/2012\/07\/Museum-Europ\u00e4ischer-Keramikkunst-2372.jpg\"><img loading=\"lazy\" src=\"http:\/\/museumek.eu\/wp-content\/uploads\/2012\/07\/Museum-Europ\u00e4ischer-Keramikkunst-2372-137x300.jpg\" alt=\"\" title=\"Museum Europ\u00e4ischer Keramikkunst 2372\" width=\"137\" height=\"300\" class=\"alignnone size-medium wp-image-11842\" \/><\/a><\/p>\n<p><a href=\"http:\/\/museumek.eu\/wp-content\/uploads\/2012\/07\/Museum-Europ\u00e4ischer-Keramikkunst-2373.jpg\"><img loading=\"lazy\" src=\"http:\/\/museumek.eu\/wp-content\/uploads\/2012\/07\/Museum-Europ\u00e4ischer-Keramikkunst-2373-251x300.jpg\" alt=\"\" title=\"Museum Europ\u00e4ischer Keramikkunst 2373\" width=\"251\" height=\"300\" class=\"alignnone size-medium wp-image-11843\" srcset=\"http:\/\/museumek.eu\/wp-content\/uploads\/2012\/07\/Museum-Europ\u00e4ischer-Keramikkunst-2373-251x300.jpg 251w, http:\/\/museumek.eu\/wp-content\/uploads\/2012\/07\/Museum-Europ\u00e4ischer-Keramikkunst-2373.jpg 383w\" sizes=\"(max-width: 251px) 100vw, 251px\" \/><\/a><\/p>\n","protected":false},"excerpt":{"rendered":"<p>Abteilung Deutschland, Keramik 1860 \u2013 1960, Inventarnummer D\/VIII\/15 Manufaktur Villeroy &#038; Boch, Deutschland, Mettlach, Jahr 1908 und 1909, Punschbowle Burg Ehrenfels und Stadt Barrach am Rhein mit zugeh\u00f6rigem Abstellteller, K\u00fcnstler unbekannt, Daten der Bowle: Werks.-Nr. 1226 (Formnummer), Exemplar Nr. ohne, &hellip; <a href=\"http:\/\/museumek.eu\/?page_id=11831\">Weiterlesen <span class=\"meta-nav\">&rarr;<\/span><\/a><\/p>\n","protected":false},"author":1,"featured_media":0,"parent":11771,"menu_order":15,"comment_status":"closed","ping_status":"open","template":"","meta":[],"_links":{"self":[{"href":"http:\/\/museumek.eu\/index.php?rest_route=\/wp\/v2\/pages\/11831"}],"collection":[{"href":"http:\/\/museumek.eu\/index.php?rest_route=\/wp\/v2\/pages"}],"about":[{"href":"http:\/\/museumek.eu\/index.php?rest_route=\/wp\/v2\/types\/page"}],"author":[{"embeddable":true,"href":"http:\/\/museumek.eu\/index.php?rest_route=\/wp\/v2\/users\/1"}],"replies":[{"embeddable":true,"href":"http:\/\/museumek.eu\/index.php?rest_route=%2Fwp%2Fv2%2Fcomments&post=11831"}],"version-history":[{"count":6,"href":"http:\/\/museumek.eu\/index.php?rest_route=\/wp\/v2\/pages\/11831\/revisions"}],"predecessor-version":[{"id":20027,"href":"http:\/\/museumek.eu\/index.php?rest_route=\/wp\/v2\/pages\/11831\/revisions\/20027"}],"up":[{"embeddable":true,"href":"http:\/\/museumek.eu\/index.php?rest_route=\/wp\/v2\/pages\/11771"}],"wp:attachment":[{"href":"http:\/\/museumek.eu\/index.php?rest_route=%2Fwp%2Fv2%2Fmedia&parent=11831"}],"curies":[{"name":"wp","href":"https:\/\/api.w.org\/{rel}","templated":true}]}}