{"id":12148,"date":"2012-07-29T20:10:47","date_gmt":"2012-07-29T18:10:47","guid":{"rendered":"http:\/\/museumek.eu\/?page_id=12148"},"modified":"2015-08-25T23:17:44","modified_gmt":"2015-08-25T21:17:44","slug":"dli1","status":"publish","type":"page","link":"http:\/\/museumek.eu\/?page_id=12148","title":{"rendered":"D\/LI\/1"},"content":{"rendered":"<p><strong>Abteilung Deutschland, Keramik 1860 \u2013 1960, Inventarnummer D\/LI\/1<\/strong><\/p>\n<p>Jacob Zeidler &#038; Co. Porzellanfabrik und Nachfolger Rosenthal Porzellanfabrik Bahnhof-Selb, Deutschland, Selb-Pl\u00f6ssberg, um 1910, Servierplatte mit Chrysanthemendekor, K\u00fcnstler unbekannt, Werks.-Nr. ohne, Exemplar Nr. ohne, gemarkt Firmenmarke mit JZ &#038; Co. (JZ f\u00fcr Jacob Zeidler) sowie 6 gepresst, 01043 Gold gemalt, nicht signiert, Literatur: Gustav Wei\u00df, Ullstein Porzellanbuch, Seite 302, Marke Nr. 7 identisch, weitere Literatur: Emanuel Poche, Porzellanmarken aus aller Welt, Marke Nr. 1732 identisch, weitere Literatur: Robert E. R\u00f6ntgen, Deutsche Porzellanmarken von 1710 bis heute (Ausgabe Jahr 2000), Seite 321, Marke Nr. 2520 identisch, 1866 gr\u00fcndete Jacob Zeidler in Selb-Pl\u00f6ssberg eine Porzellanfabrik, Firmierung Jacob Zeidler &#038; Co. Porzellanfabrik, Produktionsbeginn war der Sp\u00e4therbst 1867, die Fabrik lieferte auch Weissware, z. B. an die Porzellanmalerei Rosenthal im Schlo\u00df Erkersreuth, 1912 entschied sich Philipp Rosenthal sen. (geb. 1855, gest. 1937) in die Fabrik mit einzusteigen, wohl mit der Absicht die Fabrik ganz zu kaufen, durch den WK I verz\u00f6gerte sich die \u00dcbernahme der Fabrik bis 1917, ab 1917 geh\u00f6rte die Fabrik zur Philipp Rosenthal &#038; Co. AG, Firmierung Rosenthal Porzellanfabrik Bahnhof-Selb, um 1920 verlegte Rosenthal seine Kunstabteilung in die ehemalige Zeidler\u2018sche Fabrik, die Fabrik wurde 1971 geschlossen, die Firmierung wurde von einer Anzeige der Fabrik aus dem Jahr 1910 \u00fcbernommen, H\u00f6he 4 cm, Breite 38 cm, Tiefe 26 cm<\/p>\n<p><a href=\"http:\/\/museumek.eu\/wp-content\/uploads\/2012\/07\/Museum-Europ\u00e4ischer-Keramikkunst-2260.jpg\"><img loading=\"lazy\" src=\"http:\/\/museumek.eu\/wp-content\/uploads\/2012\/07\/Museum-Europ\u00e4ischer-Keramikkunst-2260-300x201.jpg\" alt=\"\" title=\"Museum Europ\u00e4ischer Keramikkunst 2260\" width=\"300\" height=\"201\" class=\"alignnone size-medium wp-image-12149\" srcset=\"http:\/\/museumek.eu\/wp-content\/uploads\/2012\/07\/Museum-Europ\u00e4ischer-Keramikkunst-2260-300x201.jpg 300w, http:\/\/museumek.eu\/wp-content\/uploads\/2012\/07\/Museum-Europ\u00e4ischer-Keramikkunst-2260-447x300.jpg 447w, http:\/\/museumek.eu\/wp-content\/uploads\/2012\/07\/Museum-Europ\u00e4ischer-Keramikkunst-2260.jpg 890w\" sizes=\"(max-width: 300px) 100vw, 300px\" \/><\/a><\/p>\n<p><a href=\"http:\/\/museumek.eu\/?attachment_id=44407\" rel=\"attachment wp-att-44407\"><img loading=\"lazy\" src=\"http:\/\/museumek.eu\/wp-content\/uploads\/2012\/07\/4498-300x134.jpg\" alt=\"\" title=\"4498\" width=\"300\" height=\"134\" class=\"alignnone size-medium wp-image-44407\" srcset=\"http:\/\/museumek.eu\/wp-content\/uploads\/2012\/07\/4498-300x134.jpg 300w, http:\/\/museumek.eu\/wp-content\/uploads\/2012\/07\/4498-150x67.jpg 150w, http:\/\/museumek.eu\/wp-content\/uploads\/2012\/07\/4498-500x223.jpg 500w, http:\/\/museumek.eu\/wp-content\/uploads\/2012\/07\/4498.jpg 800w\" sizes=\"(max-width: 300px) 100vw, 300px\" \/><\/a><\/p>\n<p><a href=\"http:\/\/museumek.eu\/?attachment_id=44408\" rel=\"attachment wp-att-44408\"><img loading=\"lazy\" src=\"http:\/\/museumek.eu\/wp-content\/uploads\/2012\/07\/4499-300x188.jpg\" alt=\"\" title=\"4499\" width=\"300\" height=\"188\" class=\"alignnone size-medium wp-image-44408\" srcset=\"http:\/\/museumek.eu\/wp-content\/uploads\/2012\/07\/4499-300x188.jpg 300w, http:\/\/museumek.eu\/wp-content\/uploads\/2012\/07\/4499-150x94.jpg 150w, http:\/\/museumek.eu\/wp-content\/uploads\/2012\/07\/4499-478x300.jpg 478w, http:\/\/museumek.eu\/wp-content\/uploads\/2012\/07\/4499.jpg 800w\" sizes=\"(max-width: 300px) 100vw, 300px\" \/><\/a><\/p>\n<p><a href=\"http:\/\/museumek.eu\/?attachment_id=44409\" rel=\"attachment wp-att-44409\"><img loading=\"lazy\" src=\"http:\/\/museumek.eu\/wp-content\/uploads\/2012\/07\/4497-300x213.jpg\" alt=\"\" title=\"4497\" width=\"300\" height=\"213\" class=\"alignnone size-medium wp-image-44409\" srcset=\"http:\/\/museumek.eu\/wp-content\/uploads\/2012\/07\/4497-300x213.jpg 300w, http:\/\/museumek.eu\/wp-content\/uploads\/2012\/07\/4497-150x106.jpg 150w, http:\/\/museumek.eu\/wp-content\/uploads\/2012\/07\/4497-421x300.jpg 421w, http:\/\/museumek.eu\/wp-content\/uploads\/2012\/07\/4497.jpg 800w\" sizes=\"(max-width: 300px) 100vw, 300px\" \/><\/a><\/p>\n<p><a href=\"http:\/\/museumek.eu\/wp-content\/uploads\/2012\/07\/Museum-Europ\u00e4ischer-Keramikkunst-2261.jpg\"><img loading=\"lazy\" src=\"http:\/\/museumek.eu\/wp-content\/uploads\/2012\/07\/Museum-Europ\u00e4ischer-Keramikkunst-2261.jpg\" alt=\"\" title=\"Museum Europ\u00e4ischer Keramikkunst 2261\" width=\"206\" height=\"135\" class=\"alignnone size-full wp-image-12151\" \/><\/a><\/p>\n<p><a href=\"http:\/\/museumek.eu\/wp-content\/uploads\/2012\/07\/Museum-Europ\u00e4ischer-Keramikkunst-2264.jpg\"><img loading=\"lazy\" src=\"http:\/\/museumek.eu\/wp-content\/uploads\/2012\/07\/Museum-Europ\u00e4ischer-Keramikkunst-2264-300x176.jpg\" alt=\"\" title=\"Museum Europ\u00e4ischer Keramikkunst 2264\" width=\"300\" height=\"176\" class=\"alignnone size-medium wp-image-12150\" srcset=\"http:\/\/museumek.eu\/wp-content\/uploads\/2012\/07\/Museum-Europ\u00e4ischer-Keramikkunst-2264-300x176.jpg 300w, http:\/\/museumek.eu\/wp-content\/uploads\/2012\/07\/Museum-Europ\u00e4ischer-Keramikkunst-2264-500x294.jpg 500w, http:\/\/museumek.eu\/wp-content\/uploads\/2012\/07\/Museum-Europ\u00e4ischer-Keramikkunst-2264.jpg 653w\" sizes=\"(max-width: 300px) 100vw, 300px\" \/><\/a><\/p>\n","protected":false},"excerpt":{"rendered":"<p>Abteilung Deutschland, Keramik 1860 \u2013 1960, Inventarnummer D\/LI\/1 Jacob Zeidler &#038; Co. Porzellanfabrik und Nachfolger Rosenthal Porzellanfabrik Bahnhof-Selb, Deutschland, Selb-Pl\u00f6ssberg, um 1910, Servierplatte mit Chrysanthemendekor, K\u00fcnstler unbekannt, Werks.-Nr. ohne, Exemplar Nr. ohne, gemarkt Firmenmarke mit JZ &#038; Co. (JZ f\u00fcr &hellip; <a href=\"http:\/\/museumek.eu\/?page_id=12148\">Weiterlesen <span class=\"meta-nav\">&rarr;<\/span><\/a><\/p>\n","protected":false},"author":1,"featured_media":0,"parent":12144,"menu_order":1,"comment_status":"closed","ping_status":"open","template":"","meta":[],"_links":{"self":[{"href":"http:\/\/museumek.eu\/index.php?rest_route=\/wp\/v2\/pages\/12148"}],"collection":[{"href":"http:\/\/museumek.eu\/index.php?rest_route=\/wp\/v2\/pages"}],"about":[{"href":"http:\/\/museumek.eu\/index.php?rest_route=\/wp\/v2\/types\/page"}],"author":[{"embeddable":true,"href":"http:\/\/museumek.eu\/index.php?rest_route=\/wp\/v2\/users\/1"}],"replies":[{"embeddable":true,"href":"http:\/\/museumek.eu\/index.php?rest_route=%2Fwp%2Fv2%2Fcomments&post=12148"}],"version-history":[{"count":5,"href":"http:\/\/museumek.eu\/index.php?rest_route=\/wp\/v2\/pages\/12148\/revisions"}],"predecessor-version":[{"id":44415,"href":"http:\/\/museumek.eu\/index.php?rest_route=\/wp\/v2\/pages\/12148\/revisions\/44415"}],"up":[{"embeddable":true,"href":"http:\/\/museumek.eu\/index.php?rest_route=\/wp\/v2\/pages\/12144"}],"wp:attachment":[{"href":"http:\/\/museumek.eu\/index.php?rest_route=%2Fwp%2Fv2%2Fmedia&parent=12148"}],"curies":[{"name":"wp","href":"https:\/\/api.w.org\/{rel}","templated":true}]}}