{"id":12428,"date":"2012-08-14T14:02:28","date_gmt":"2012-08-14T12:02:28","guid":{"rendered":"http:\/\/museumek.eu\/?page_id=12428"},"modified":"2015-02-28T14:02:21","modified_gmt":"2015-02-28T13:02:21","slug":"dlii1","status":"publish","type":"page","link":"http:\/\/museumek.eu\/?page_id=12428","title":{"rendered":"D\/LII\/1"},"content":{"rendered":"<p><strong>Abteilung Deutschland, Keramik 1860 \u2013 1960, Inventarnummer D\/LII\/1<\/strong><\/p>\n<p>Rosskopf &#038; Gerz Fabrik fein verzierter Steinzeugwaren, Deutschland, H\u00f6hr, 1905, Bowle, K\u00fcnstler unbekannt, Werks.-Nr. 518, Exemplar Nr. ohne, gemarkt keine Firmenmarke aber GES. darunter GESCH\u00dcTZT, 518, 4 L sowie B gepresst, im Deckel 4 gepresst, nicht signiert, Literatur: Beate Dry-v. Zezschwitz, Westerw\u00e4lder Steinzeug des Jugendstils IV, Rosskopf &#038; Gerz, Steinzeugfabrik H\u00f6hr im Westerwald, 1901 \u2013 1914, Seite 12, Abbildung Nr. 2, identische Marke, Seite 29, Werksverzeichnis, als 4 Liter Bowle dort unter Werks.-Nr. 518 aufgelistet sowie Seite 54, Werksverzeichnis, dort abgebildet, weitere Literatur: J\u00fcrgen Schimanski, Braun geflammt und grau gesalzen, Seite 221, Beschreibung der Fabrik sowie Marke Nr. 40 identisch, weitere Literatur: J\u00fcrgen Erlebach und J\u00fcrgen Schimanski, Westerw\u00e4lder Steinzeug, Die Neue \u00c4ra 1900 \u2013 1930, Jugendstil und Werkbund, Seite 115, Beschreibung der Fabrik sowie Marke Nr. 40 identisch, 1901 gr\u00fcndeten der Kaufmann Alois Jakob Gerz und der T\u00f6pfer und Modelleur Karl Wilhelm Ro\u00dfkopf eine Steinzeugfabrik in H\u00f6hr, die Fabrik firmierte als Ro\u00dfkopf &#038; Gerz Fabrik fein verzierter Steinzeugwaren, die Firmierung wurde von einer Zeitungsanzeige der Fabrik aus dem Jahr 1907 \u00fcbernommen, bereits 1905 scheidet Ro\u00dfkopf aus der Fabrik wieder aus, Gerz wird Alleineigent\u00fcmer, die Fabrik betrieb auch eine eigene Zinngie\u00dferei und Malerei, ab ca. 1907 \u00fcbernahm das H\u00f6hrer Handelsunternehmen Eckhardt &#038; Engler den Vertrieb der Fabrikate, dieses Handelsunternehmen \u00fcbernahm 1914 eine Eulerei und produzierte nun auch selbst Steinzeug, 1918 \u00fcbernahmen Eckhardt &#038; Engler einige Formen der Fabrik von Ro\u00dfkopf &#038; Gerz, markte diese aber mit der eigenen Marke, Gerz verstarb 1913 und seine Witwe Barbara Gerz \u00fcbernahm die Fabrik, auf Grund wirtschaftlicher Schwierigkeiten w\u00e4hrend der Kriegsjahre des WK I \u00fcbernahm 1917 der L\u00fcbecker Kaufmann Rudolf Reeder die Fabrik, allerdings wurde nach dem Krieg wohl nicht weiter produziert, 1922\/1923 \u00fcbernahm Eckardt &#038; Engler alle Formen der Fabrik, die amtliche L\u00f6schung der Fabrik erfolgte aber erst 1930, Ausf\u00fchrung als Elfenbeinsteinzeug dunkelgr\u00fcn glasiert,<br \/>\nH\u00f6he 32 cm, Breite 18 cm<\/p>\n<p><a href=\"http:\/\/museumek.eu\/wp-content\/uploads\/2012\/08\/Museum-Europ\u00e4ischer-Keramikkunst-2763.jpg\"><img loading=\"lazy\" src=\"http:\/\/museumek.eu\/wp-content\/uploads\/2012\/08\/Museum-Europ\u00e4ischer-Keramikkunst-2763-236x300.jpg\" alt=\"\" title=\"Museum Europ\u00e4ischer Keramikkunst 2763\" width=\"236\" height=\"300\" class=\"alignnone size-medium wp-image-12429\" srcset=\"http:\/\/museumek.eu\/wp-content\/uploads\/2012\/08\/Museum-Europ\u00e4ischer-Keramikkunst-2763-236x300.jpg 236w, http:\/\/museumek.eu\/wp-content\/uploads\/2012\/08\/Museum-Europ\u00e4ischer-Keramikkunst-2763.jpg 745w\" sizes=\"(max-width: 236px) 100vw, 236px\" \/><\/a><\/p>\n<p><a href=\"http:\/\/museumek.eu\/?attachment_id=37245\" rel=\"attachment wp-att-37245\"><img loading=\"lazy\" src=\"http:\/\/museumek.eu\/wp-content\/uploads\/2012\/08\/2894-168x300.jpg\" alt=\"\" title=\"2894\" width=\"168\" height=\"300\" class=\"alignnone size-medium wp-image-37245\" srcset=\"http:\/\/museumek.eu\/wp-content\/uploads\/2012\/08\/2894-168x300.jpg 168w, http:\/\/museumek.eu\/wp-content\/uploads\/2012\/08\/2894-84x150.jpg 84w, http:\/\/museumek.eu\/wp-content\/uploads\/2012\/08\/2894.jpg 449w\" sizes=\"(max-width: 168px) 100vw, 168px\" \/><\/a><\/p>\n<p><a href=\"http:\/\/museumek.eu\/?attachment_id=37246\" rel=\"attachment wp-att-37246\"><img loading=\"lazy\" src=\"http:\/\/museumek.eu\/wp-content\/uploads\/2012\/08\/2895-279x300.jpg\" alt=\"\" title=\"2895\" width=\"279\" height=\"300\" class=\"alignnone size-medium wp-image-37246\" srcset=\"http:\/\/museumek.eu\/wp-content\/uploads\/2012\/08\/2895-279x300.jpg 279w, http:\/\/museumek.eu\/wp-content\/uploads\/2012\/08\/2895-139x150.jpg 139w, http:\/\/museumek.eu\/wp-content\/uploads\/2012\/08\/2895.jpg 600w\" sizes=\"(max-width: 279px) 100vw, 279px\" \/><\/a><\/p>\n<p><a href=\"http:\/\/museumek.eu\/?attachment_id=37247\" rel=\"attachment wp-att-37247\"><img loading=\"lazy\" src=\"http:\/\/museumek.eu\/wp-content\/uploads\/2012\/08\/2896-188x300.jpg\" alt=\"\" title=\"2896\" width=\"188\" height=\"300\" class=\"alignnone size-medium wp-image-37247\" srcset=\"http:\/\/museumek.eu\/wp-content\/uploads\/2012\/08\/2896-188x300.jpg 188w, http:\/\/museumek.eu\/wp-content\/uploads\/2012\/08\/2896-94x150.jpg 94w, http:\/\/museumek.eu\/wp-content\/uploads\/2012\/08\/2896.jpg 503w\" sizes=\"(max-width: 188px) 100vw, 188px\" \/><\/a><\/p>\n<p><a href=\"http:\/\/museumek.eu\/?attachment_id=37248\" rel=\"attachment wp-att-37248\"><img loading=\"lazy\" src=\"http:\/\/museumek.eu\/wp-content\/uploads\/2012\/08\/2897-160x300.jpg\" alt=\"\" title=\"2897\" width=\"160\" height=\"300\" class=\"alignnone size-medium wp-image-37248\" srcset=\"http:\/\/museumek.eu\/wp-content\/uploads\/2012\/08\/2897-160x300.jpg 160w, http:\/\/museumek.eu\/wp-content\/uploads\/2012\/08\/2897-80x150.jpg 80w\" sizes=\"(max-width: 160px) 100vw, 160px\" \/><\/a><\/p>\n<p><a href=\"http:\/\/museumek.eu\/wp-content\/uploads\/2012\/08\/Museum-Europ\u00e4ischer-Keramikkunst-2765.jpg\"><img loading=\"lazy\" src=\"http:\/\/museumek.eu\/wp-content\/uploads\/2012\/08\/Museum-Europ\u00e4ischer-Keramikkunst-2765-162x300.jpg\" alt=\"\" title=\"Museum Europ\u00e4ischer Keramikkunst 2765\" width=\"162\" height=\"300\" class=\"alignnone size-medium wp-image-12430\" srcset=\"http:\/\/museumek.eu\/wp-content\/uploads\/2012\/08\/Museum-Europ\u00e4ischer-Keramikkunst-2765-162x300.jpg 162w, http:\/\/museumek.eu\/wp-content\/uploads\/2012\/08\/Museum-Europ\u00e4ischer-Keramikkunst-2765.jpg 354w\" sizes=\"(max-width: 162px) 100vw, 162px\" \/><\/a><\/p>\n<p>Markung im Deckel<\/p>\n<p><a href=\"http:\/\/museumek.eu\/wp-content\/uploads\/2012\/08\/Museum-Europ\u00e4ischer-Keramikkunst-2764.jpg\"><img loading=\"lazy\" src=\"http:\/\/museumek.eu\/wp-content\/uploads\/2012\/08\/Museum-Europ\u00e4ischer-Keramikkunst-2764.jpg\" alt=\"\" title=\"Museum Europ\u00e4ischer Keramikkunst 2764\" width=\"160\" height=\"177\" class=\"alignnone size-full wp-image-12431\" \/><\/a> <\/p>\n","protected":false},"excerpt":{"rendered":"<p>Abteilung Deutschland, Keramik 1860 \u2013 1960, Inventarnummer D\/LII\/1 Rosskopf &#038; Gerz Fabrik fein verzierter Steinzeugwaren, Deutschland, H\u00f6hr, 1905, Bowle, K\u00fcnstler unbekannt, Werks.-Nr. 518, Exemplar Nr. ohne, gemarkt keine Firmenmarke aber GES. darunter GESCH\u00dcTZT, 518, 4 L sowie B gepresst, im &hellip; <a href=\"http:\/\/museumek.eu\/?page_id=12428\">Weiterlesen <span class=\"meta-nav\">&rarr;<\/span><\/a><\/p>\n","protected":false},"author":1,"featured_media":0,"parent":12425,"menu_order":1,"comment_status":"closed","ping_status":"open","template":"","meta":[],"_links":{"self":[{"href":"http:\/\/museumek.eu\/index.php?rest_route=\/wp\/v2\/pages\/12428"}],"collection":[{"href":"http:\/\/museumek.eu\/index.php?rest_route=\/wp\/v2\/pages"}],"about":[{"href":"http:\/\/museumek.eu\/index.php?rest_route=\/wp\/v2\/types\/page"}],"author":[{"embeddable":true,"href":"http:\/\/museumek.eu\/index.php?rest_route=\/wp\/v2\/users\/1"}],"replies":[{"embeddable":true,"href":"http:\/\/museumek.eu\/index.php?rest_route=%2Fwp%2Fv2%2Fcomments&post=12428"}],"version-history":[{"count":5,"href":"http:\/\/museumek.eu\/index.php?rest_route=\/wp\/v2\/pages\/12428\/revisions"}],"predecessor-version":[{"id":37254,"href":"http:\/\/museumek.eu\/index.php?rest_route=\/wp\/v2\/pages\/12428\/revisions\/37254"}],"up":[{"embeddable":true,"href":"http:\/\/museumek.eu\/index.php?rest_route=\/wp\/v2\/pages\/12425"}],"wp:attachment":[{"href":"http:\/\/museumek.eu\/index.php?rest_route=%2Fwp%2Fv2%2Fmedia&parent=12428"}],"curies":[{"name":"wp","href":"https:\/\/api.w.org\/{rel}","templated":true}]}}

<p><strong>Abteilung Deutschland, Keramik 1860 – 1960, Inventarnummer D/LII/1</strong></p>
<p>Rosskopf &#038; Gerz Fabrik fein verzierter Steinzeugwaren, Deutschland, Höhr, 1905, Bowle, Künstler unbekannt, Werks.-Nr. 518, Exemplar Nr. ohne, gemarkt keine Firmenmarke aber GES. darunter GESCHÜTZT, 518, 4 L sowie B gepresst, im Deckel 4 gepresst, nicht signiert, Literatur: Beate Dry-v. Zezschwitz, Westerwälder Steinzeug des Jugendstils IV, Rosskopf &#038; Gerz, Steinzeugfabrik Höhr im Westerwald, 1901 – 1914, Seite 12, Abbildung Nr. 2, identische Marke, Seite 29, Werksverzeichnis, als 4 Liter Bowle dort unter Werks.-Nr. 518 aufgelistet sowie Seite 54, Werksverzeichnis, dort abgebildet, weitere Literatur: Jürgen Schimanski, Braun geflammt und grau gesalzen, Seite 221, Beschreibung der Fabrik sowie Marke Nr. 40 identisch, weitere Literatur: Jürgen Erlebach und Jürgen Schimanski, Westerwälder Steinzeug, Die Neue Ära 1900 – 1930, Jugendstil und Werkbund, Seite 115, Beschreibung der Fabrik sowie Marke Nr. 40 identisch, 1901 gründeten der Kaufmann Alois Jakob Gerz und der Töpfer und Modelleur Karl Wilhelm Roßkopf eine Steinzeugfabrik in Höhr, die Fabrik firmierte als Roßkopf &#038; Gerz Fabrik fein verzierter Steinzeugwaren, die Firmierung wurde von einer Zeitungsanzeige der Fabrik aus dem Jahr 1907 übernommen, bereits 1905 scheidet Roßkopf aus der Fabrik wieder aus, Gerz wird Alleineigentümer, die Fabrik betrieb auch eine eigene Zinngießerei und Malerei, ab ca. 1907 übernahm das Höhrer Handelsunternehmen Eckhardt &#038; Engler den Vertrieb der Fabrikate, dieses Handelsunternehmen übernahm 1914 eine Eulerei und produzierte nun auch selbst Steinzeug, 1918 übernahmen Eckhardt &#038; Engler einige Formen der Fabrik von Roßkopf &#038; Gerz, markte diese aber mit der eigenen Marke, Gerz verstarb 1913 und seine Witwe Barbara Gerz übernahm die Fabrik, auf Grund wirtschaftlicher Schwierigkeiten während der Kriegsjahre des WK I übernahm 1917 der Lübecker Kaufmann Rudolf Reeder die Fabrik, allerdings wurde nach dem Krieg wohl nicht weiter produziert, 1922/1923 übernahm Eckardt &#038; Engler alle Formen der Fabrik, die amtliche Löschung der Fabrik erfolgte aber erst 1930, Ausführung als Elfenbeinsteinzeug dunkelgrün glasiert,<br />
Höhe 32 cm, Breite 18 cm</p>
<p><a href="http://museumek.eu/wp-content/uploads/2012/08/Museum-Europäischer-Keramikkunst-2763.jpg"><img loading="lazy" src="http://museumek.eu/wp-content/uploads/2012/08/Museum-Europäischer-Keramikkunst-2763-236x300.jpg" alt="" title="Museum Europäischer Keramikkunst 2763" width="236" height="300" class="alignnone size-medium wp-image-12429" srcset="http://museumek.eu/wp-content/uploads/2012/08/Museum-Europäischer-Keramikkunst-2763-236x300.jpg 236w, http://museumek.eu/wp-content/uploads/2012/08/Museum-Europäischer-Keramikkunst-2763.jpg 745w" sizes="(max-width: 236px) 100vw, 236px" /></a></p>
<p><a href="http://museumek.eu/?attachment_id=37245" rel="attachment wp-att-37245"><img loading="lazy" src="http://museumek.eu/wp-content/uploads/2012/08/2894-168x300.jpg" alt="" title="2894" width="168" height="300" class="alignnone size-medium wp-image-37245" srcset="http://museumek.eu/wp-content/uploads/2012/08/2894-168x300.jpg 168w, http://museumek.eu/wp-content/uploads/2012/08/2894-84x150.jpg 84w, http://museumek.eu/wp-content/uploads/2012/08/2894.jpg 449w" sizes="(max-width: 168px) 100vw, 168px" /></a></p>
<p><a href="http://museumek.eu/?attachment_id=37246" rel="attachment wp-att-37246"><img loading="lazy" src="http://museumek.eu/wp-content/uploads/2012/08/2895-279x300.jpg" alt="" title="2895" width="279" height="300" class="alignnone size-medium wp-image-37246" srcset="http://museumek.eu/wp-content/uploads/2012/08/2895-279x300.jpg 279w, http://museumek.eu/wp-content/uploads/2012/08/2895-139x150.jpg 139w, http://museumek.eu/wp-content/uploads/2012/08/2895.jpg 600w" sizes="(max-width: 279px) 100vw, 279px" /></a></p>
<p><a href="http://museumek.eu/?attachment_id=37247" rel="attachment wp-att-37247"><img loading="lazy" src="http://museumek.eu/wp-content/uploads/2012/08/2896-188x300.jpg" alt="" title="2896" width="188" height="300" class="alignnone size-medium wp-image-37247" srcset="http://museumek.eu/wp-content/uploads/2012/08/2896-188x300.jpg 188w, http://museumek.eu/wp-content/uploads/2012/08/2896-94x150.jpg 94w, http://museumek.eu/wp-content/uploads/2012/08/2896.jpg 503w" sizes="(max-width: 188px) 100vw, 188px" /></a></p>
<p><a href="http://museumek.eu/?attachment_id=37248" rel="attachment wp-att-37248"><img loading="lazy" src="http://museumek.eu/wp-content/uploads/2012/08/2897-160x300.jpg" alt="" title="2897" width="160" height="300" class="alignnone size-medium wp-image-37248" srcset="http://museumek.eu/wp-content/uploads/2012/08/2897-160x300.jpg 160w, http://museumek.eu/wp-content/uploads/2012/08/2897-80x150.jpg 80w" sizes="(max-width: 160px) 100vw, 160px" /></a></p>
<p><a href="http://museumek.eu/wp-content/uploads/2012/08/Museum-Europäischer-Keramikkunst-2765.jpg"><img loading="lazy" src="http://museumek.eu/wp-content/uploads/2012/08/Museum-Europäischer-Keramikkunst-2765-162x300.jpg" alt="" title="Museum Europäischer Keramikkunst 2765" width="162" height="300" class="alignnone size-medium wp-image-12430" srcset="http://museumek.eu/wp-content/uploads/2012/08/Museum-Europäischer-Keramikkunst-2765-162x300.jpg 162w, http://museumek.eu/wp-content/uploads/2012/08/Museum-Europäischer-Keramikkunst-2765.jpg 354w" sizes="(max-width: 162px) 100vw, 162px" /></a></p>
<p>Markung im Deckel</p>
<p><a href="http://museumek.eu/wp-content/uploads/2012/08/Museum-Europäischer-Keramikkunst-2764.jpg"><img loading="lazy" src="http://museumek.eu/wp-content/uploads/2012/08/Museum-Europäischer-Keramikkunst-2764.jpg" alt="" title="Museum Europäischer Keramikkunst 2764" width="160" height="177" class="alignnone size-full wp-image-12431" /></a> </p>

<p>Abteilung Deutschland, Keramik 1860 – 1960, Inventarnummer D/LII/1 Rosskopf &#038; Gerz Fabrik fein verzierter Steinzeugwaren, Deutschland, Höhr, 1905, Bowle, Künstler unbekannt, Werks.-Nr. 518, Exemplar Nr. ohne, gemarkt keine Firmenmarke aber GES. darunter GESCHÜTZT, 518, 4 L sowie B gepresst, im &hellip; <a href="http://museumek.eu/?page_id=12428">Weiterlesen <span class="meta-nav">&rarr;</span></a></p>
