{"id":12512,"date":"2012-08-18T17:32:48","date_gmt":"2012-08-18T15:32:48","guid":{"rendered":"http:\/\/museumek.eu\/?page_id=12512"},"modified":"2012-09-02T13:30:31","modified_gmt":"2012-09-02T11:30:31","slug":"dxliii2","status":"publish","type":"page","link":"http:\/\/museumek.eu\/?page_id=12512","title":{"rendered":"D\/XLIII\/2"},"content":{"rendered":"<p><strong>Abteilung Deutschland, Keramik 1860 \u2013 1960, Inventarnummer D\/XLIII\/2<\/strong><\/p>\n<p>Manufaktur Kunstt\u00f6pferei Friedrich Festersen (attr.), Deutschland, Berlin, um 1910, Vase nach Bunzlauer Art, K\u00fcnstler Friedrich Festersen (attr.), Werks.-Nr. ohne, Exemplar Nr. ohne, nicht gemarkt, nicht signiert, Literatur: Keramik-Museum Berlin, Kunstt\u00f6pferei Friedrich Festersen (Berlin 1909 \u2013 1922), Seite 26, formgleiche, gr\u00f6\u00dfere Vase mit \u00e4hnlichem Bl\u00fctendekor, H\u00f6he 15 cm, Breite 12 cm<\/p>\n<p><a href=\"http:\/\/museumek.eu\/wp-content\/uploads\/2012\/08\/Museum-Europ\u00e4ischer-Keramikkunst-2444.jpg\"><img loading=\"lazy\" src=\"http:\/\/museumek.eu\/wp-content\/uploads\/2012\/08\/Museum-Europ\u00e4ischer-Keramikkunst-2444-215x300.jpg\" alt=\"\" title=\"Museum Europ\u00e4ischer Keramikkunst 2444\" width=\"215\" height=\"300\" class=\"alignnone size-medium wp-image-12513\" srcset=\"http:\/\/museumek.eu\/wp-content\/uploads\/2012\/08\/Museum-Europ\u00e4ischer-Keramikkunst-2444-215x300.jpg 215w, http:\/\/museumek.eu\/wp-content\/uploads\/2012\/08\/Museum-Europ\u00e4ischer-Keramikkunst-2444.jpg 607w\" sizes=\"(max-width: 215px) 100vw, 215px\" \/><\/a><\/p>\n<p><a href=\"http:\/\/museumek.eu\/wp-content\/uploads\/2012\/08\/Museum-Europ\u00e4ischer-Keramikkunst-2445.jpg\"><img loading=\"lazy\" src=\"http:\/\/museumek.eu\/wp-content\/uploads\/2012\/08\/Museum-Europ\u00e4ischer-Keramikkunst-2445-247x300.jpg\" alt=\"\" title=\"Museum Europ\u00e4ischer Keramikkunst 2445\" width=\"247\" height=\"300\" class=\"alignnone size-medium wp-image-12514\" srcset=\"http:\/\/museumek.eu\/wp-content\/uploads\/2012\/08\/Museum-Europ\u00e4ischer-Keramikkunst-2445-247x300.jpg 247w, http:\/\/museumek.eu\/wp-content\/uploads\/2012\/08\/Museum-Europ\u00e4ischer-Keramikkunst-2445.jpg 532w\" sizes=\"(max-width: 247px) 100vw, 247px\" \/><\/a><\/p>\n<p><a href=\"http:\/\/museumek.eu\/wp-content\/uploads\/2012\/08\/Museum-Europ\u00e4ischer-Keramikkunst-2446.jpg\"><img loading=\"lazy\" src=\"http:\/\/museumek.eu\/wp-content\/uploads\/2012\/08\/Museum-Europ\u00e4ischer-Keramikkunst-2446-300x298.jpg\" alt=\"\" title=\"Museum Europ\u00e4ischer Keramikkunst 2446\" width=\"300\" height=\"298\" class=\"alignnone size-medium wp-image-12515\" srcset=\"http:\/\/museumek.eu\/wp-content\/uploads\/2012\/08\/Museum-Europ\u00e4ischer-Keramikkunst-2446-300x298.jpg 300w, http:\/\/museumek.eu\/wp-content\/uploads\/2012\/08\/Museum-Europ\u00e4ischer-Keramikkunst-2446-150x150.jpg 150w, http:\/\/museumek.eu\/wp-content\/uploads\/2012\/08\/Museum-Europ\u00e4ischer-Keramikkunst-2446-301x300.jpg 301w, http:\/\/museumek.eu\/wp-content\/uploads\/2012\/08\/Museum-Europ\u00e4ischer-Keramikkunst-2446.jpg 456w\" sizes=\"(max-width: 300px) 100vw, 300px\" \/><\/a> <\/p>\n","protected":false},"excerpt":{"rendered":"<p>Abteilung Deutschland, Keramik 1860 \u2013 1960, Inventarnummer D\/XLIII\/2 Manufaktur Kunstt\u00f6pferei Friedrich Festersen (attr.), Deutschland, Berlin, um 1910, Vase nach Bunzlauer Art, K\u00fcnstler Friedrich Festersen (attr.), Werks.-Nr. ohne, Exemplar Nr. ohne, nicht gemarkt, nicht signiert, Literatur: Keramik-Museum Berlin, Kunstt\u00f6pferei Friedrich Festersen &hellip; <a href=\"http:\/\/museumek.eu\/?page_id=12512\">Weiterlesen <span class=\"meta-nav\">&rarr;<\/span><\/a><\/p>\n","protected":false},"author":1,"featured_media":0,"parent":10201,"menu_order":2,"comment_status":"closed","ping_status":"open","template":"","meta":[],"_links":{"self":[{"href":"http:\/\/museumek.eu\/index.php?rest_route=\/wp\/v2\/pages\/12512"}],"collection":[{"href":"http:\/\/museumek.eu\/index.php?rest_route=\/wp\/v2\/pages"}],"about":[{"href":"http:\/\/museumek.eu\/index.php?rest_route=\/wp\/v2\/types\/page"}],"author":[{"embeddable":true,"href":"http:\/\/museumek.eu\/index.php?rest_route=\/wp\/v2\/users\/1"}],"replies":[{"embeddable":true,"href":"http:\/\/museumek.eu\/index.php?rest_route=%2Fwp%2Fv2%2Fcomments&post=12512"}],"version-history":[{"count":3,"href":"http:\/\/museumek.eu\/index.php?rest_route=\/wp\/v2\/pages\/12512\/revisions"}],"predecessor-version":[{"id":13163,"href":"http:\/\/museumek.eu\/index.php?rest_route=\/wp\/v2\/pages\/12512\/revisions\/13163"}],"up":[{"embeddable":true,"href":"http:\/\/museumek.eu\/index.php?rest_route=\/wp\/v2\/pages\/10201"}],"wp:attachment":[{"href":"http:\/\/museumek.eu\/index.php?rest_route=%2Fwp%2Fv2%2Fmedia&parent=12512"}],"curies":[{"name":"wp","href":"https:\/\/api.w.org\/{rel}","templated":true}]}}