{"id":12676,"date":"2012-08-21T22:27:02","date_gmt":"2012-08-21T20:27:02","guid":{"rendered":"http:\/\/museumek.eu\/?page_id=12676"},"modified":"2012-08-21T22:27:02","modified_gmt":"2012-08-21T20:27:02","slug":"fotos-und-beschreibung","status":"publish","type":"page","link":"http:\/\/museumek.eu\/?page_id=12676","title":{"rendered":"Fotos und Beschreibung"},"content":{"rendered":"<p><strong>Abteilung Frankreich, Keramik 1860 \u2013 1960, Inventarnummer F\/XXVII\/1<\/strong><\/p>\n<p>Manufaktur Bawo &#038; Dotter (Elite Works), Frankreich, Limoges, Zierteller, ab 1900, K\u00fcnstler unbekannt, Werksnummer ohne, Exemplar Nr. ohne, gemarkt Elite, L sowie France gr\u00fcner Unterglasurstempel, nicht signiert, Literatur: Mary Frank Gaston, Collector\u2019s Encyclopedia of Limoges Porcelain, Third Edition, Seite 28, Beschreibung der Manufaktur sowie Seite 32, Marke 5 identisch, die 1860 in New Yorck gegr\u00fcndete Porzellanimportfirma Bawo &#038; Dotter unterhielt um 1900 in Limoges ein eigenes Dekorationsstudio namens Elite Works, welche die Wei\u00dfware aus der Produktion von Limoges Porzellanfabriken f\u00fcr den Export in die USA bemalte, siehe auch Abbildung von \u00e4hnlichen Tellern weiter unten,<br \/>\nDurchmesser 31,3 cm<\/p>\n<p><a href=\"http:\/\/museumek.eu\/wp-content\/uploads\/2012\/08\/Museum-Europ\u00e4ischer-Keramikkunst-27261.jpg\"><img loading=\"lazy\" src=\"http:\/\/museumek.eu\/wp-content\/uploads\/2012\/08\/Museum-Europ\u00e4ischer-Keramikkunst-27261-300x294.jpg\" alt=\"\" title=\"Museum Europ\u00e4ischer Keramikkunst 2726\" width=\"300\" height=\"294\" class=\"alignnone size-medium wp-image-12667\" srcset=\"http:\/\/museumek.eu\/wp-content\/uploads\/2012\/08\/Museum-Europ\u00e4ischer-Keramikkunst-27261-300x294.jpg 300w, http:\/\/museumek.eu\/wp-content\/uploads\/2012\/08\/Museum-Europ\u00e4ischer-Keramikkunst-27261-306x300.jpg 306w, http:\/\/museumek.eu\/wp-content\/uploads\/2012\/08\/Museum-Europ\u00e4ischer-Keramikkunst-27261.jpg 760w\" sizes=\"(max-width: 300px) 100vw, 300px\" \/><\/a><\/p>\n<p><a href=\"http:\/\/museumek.eu\/wp-content\/uploads\/2012\/08\/Museum-Europ\u00e4ischer-Keramikkunst-2727.jpg\"><img loading=\"lazy\" src=\"http:\/\/museumek.eu\/wp-content\/uploads\/2012\/08\/Museum-Europ\u00e4ischer-Keramikkunst-2727.jpg\" alt=\"\" title=\"Museum Europ\u00e4ischer Keramikkunst 2727\" width=\"172\" height=\"157\" class=\"alignnone size-full wp-image-12668\" \/><\/a><\/p>\n<p><a href=\"http:\/\/museumek.eu\/wp-content\/uploads\/2012\/08\/Museum-Europ\u00e4ischer-Keramikkunst-2747.jpg\"><img loading=\"lazy\" src=\"http:\/\/museumek.eu\/wp-content\/uploads\/2012\/08\/Museum-Europ\u00e4ischer-Keramikkunst-2747-300x177.jpg\" alt=\"\" title=\"Museum Europ\u00e4ischer Keramikkunst 2747\" width=\"300\" height=\"177\" class=\"alignnone size-medium wp-image-12669\" srcset=\"http:\/\/museumek.eu\/wp-content\/uploads\/2012\/08\/Museum-Europ\u00e4ischer-Keramikkunst-2747-300x177.jpg 300w, http:\/\/museumek.eu\/wp-content\/uploads\/2012\/08\/Museum-Europ\u00e4ischer-Keramikkunst-2747-500x295.jpg 500w, http:\/\/museumek.eu\/wp-content\/uploads\/2012\/08\/Museum-Europ\u00e4ischer-Keramikkunst-2747.jpg 944w\" sizes=\"(max-width: 300px) 100vw, 300px\" \/><\/a><\/p>\n","protected":false},"excerpt":{"rendered":"<p>Abteilung Frankreich, Keramik 1860 \u2013 1960, Inventarnummer F\/XXVII\/1 Manufaktur Bawo &#038; Dotter (Elite Works), Frankreich, Limoges, Zierteller, ab 1900, K\u00fcnstler unbekannt, Werksnummer ohne, Exemplar Nr. ohne, gemarkt Elite, L sowie France gr\u00fcner Unterglasurstempel, nicht signiert, Literatur: Mary Frank Gaston, Collector\u2019s &hellip; <a href=\"http:\/\/museumek.eu\/?page_id=12676\">Weiterlesen <span class=\"meta-nav\">&rarr;<\/span><\/a><\/p>\n","protected":false},"author":1,"featured_media":0,"parent":12673,"menu_order":1,"comment_status":"closed","ping_status":"open","template":"","meta":[],"_links":{"self":[{"href":"http:\/\/museumek.eu\/index.php?rest_route=\/wp\/v2\/pages\/12676"}],"collection":[{"href":"http:\/\/museumek.eu\/index.php?rest_route=\/wp\/v2\/pages"}],"about":[{"href":"http:\/\/museumek.eu\/index.php?rest_route=\/wp\/v2\/types\/page"}],"author":[{"embeddable":true,"href":"http:\/\/museumek.eu\/index.php?rest_route=\/wp\/v2\/users\/1"}],"replies":[{"embeddable":true,"href":"http:\/\/museumek.eu\/index.php?rest_route=%2Fwp%2Fv2%2Fcomments&post=12676"}],"version-history":[{"count":2,"href":"http:\/\/museumek.eu\/index.php?rest_route=\/wp\/v2\/pages\/12676\/revisions"}],"predecessor-version":[{"id":12678,"href":"http:\/\/museumek.eu\/index.php?rest_route=\/wp\/v2\/pages\/12676\/revisions\/12678"}],"up":[{"embeddable":true,"href":"http:\/\/museumek.eu\/index.php?rest_route=\/wp\/v2\/pages\/12673"}],"wp:attachment":[{"href":"http:\/\/museumek.eu\/index.php?rest_route=%2Fwp%2Fv2%2Fmedia&parent=12676"}],"curies":[{"name":"wp","href":"https:\/\/api.w.org\/{rel}","templated":true}]}}