{"id":12716,"date":"2012-08-25T00:18:29","date_gmt":"2012-08-24T22:18:29","guid":{"rendered":"http:\/\/museumek.eu\/?page_id=12716"},"modified":"2013-07-25T20:30:56","modified_gmt":"2013-07-25T18:30:56","slug":"kurzbiografie-und-inventar-zum-kunstler","status":"publish","type":"page","link":"http:\/\/museumek.eu\/?page_id=12716","title":{"rendered":"Kurzbiografie und Inventar zum K\u00fcnstler"},"content":{"rendered":"<p><strong>Abteilung Deutschland, Keramik 1860 \u2013 1960, Inventarnummer D\/XLI\/6<\/strong><\/p>\n<p>W\u00e4chtersbacher Steingutfabrik, Deutschland, Schlierbach, ca. 1915, Saftkanne, K\u00fcnstler Christian Neureuther, Werks.-Nr. 6020 (Dekornummer), Exemplar Nr. ohne, gemarkt Firmenmarke mit KAW (f\u00fcr Kunstabteilung W\u00e4chtersbach, Leitung Christian Neureuther) sowie C.N. (f\u00fcr Christian Neureuther) blauer Stempel unter Glasur sowie 6020 blauer Stempel unter Glasur, Markung des Deckels 3399\/8 (schwer lesbar) gepresst, nicht signiert, Literatur: Heinz und Lilo Frensch, W\u00e4chtersbacher Steingut, Seite 95, Beschreibung einer fast identischen Saftkanne mit Dekornummer 6002, Jahr 1914, Entwurf Christian Neureuther, Seite 96, Abbildung dieser Saftkanne sowie Seite 17, Marke der Kunstabteilung identisch, weitere Literatur: Sparkassen-Kulturstiftung Hessen-Th\u00fcringen, W\u00e4chtersbacher Steingut, Die Sammlung der Sparkassen-Kulturstiftung Hessen-Th\u00fcringen, Seite 103, Marke Nr. 25 identisch, weitere Literatur: Ludwig Rinn und Vonderau Museum Fulda, Markentafel W\u00e4chtersbacher Keramik, Seite 12, Marke Nr. 29 identisch, weitere Literatur: Museums- und Geschichtsverein Brachttal e. V., W\u00e4chtersbacher Steingut, Figuren und Fig\u00fcrliches, Seite 106, Markentafel, identische abgebildete Marke, weitere Literatur: Otto Pelka, Keramik der Neuzeit, Markentafel VIII, Marke in 125 identisch, Seite 212, Herstellerverzeichnis, Schlierbach, W\u00e4chtersbacher Steingutfabrik sowie Seite 222, Namenverzeichnis, W\u00e4chtersbacher Steingutfabrik, Schlierbach, M 125, siehe auch Auktionshaus Quittenbaum, 77. Auktion \u2013 Teil II, Jugendstil \u2013 Art D\u00e9co vom 21.10.2008, Lot 619, Neureuther Kanne, Deckel mit Sieb und Messingknauf, das MEK nimmt keine Fabrikbeschreibung vor und verweist auf die o. g. Literatur, H\u00f6he 21 cm, Breite 16 cm (nur die Keramik mit Deckel)<\/p>\n<p><a href=\"http:\/\/museumek.eu\/wp-content\/uploads\/2012\/08\/Museum-Europ\u00e4ischer-Keramikkunst-1969.jpg\"><img loading=\"lazy\" src=\"http:\/\/museumek.eu\/wp-content\/uploads\/2012\/08\/Museum-Europ\u00e4ischer-Keramikkunst-1969-212x300.jpg\" alt=\"\" title=\"Museum Europ\u00e4ischer Keramikkunst 1969\" width=\"212\" height=\"300\" class=\"alignnone size-medium wp-image-12707\" srcset=\"http:\/\/museumek.eu\/wp-content\/uploads\/2012\/08\/Museum-Europ\u00e4ischer-Keramikkunst-1969-212x300.jpg 212w, http:\/\/museumek.eu\/wp-content\/uploads\/2012\/08\/Museum-Europ\u00e4ischer-Keramikkunst-1969.jpg 463w\" sizes=\"(max-width: 212px) 100vw, 212px\" \/><\/a><\/p>\n<p><a href=\"http:\/\/museumek.eu\/wp-content\/uploads\/2012\/08\/Museum-Europ\u00e4ischer-Keramikkunst-1971.jpg\"><img loading=\"lazy\" src=\"http:\/\/museumek.eu\/wp-content\/uploads\/2012\/08\/Museum-Europ\u00e4ischer-Keramikkunst-1971-300x277.jpg\" alt=\"\" title=\"Museum Europ\u00e4ischer Keramikkunst 1971\" width=\"300\" height=\"277\" class=\"alignnone size-medium wp-image-12708\" srcset=\"http:\/\/museumek.eu\/wp-content\/uploads\/2012\/08\/Museum-Europ\u00e4ischer-Keramikkunst-1971-300x277.jpg 300w, http:\/\/museumek.eu\/wp-content\/uploads\/2012\/08\/Museum-Europ\u00e4ischer-Keramikkunst-1971-324x300.jpg 324w, http:\/\/museumek.eu\/wp-content\/uploads\/2012\/08\/Museum-Europ\u00e4ischer-Keramikkunst-1971.jpg 726w\" sizes=\"(max-width: 300px) 100vw, 300px\" \/><\/a><\/p>\n<p><a href=\"http:\/\/museumek.eu\/wp-content\/uploads\/2012\/08\/Museum-Europ\u00e4ischer-Keramikkunst-1975.jpg\"><img loading=\"lazy\" src=\"http:\/\/museumek.eu\/wp-content\/uploads\/2012\/08\/Museum-Europ\u00e4ischer-Keramikkunst-1975-258x300.jpg\" alt=\"\" title=\"Museum Europ\u00e4ischer Keramikkunst 1975\" width=\"258\" height=\"300\" class=\"alignnone size-medium wp-image-12709\" srcset=\"http:\/\/museumek.eu\/wp-content\/uploads\/2012\/08\/Museum-Europ\u00e4ischer-Keramikkunst-1975-258x300.jpg 258w, http:\/\/museumek.eu\/wp-content\/uploads\/2012\/08\/Museum-Europ\u00e4ischer-Keramikkunst-1975.jpg 355w\" sizes=\"(max-width: 258px) 100vw, 258px\" \/><\/a><\/p>\n<p><a href=\"http:\/\/museumek.eu\/wp-content\/uploads\/2012\/08\/Museum-Europ\u00e4ischer-Keramikkunst-1973.jpg\"><img loading=\"lazy\" src=\"http:\/\/museumek.eu\/wp-content\/uploads\/2012\/08\/Museum-Europ\u00e4ischer-Keramikkunst-1973-300x219.jpg\" alt=\"\" title=\"Museum Europ\u00e4ischer Keramikkunst 1973\" width=\"300\" height=\"219\" class=\"alignnone size-medium wp-image-12710\" srcset=\"http:\/\/museumek.eu\/wp-content\/uploads\/2012\/08\/Museum-Europ\u00e4ischer-Keramikkunst-1973-300x219.jpg 300w, http:\/\/museumek.eu\/wp-content\/uploads\/2012\/08\/Museum-Europ\u00e4ischer-Keramikkunst-1973-409x300.jpg 409w, http:\/\/museumek.eu\/wp-content\/uploads\/2012\/08\/Museum-Europ\u00e4ischer-Keramikkunst-1973.jpg 416w\" sizes=\"(max-width: 300px) 100vw, 300px\" \/><\/a><\/p>\n<p><a href=\"http:\/\/museumek.eu\/wp-content\/uploads\/2012\/08\/Museum-Europ\u00e4ischer-Keramikkunst-2885.jpg\"><img loading=\"lazy\" src=\"http:\/\/museumek.eu\/wp-content\/uploads\/2012\/08\/Museum-Europ\u00e4ischer-Keramikkunst-2885-300x175.jpg\" alt=\"\" title=\"Museum Europ\u00e4ischer Keramikkunst 2885\" width=\"300\" height=\"175\" class=\"alignnone size-medium wp-image-13396\" srcset=\"http:\/\/museumek.eu\/wp-content\/uploads\/2012\/08\/Museum-Europ\u00e4ischer-Keramikkunst-2885-300x175.jpg 300w, http:\/\/museumek.eu\/wp-content\/uploads\/2012\/08\/Museum-Europ\u00e4ischer-Keramikkunst-2885-500x292.jpg 500w, http:\/\/museumek.eu\/wp-content\/uploads\/2012\/08\/Museum-Europ\u00e4ischer-Keramikkunst-2885.jpg 883w\" sizes=\"(max-width: 300px) 100vw, 300px\" \/><\/a><\/p>\n<p><strong>Abteilung Deutschland, Keramik 1860 \u2013 1960, Inventarnummer D\/XLI\/7<\/strong><\/p>\n<p>W\u00e4chtersbacher Steingutfabrik, Deutschland, Schlierbach, ca. 1917, Saftkanne, K\u00fcnstler Christian Neureuther, Werks.-Nr. 6480 (Dekornummer), Exemplar Nr. ohne, gemarkt Firmenmarke mit KAW (f\u00fcr Kunstabteilung W\u00e4chtersbach, Leitung Christian Neureuther) sowie C.N. (f\u00fcr Christian Neureuther) blauer Stempel unter Glasur sowie 6480 blauer Stempel unter Glasur, 39?3 (Formnummer) gepresst, signiert am Boden Neureuther ? (schwer lesbar) schwarz gemalt, Literatur: Heinz und Lilo Frensch, W\u00e4chtersbacher Steingut, Seite 95, Beschreibung einer vollkommen Form identischen Saftkanne mit Dekornummer 6002, Jahr 1914, Entwurf Christian Neureuther sowie Beschreibung eines vollkommen Dekor identischen Saftkruges, Seite 96, Abbildung dieser Saftkanne und dieses Saftkruges sowie Seite 17, Marke der Kunstabteilung identisch, weitere Literatur: Sparkassen-Kulturstiftung Hessen-Th\u00fcringen, W\u00e4chtersbacher Steingut, Die Sammlung der Sparkassen-Kulturstiftung Hessen-Th\u00fcringen, Seite 103, Marke Nr. 25 identisch, weitere Literatur: Ludwig Rinn und Vonderau Museum Fulda, Markentafel W\u00e4chtersbacher Keramik, Seite 12, Marke Nr. 29 identisch, weitere Literatur: Museums- und Geschichtsverein Brachttal e. V., W\u00e4chtersbacher Steingut, Figuren und Fig\u00fcrliches, Seite 106, Markentafel, identische abgebildete Marke, weitere Literatur: Otto Pelka, Keramik der Neuzeit, Markentafel VIII, Marke  in 125 identisch, Seite 212, Herstellerverzeichnis, Schlierbach, W\u00e4chtersbacher Steingutfabrik sowie Seite 222, Namenverzeichnis, W\u00e4chtersbacher Steingutfabrik, Schlierbach, M 125, weitere Literatur: Brigitte Reuter, Museum f\u00fcr Kunst und Gewerbe, Die Jugendstilsammlung, Band 4: K\u00fcnstler S \u2013 Z, Seite 367, Beschreibung der Fabrik sowie Abbildung und Beschreibung 2295, Kanne mit fast identischem Dekor, identischer Form sowie identischer Marke, Entwurf Christian Neureuther, Inv. Nr. 1989.004., siehe auch Auktionshaus Quittenbaum, 77. Auktion \u2013 Teil II, Jugendstil \u2013 Art D\u00e9co vom 21.10.2008, Lot 619, Form identische Kanne, Steingut, heller Scherben, balusterf\u00f6rmiger, gl\u00e4nzend schwarz glasierter Gef\u00e4\u00dfk\u00f6rper, weich geschwungene T\u00fclle, geschweifter Henkel, umlaufend gr\u00fcnes, dreibl\u00e4ttriges Ornament mit bl\u00e4ulich violetten Beeren (Fotografie des MEK Exemplares, die dreibl\u00e4ttrige Ornamentierung erscheint bl\u00e4ulich, sie ist aber in der Farbe gr\u00fcn ausgef\u00fchrt, das MEK nimmt keine Fabrikbeschreibung vor und verweist auf die o. g. Literatur, H\u00f6he 18 cm, Breite 15 cm<\/p>\n<p><a href=\"http:\/\/museumek.eu\/wp-content\/uploads\/2012\/08\/Museum-Europ\u00e4ischer-Keramikkunst-1790.jpg\"><img loading=\"lazy\" src=\"http:\/\/museumek.eu\/wp-content\/uploads\/2012\/08\/Museum-Europ\u00e4ischer-Keramikkunst-1790-207x300.jpg\" alt=\"\" title=\"Museum Europ\u00e4ischer Keramikkunst 1790\" width=\"207\" height=\"300\" class=\"alignnone size-medium wp-image-12723\" srcset=\"http:\/\/museumek.eu\/wp-content\/uploads\/2012\/08\/Museum-Europ\u00e4ischer-Keramikkunst-1790-207x300.jpg 207w, http:\/\/museumek.eu\/wp-content\/uploads\/2012\/08\/Museum-Europ\u00e4ischer-Keramikkunst-1790.jpg 439w\" sizes=\"(max-width: 207px) 100vw, 207px\" \/><\/a><\/p>\n<p><a href=\"http:\/\/museumek.eu\/wp-content\/uploads\/2012\/08\/Museum-Europ\u00e4ischer-Keramikkunst-1791.jpg\"><img loading=\"lazy\" src=\"http:\/\/museumek.eu\/wp-content\/uploads\/2012\/08\/Museum-Europ\u00e4ischer-Keramikkunst-1791-300x295.jpg\" alt=\"\" title=\"Museum Europ\u00e4ischer Keramikkunst 1791\" width=\"300\" height=\"295\" class=\"alignnone size-medium wp-image-12724\" srcset=\"http:\/\/museumek.eu\/wp-content\/uploads\/2012\/08\/Museum-Europ\u00e4ischer-Keramikkunst-1791-300x295.jpg 300w, http:\/\/museumek.eu\/wp-content\/uploads\/2012\/08\/Museum-Europ\u00e4ischer-Keramikkunst-1791-304x300.jpg 304w, http:\/\/museumek.eu\/wp-content\/uploads\/2012\/08\/Museum-Europ\u00e4ischer-Keramikkunst-1791.jpg 520w\" sizes=\"(max-width: 300px) 100vw, 300px\" \/><\/a><\/p>\n<p><a href=\"http:\/\/museumek.eu\/wp-content\/uploads\/2012\/08\/Museum-Europ\u00e4ischer-Keramikkunst-1792.jpg\"><img loading=\"lazy\" src=\"http:\/\/museumek.eu\/wp-content\/uploads\/2012\/08\/Museum-Europ\u00e4ischer-Keramikkunst-1792-300x273.jpg\" alt=\"\" title=\"Museum Europ\u00e4ischer Keramikkunst 1792\" width=\"300\" height=\"273\" class=\"alignnone size-medium wp-image-12725\" srcset=\"http:\/\/museumek.eu\/wp-content\/uploads\/2012\/08\/Museum-Europ\u00e4ischer-Keramikkunst-1792-300x273.jpg 300w, http:\/\/museumek.eu\/wp-content\/uploads\/2012\/08\/Museum-Europ\u00e4ischer-Keramikkunst-1792-329x300.jpg 329w, http:\/\/museumek.eu\/wp-content\/uploads\/2012\/08\/Museum-Europ\u00e4ischer-Keramikkunst-1792.jpg 643w\" sizes=\"(max-width: 300px) 100vw, 300px\" \/><\/a><\/p>\n<p><a href=\"http:\/\/museumek.eu\/wp-content\/uploads\/2012\/08\/Museum-Europ\u00e4ischer-Keramikkunst-2885.jpg\"><img loading=\"lazy\" src=\"http:\/\/museumek.eu\/wp-content\/uploads\/2012\/08\/Museum-Europ\u00e4ischer-Keramikkunst-2885-300x175.jpg\" alt=\"\" title=\"Museum Europ\u00e4ischer Keramikkunst 2885\" width=\"300\" height=\"175\" class=\"alignnone size-medium wp-image-13396\" srcset=\"http:\/\/museumek.eu\/wp-content\/uploads\/2012\/08\/Museum-Europ\u00e4ischer-Keramikkunst-2885-300x175.jpg 300w, http:\/\/museumek.eu\/wp-content\/uploads\/2012\/08\/Museum-Europ\u00e4ischer-Keramikkunst-2885-500x292.jpg 500w, http:\/\/museumek.eu\/wp-content\/uploads\/2012\/08\/Museum-Europ\u00e4ischer-Keramikkunst-2885.jpg 883w\" sizes=\"(max-width: 300px) 100vw, 300px\" \/><\/a><\/p>\n<p><strong>Abteilung Deutschland, Keramik 1860 \u2013 1960, Inventarnummer D\/XLI\/10<\/strong><\/p>\n<p>W\u00e4chtersbacher Steingutfabrik, Deutschland, Schlierbach, um 1922, Deckeldose, K\u00fcnstler Christian Neureuther (attr.), Werks.-Nr. 6743 (Formnummer), Exemplar Nr. ohne, gemarkt Firmenmarke mit Krone, Schild sowie W ST (f\u00fcr W\u00e4chtersbacher Steingut), Marke der Kunstabteilung Schweitzer (1. Variante f\u00fcr die fr\u00fcheren Objekte) sowie 6743 rote Stempel unter Glasur, 291\/4 gepresst, nicht signiert, Literatur: Heinz und Lilo Frensch, W\u00e4chtersbacher Steingut, Seite 61, Beschreibung und Abbildung Nr. 127, dort Rosendekor von Christian Neureuther in Fortf\u00fchrug des Rosendekors von Hans Christiansen, jedoch bildhafter, Seite 117, Abbildung 294, vollplastisch gemalte Pfingstrosen von Christian Neureuther, Seite 129, dort beschrieben, dass die Kunstabteilung Neureuther im Jahre 1920 bei der Formnummer 6700 angekommen war sowie Seite 17, Markentafel, Marke identisch, insofern ist es m\u00f6glich dass dieses Dekor noch von Christian Neureuther entworfen wurde, da es sich der Formnummer nach, um eine sehr fr\u00fche Ausformung der Kunstabteilung Schweitzer handelt, die Kunstabteilung Schweitzer hat auch andere Entw\u00fcrfe der Kunstabteilung Neureuther ausgef\u00fchrt, weitere Literatur: Sparkassen-Kulturstiftung Hessen-Th\u00fcringen, W\u00e4chtersbacher Steingut, Die Sammlung der Sparkassen-Kulturstiftung Hessen-Th\u00fcringen, Seite 104, Marke Nr. 36 identisch, weitere Literatur: Museums- und Geschichtsverein Brachttal e. V., W\u00e4chtersbacher Steingut, Figuren und Fig\u00fcrliches, Seite 107, Markentafel, identische abgebildete Marke, heller Steingutscherben, olivgr\u00fcn und craqueliert, umlaufendes Rosendekor, siehe auch Autionshaus Quittenbaum, 25. Auktion, Jugendstil \u2013 Art D\u00e9co, vom 03.12.2001, Lot Nr. 774, \u00dcbertopf mit identischem Dekor, das MEK nimmt keine Fabrikbeschreibung vor und verweist auf die o. g. Literatur,<br \/>\nH\u00f6he 20 cm, Breite 16 cm<\/p>\n<p><a href=\"http:\/\/museumek.eu\/wp-content\/uploads\/2013\/03\/Museum-Europ\u00e4ischer-Keramikkunst-3924.jpg\"><img loading=\"lazy\" src=\"http:\/\/museumek.eu\/wp-content\/uploads\/2013\/03\/Museum-Europ\u00e4ischer-Keramikkunst-3924-224x300.jpg\" alt=\"\" title=\"Museum Europ\u00e4ischer Keramikkunst 3924\" width=\"224\" height=\"300\" class=\"alignnone size-medium wp-image-18756\" srcset=\"http:\/\/museumek.eu\/wp-content\/uploads\/2013\/03\/Museum-Europ\u00e4ischer-Keramikkunst-3924-224x300.jpg 224w, http:\/\/museumek.eu\/wp-content\/uploads\/2013\/03\/Museum-Europ\u00e4ischer-Keramikkunst-3924.jpg 650w\" sizes=\"(max-width: 224px) 100vw, 224px\" \/><\/a><\/p>\n<p><a href=\"http:\/\/museumek.eu\/wp-content\/uploads\/2013\/03\/Museum-Europ\u00e4ischer-Keramikkunst-3885.jpg\"><img loading=\"lazy\" src=\"http:\/\/museumek.eu\/wp-content\/uploads\/2013\/03\/Museum-Europ\u00e4ischer-Keramikkunst-3885-161x300.jpg\" alt=\"\" title=\"Museum Europ\u00e4ischer Keramikkunst 3885\" width=\"161\" height=\"300\" class=\"alignnone size-medium wp-image-18757\" srcset=\"http:\/\/museumek.eu\/wp-content\/uploads\/2013\/03\/Museum-Europ\u00e4ischer-Keramikkunst-3885-161x300.jpg 161w, http:\/\/museumek.eu\/wp-content\/uploads\/2013\/03\/Museum-Europ\u00e4ischer-Keramikkunst-3885.jpg 511w\" sizes=\"(max-width: 161px) 100vw, 161px\" \/><\/a><\/p>\n<p><a href=\"http:\/\/museumek.eu\/wp-content\/uploads\/2013\/03\/Museum-Europ\u00e4ischer-Keramikkunst-3887.jpg\"><img loading=\"lazy\" src=\"http:\/\/museumek.eu\/wp-content\/uploads\/2013\/03\/Museum-Europ\u00e4ischer-Keramikkunst-3887-206x300.jpg\" alt=\"\" title=\"Museum Europ\u00e4ischer Keramikkunst 3887\" width=\"206\" height=\"300\" class=\"alignnone size-medium wp-image-18758\" srcset=\"http:\/\/museumek.eu\/wp-content\/uploads\/2013\/03\/Museum-Europ\u00e4ischer-Keramikkunst-3887-206x300.jpg 206w, http:\/\/museumek.eu\/wp-content\/uploads\/2013\/03\/Museum-Europ\u00e4ischer-Keramikkunst-3887.jpg 408w\" sizes=\"(max-width: 206px) 100vw, 206px\" \/><\/a><\/p>\n<p><a href=\"http:\/\/museumek.eu\/wp-content\/uploads\/2013\/03\/Museum-Europ\u00e4ischer-Keramikkunst-3888.jpg\"><img loading=\"lazy\" src=\"http:\/\/museumek.eu\/wp-content\/uploads\/2013\/03\/Museum-Europ\u00e4ischer-Keramikkunst-3888.jpg\" alt=\"\" title=\"Museum Europ\u00e4ischer Keramikkunst 3888\" width=\"292\" height=\"179\" class=\"alignnone size-full wp-image-18759\" \/><\/a><\/p>\n<p><a href=\"http:\/\/museumek.eu\/wp-content\/uploads\/2013\/03\/Museum-Europ\u00e4ischer-Keramikkunst-3889.jpg\"><img loading=\"lazy\" src=\"http:\/\/museumek.eu\/wp-content\/uploads\/2013\/03\/Museum-Europ\u00e4ischer-Keramikkunst-3889-149x300.jpg\" alt=\"\" title=\"Museum Europ\u00e4ischer Keramikkunst 3889\" width=\"149\" height=\"300\" class=\"alignnone size-medium wp-image-18760\" srcset=\"http:\/\/museumek.eu\/wp-content\/uploads\/2013\/03\/Museum-Europ\u00e4ischer-Keramikkunst-3889-149x300.jpg 149w, http:\/\/museumek.eu\/wp-content\/uploads\/2013\/03\/Museum-Europ\u00e4ischer-Keramikkunst-3889.jpg 483w\" sizes=\"(max-width: 149px) 100vw, 149px\" \/><\/a><\/p>\n<p><a href=\"http:\/\/museumek.eu\/wp-content\/uploads\/2013\/03\/Museum-Europ\u00e4ischer-Keramikkunst-4187.jpg\"><img loading=\"lazy\" src=\"http:\/\/museumek.eu\/wp-content\/uploads\/2013\/03\/Museum-Europ\u00e4ischer-Keramikkunst-4187-155x300.jpg\" alt=\"\" title=\"Museum Europ\u00e4ischer Keramikkunst 4187\" width=\"155\" height=\"300\" class=\"alignnone size-medium wp-image-18755\" \/><\/a><\/p>\n","protected":false},"excerpt":{"rendered":"<p>Abteilung Deutschland, Keramik 1860 \u2013 1960, Inventarnummer D\/XLI\/6 W\u00e4chtersbacher Steingutfabrik, Deutschland, Schlierbach, ca. 1915, Saftkanne, K\u00fcnstler Christian Neureuther, Werks.-Nr. 6020 (Dekornummer), Exemplar Nr. ohne, gemarkt Firmenmarke mit KAW (f\u00fcr Kunstabteilung W\u00e4chtersbach, Leitung Christian Neureuther) sowie C.N. (f\u00fcr Christian Neureuther) blauer &hellip; <a href=\"http:\/\/museumek.eu\/?page_id=12716\">Weiterlesen <span class=\"meta-nav\">&rarr;<\/span><\/a><\/p>\n","protected":false},"author":1,"featured_media":0,"parent":12713,"menu_order":1,"comment_status":"closed","ping_status":"open","template":"","meta":[],"_links":{"self":[{"href":"http:\/\/museumek.eu\/index.php?rest_route=\/wp\/v2\/pages\/12716"}],"collection":[{"href":"http:\/\/museumek.eu\/index.php?rest_route=\/wp\/v2\/pages"}],"about":[{"href":"http:\/\/museumek.eu\/index.php?rest_route=\/wp\/v2\/types\/page"}],"author":[{"embeddable":true,"href":"http:\/\/museumek.eu\/index.php?rest_route=\/wp\/v2\/users\/1"}],"replies":[{"embeddable":true,"href":"http:\/\/museumek.eu\/index.php?rest_route=%2Fwp%2Fv2%2Fcomments&post=12716"}],"version-history":[{"count":12,"href":"http:\/\/museumek.eu\/index.php?rest_route=\/wp\/v2\/pages\/12716\/revisions"}],"predecessor-version":[{"id":25553,"href":"http:\/\/museumek.eu\/index.php?rest_route=\/wp\/v2\/pages\/12716\/revisions\/25553"}],"up":[{"embeddable":true,"href":"http:\/\/museumek.eu\/index.php?rest_route=\/wp\/v2\/pages\/12713"}],"wp:attachment":[{"href":"http:\/\/museumek.eu\/index.php?rest_route=%2Fwp%2Fv2%2Fmedia&parent=12716"}],"curies":[{"name":"wp","href":"https:\/\/api.w.org\/{rel}","templated":true}]}}