{"id":13520,"date":"2012-09-09T11:47:53","date_gmt":"2012-09-09T09:47:53","guid":{"rendered":"http:\/\/museumek.eu\/?page_id=13520"},"modified":"2012-11-11T13:37:01","modified_gmt":"2012-11-11T12:37:01","slug":"fotos-und-beschreibung","status":"publish","type":"page","link":"http:\/\/museumek.eu\/?page_id=13520","title":{"rendered":"Fotos und Beschreibung"},"content":{"rendered":"<p><strong>Abteilung Deutschland, Keramik 1860 \u2013 1960, Inventarnummer D\/LV\/1<\/strong><\/p>\n<p>Manufaktur K\u00f6nigliche Porzellan-Manufaktur Berlin, Deutschland, Berlin, 1916, Zierteller, K\u00fcnstler unbekannt, Werks.-Nr. ohne, Exemplar Nr. ohne, gemarkt Szeptermarke blau unter Glasur, Eisernes Kreuz (Kriegsmarke 1914 \u2013 1918, seit 21.10.1914 auf Glasur, ab 02.03.1915 unter Glasur) schwarz unter Glasur, Q (Jahresbuchstabe Q f\u00fcr Jahr 1916) sowie 3 Punkte (3 Punkte = Monat M\u00e4rz) sowie C (oder Halbkreis) gepresst, nicht signiert, Literatur: Otto Pelka, Keramik der Neuzeit, Markentafel I, im Markenkasten 6, beide Marken abgebildet, weitere Literatur: Bestandskatalog Bd. V.I des Br\u00f6han Museums, Porzellan, Kunst und Design 1889 \u2013 1929, Vom Jugendstil zum Funktionalismus, Seite 81, Markenabbildungen Nr. 1, 5 sowie 11 identisch sowie Seite 82, Erkl\u00e4rung Datierungssystem, weitere Literatur: J. G. Th. Graesse und E. Jaenicke, F\u00fchrer f\u00fcr Sammler von Porzellan und Fayence, Steinzeug, Steingut usw., Seite 435, Marken Nr. 27 sowie Nr. 37 identisch, blauer Fonds mit reichlicher Goldmalerei, ein Schleifstrich, Durchmesser 18,5 cm<\/p>\n<p><a href=\"http:\/\/museumek.eu\/wp-content\/uploads\/2012\/09\/Museum-Europ\u00e4ischer-Keramikkunst-2694.jpg\"><img loading=\"lazy\" src=\"http:\/\/museumek.eu\/wp-content\/uploads\/2012\/09\/Museum-Europ\u00e4ischer-Keramikkunst-2694-300x290.jpg\" alt=\"\" title=\"Museum Europ\u00e4ischer Keramikkunst 2694\" width=\"300\" height=\"290\" class=\"alignnone size-medium wp-image-13510\" srcset=\"http:\/\/museumek.eu\/wp-content\/uploads\/2012\/09\/Museum-Europ\u00e4ischer-Keramikkunst-2694-300x290.jpg 300w, http:\/\/museumek.eu\/wp-content\/uploads\/2012\/09\/Museum-Europ\u00e4ischer-Keramikkunst-2694-309x300.jpg 309w, http:\/\/museumek.eu\/wp-content\/uploads\/2012\/09\/Museum-Europ\u00e4ischer-Keramikkunst-2694.jpg 716w\" sizes=\"(max-width: 300px) 100vw, 300px\" \/><\/a><\/p>\n<p><a href=\"http:\/\/museumek.eu\/wp-content\/uploads\/2012\/09\/Museum-Europ\u00e4ischer-Keramikkunst-26951.jpg\"><img loading=\"lazy\" src=\"http:\/\/museumek.eu\/wp-content\/uploads\/2012\/09\/Museum-Europ\u00e4ischer-Keramikkunst-26951-290x300.jpg\" alt=\"\" title=\"Museum Europ\u00e4ischer Keramikkunst 2695\" width=\"290\" height=\"300\" class=\"alignnone size-medium wp-image-13512\" srcset=\"http:\/\/museumek.eu\/wp-content\/uploads\/2012\/09\/Museum-Europ\u00e4ischer-Keramikkunst-26951-290x300.jpg 290w, http:\/\/museumek.eu\/wp-content\/uploads\/2012\/09\/Museum-Europ\u00e4ischer-Keramikkunst-26951.jpg 369w\" sizes=\"(max-width: 290px) 100vw, 290px\" \/><\/a><\/p>\n<p><a href=\"http:\/\/museumek.eu\/wp-content\/uploads\/2012\/09\/Museum-Europ\u00e4ischer-Keramikkunst-2698.jpg\"><img loading=\"lazy\" src=\"http:\/\/museumek.eu\/wp-content\/uploads\/2012\/09\/Museum-Europ\u00e4ischer-Keramikkunst-2698-196x300.jpg\" alt=\"\" title=\"Museum Europ\u00e4ischer Keramikkunst 2698\" width=\"196\" height=\"300\" class=\"alignnone size-medium wp-image-13513\" srcset=\"http:\/\/museumek.eu\/wp-content\/uploads\/2012\/09\/Museum-Europ\u00e4ischer-Keramikkunst-2698-196x300.jpg 196w, http:\/\/museumek.eu\/wp-content\/uploads\/2012\/09\/Museum-Europ\u00e4ischer-Keramikkunst-2698.jpg 314w\" sizes=\"(max-width: 196px) 100vw, 196px\" \/><\/a><\/p>\n<p><strong>Abteilung Deutschland, Keramik 1860 \u2013 1960, Inventarnummer D\/LV\/2<\/strong><\/p>\n<p>Manufaktur K\u00f6nigliche Porzellan-Manufaktur Berlin, Deutschland, Berlin, 1910, Vase, K\u00fcnstler unbekannt, Werks.-Nr. 8008 (Modellnummer), Exemplar Nr. ohne, gemarkt Szeptermarke blau unter Glasur, 8008 (Entwurfjahr 1905, Modellnummern von 7786 bis 8110 = 1905) sowie K ? (Jahr 1910, Buchstabe K = Jahr 1910, Herstellung der Weissmasse und wohl auch der Ausf\u00fchrung) gepresst sowie eine weitere nicht aufl\u00f6sbare Pressung (alle Pressungen schwer lesbar), nicht signiert, Literatur: Otto Pelka, Keramik der Neuzeit, Markentafel I, im Markenkasten 6, Marke abgebildet, weitere Literatur: Bestandskatalog Bd. V.I des Br\u00f6han Museums, Porzellan, Kunst und Design 1889 \u2013 1929, Vom Jugendstil zum Funktionalismus, Seite 81, Marke Nr. 1 identisch sowie Seite 82, Erkl\u00e4rung Datierungssystem, weitere Literatur: J. G. Th. Graesse und E. Jaenicke, F\u00fchrer f\u00fcr Sammler von Porzellan und Fayence, Steinzeug, Steingut usw., Seite 435, Marke Nr. 27 identisch, siehe auch Auktionshaus Herr, K\u00f6ln, Auktion vom 13.10.2007, Dekorstil \u00e4hnliche, kleinere Vase, dort noch zus\u00e4tzlich mit Email sowie Auktionshaus Quittenbaum, 67. Auktion vom 20.10.2007, Lot Nr. 2, Dekorstil \u00e4hnliche, kleinere Vase, dort noch zus\u00e4tzlich mit Email, Dekor mit Goldfaden auf marmoriertem Grund, ein Schleifstrich, H\u00f6he 18 cm, Breite 8 cm<\/p>\n<p><a href=\"http:\/\/museumek.eu\/wp-content\/uploads\/2012\/09\/Museum-Europ\u00e4ischer-Keramikkunst-2172.jpg\"><img loading=\"lazy\" src=\"http:\/\/museumek.eu\/wp-content\/uploads\/2012\/09\/Museum-Europ\u00e4ischer-Keramikkunst-2172-168x300.jpg\" alt=\"\" title=\"Museum Europ\u00e4ischer Keramikkunst 2172\" width=\"168\" height=\"300\" class=\"alignnone size-medium wp-image-13550\" srcset=\"http:\/\/museumek.eu\/wp-content\/uploads\/2012\/09\/Museum-Europ\u00e4ischer-Keramikkunst-2172-168x300.jpg 168w, http:\/\/museumek.eu\/wp-content\/uploads\/2012\/09\/Museum-Europ\u00e4ischer-Keramikkunst-2172.jpg 454w\" sizes=\"(max-width: 168px) 100vw, 168px\" \/><\/a><\/p>\n<p><a href=\"http:\/\/museumek.eu\/wp-content\/uploads\/2012\/09\/Museum-Europ\u00e4ischer-Keramikkunst-2174.jpg\"><img loading=\"lazy\" src=\"http:\/\/museumek.eu\/wp-content\/uploads\/2012\/09\/Museum-Europ\u00e4ischer-Keramikkunst-2174-300x172.jpg\" alt=\"\" title=\"Museum Europ\u00e4ischer Keramikkunst 2174\" width=\"300\" height=\"172\" class=\"alignnone size-medium wp-image-13551\" srcset=\"http:\/\/museumek.eu\/wp-content\/uploads\/2012\/09\/Museum-Europ\u00e4ischer-Keramikkunst-2174-300x172.jpg 300w, http:\/\/museumek.eu\/wp-content\/uploads\/2012\/09\/Museum-Europ\u00e4ischer-Keramikkunst-2174-500x287.jpg 500w, http:\/\/museumek.eu\/wp-content\/uploads\/2012\/09\/Museum-Europ\u00e4ischer-Keramikkunst-2174.jpg 723w\" sizes=\"(max-width: 300px) 100vw, 300px\" \/><\/a><\/p>\n<p><a href=\"http:\/\/museumek.eu\/wp-content\/uploads\/2012\/09\/Auktionshaus-Herr-KPM-Vase.jpg\"><img loading=\"lazy\" src=\"http:\/\/museumek.eu\/wp-content\/uploads\/2012\/09\/Auktionshaus-Herr-KPM-Vase-300x227.jpg\" alt=\"\" title=\"Auktionshaus Herr KPM Vase\" width=\"300\" height=\"227\" class=\"alignnone size-medium wp-image-13552\" srcset=\"http:\/\/museumek.eu\/wp-content\/uploads\/2012\/09\/Auktionshaus-Herr-KPM-Vase-300x227.jpg 300w, http:\/\/museumek.eu\/wp-content\/uploads\/2012\/09\/Auktionshaus-Herr-KPM-Vase-395x300.jpg 395w, http:\/\/museumek.eu\/wp-content\/uploads\/2012\/09\/Auktionshaus-Herr-KPM-Vase.jpg 425w\" sizes=\"(max-width: 300px) 100vw, 300px\" \/><\/a><\/p>\n<p><a href=\"http:\/\/museumek.eu\/wp-content\/uploads\/2012\/09\/KPM-Vase-Quittenbaum.jpg\"><img loading=\"lazy\" src=\"http:\/\/museumek.eu\/wp-content\/uploads\/2012\/09\/KPM-Vase-Quittenbaum-300x128.jpg\" alt=\"\" title=\"KPM Vase Quittenbaum\" width=\"300\" height=\"128\" class=\"alignnone size-medium wp-image-13553\" srcset=\"http:\/\/museumek.eu\/wp-content\/uploads\/2012\/09\/KPM-Vase-Quittenbaum-300x128.jpg 300w, http:\/\/museumek.eu\/wp-content\/uploads\/2012\/09\/KPM-Vase-Quittenbaum-500x214.jpg 500w, http:\/\/museumek.eu\/wp-content\/uploads\/2012\/09\/KPM-Vase-Quittenbaum.jpg 598w\" sizes=\"(max-width: 300px) 100vw, 300px\" \/><\/a><\/p>\n<p><strong>Abteilung Deutschland, Keramik 1860 \u2013 1960, Inventarnummer D\/LV\/3<\/strong><\/p>\n<p>Manufaktur K\u00f6nigliche Porzellan-Manufaktur Berlin, Deutschland, Berlin, 1913, Teller aus dem Tafelservice Ceres, K\u00fcnstler Theodor Hermann Schmuz-Baudiss, Werks.-Nr. ohne, Exemplar Nr. ohne, gemarkt Szeptermarke blau unter Glasur, roter Reichsapfel unter Glasur, roter Jubil\u00e4umsstempel (1763 FR 1913) auf Glasur, KPM roter Stempel auf Glasur, STB (K\u00fcnstlermonogramm Theodor Hermann Schmuz-Baudiss) gr\u00fcner Stempel auf Glasur, signiert = gemarkt, Literatur: Otto Pelka, Keramik der Neuzeit, Markentafel I, im Markenkasten 6, alle Marken au\u00dfer STB abgebildet, weitere Literatur: Bestandskatalog Bd. V.I des Br\u00f6han Museums, Porzellan, Kunst und Design 1889 \u2013 1929, Vom Jugendstil zum Funktionalismus, Seite 81, Marke Nr. 9 identisch, bezogen auf STB, Marken Nr. 11 sowie Nr. 12 identisch sowie Seite 168 ff, Abbildungen und Beschreibung des Ceres Tafelservice, weitere Literatur: J. G. Th. Graesse und E. Jaenicke, F\u00fchrer f\u00fcr Sammler von Porzellan und Fayence, Steinzeug, Steingut usw., Seite 435, Marken Nr. 27, 34 sowie 36 identisch, weitere Literatur: Wilhelm Siemen und Museum der Deutschen Porzellanindustrie Hohenberg an der Eger, Theodor Hermann Schmuz-Baudiss, Seite 136 ff., Abbildung und Beschreibung des Ceres Tafelservice sowie Seite 225, Marke Nr. 9 identisch, f\u00fcr STB Marken Nr. 8, 10, 11 sowie 15 identisch, siehe auch Auktionshaus Quittenbaum, Auktion 89 A vom 20.04.2010, Lot Nr. 522, etwas gr\u00f6\u00dferer Teller des Ceres Tafelservice mit durchbrochener Fahne aus dem Jahr 1916, Durchmesser 17 cm<\/p>\n<p><a href=\"http:\/\/museumek.eu\/wp-content\/uploads\/2012\/09\/Museum-Europ\u00e4ischer-Keramikkunst-2223.jpg\"><img loading=\"lazy\" src=\"http:\/\/museumek.eu\/wp-content\/uploads\/2012\/09\/Museum-Europ\u00e4ischer-Keramikkunst-2223-300x288.jpg\" alt=\"\" title=\"Museum Europ\u00e4ischer Keramikkunst 2223\" width=\"300\" height=\"288\" class=\"alignnone size-medium wp-image-13558\" srcset=\"http:\/\/museumek.eu\/wp-content\/uploads\/2012\/09\/Museum-Europ\u00e4ischer-Keramikkunst-2223-300x288.jpg 300w, http:\/\/museumek.eu\/wp-content\/uploads\/2012\/09\/Museum-Europ\u00e4ischer-Keramikkunst-2223-311x300.jpg 311w, http:\/\/museumek.eu\/wp-content\/uploads\/2012\/09\/Museum-Europ\u00e4ischer-Keramikkunst-2223.jpg 743w\" sizes=\"(max-width: 300px) 100vw, 300px\" \/><\/a><\/p>\n<p><a href=\"http:\/\/museumek.eu\/wp-content\/uploads\/2012\/09\/Museum-Europ\u00e4ischer-Keramikkunst-2224.jpg\"><img loading=\"lazy\" src=\"http:\/\/museumek.eu\/wp-content\/uploads\/2012\/09\/Museum-Europ\u00e4ischer-Keramikkunst-2224-136x300.jpg\" alt=\"\" title=\"Museum Europ\u00e4ischer Keramikkunst 2224\" width=\"136\" height=\"300\" class=\"alignnone size-medium wp-image-13559\" srcset=\"http:\/\/museumek.eu\/wp-content\/uploads\/2012\/09\/Museum-Europ\u00e4ischer-Keramikkunst-2224-136x300.jpg 136w, http:\/\/museumek.eu\/wp-content\/uploads\/2012\/09\/Museum-Europ\u00e4ischer-Keramikkunst-2224.jpg 278w\" sizes=\"(max-width: 136px) 100vw, 136px\" \/><\/a><\/p>\n<p><a href=\"http:\/\/museumek.eu\/wp-content\/uploads\/2012\/09\/Ceres-Teller-Quittenbaum.jpg\"><img loading=\"lazy\" src=\"http:\/\/museumek.eu\/wp-content\/uploads\/2012\/09\/Ceres-Teller-Quittenbaum-300x121.jpg\" alt=\"\" title=\"Ceres Teller Quittenbaum\" width=\"300\" height=\"121\" class=\"alignnone size-medium wp-image-13560\" srcset=\"http:\/\/museumek.eu\/wp-content\/uploads\/2012\/09\/Ceres-Teller-Quittenbaum-300x121.jpg 300w, http:\/\/museumek.eu\/wp-content\/uploads\/2012\/09\/Ceres-Teller-Quittenbaum-500x202.jpg 500w, http:\/\/museumek.eu\/wp-content\/uploads\/2012\/09\/Ceres-Teller-Quittenbaum.jpg 588w\" sizes=\"(max-width: 300px) 100vw, 300px\" \/><\/a><\/p>\n<p><strong>Abteilung Deutschland, Keramik 1860 \u2013 1960, Inventarnummer D\/LV\/4<\/strong><\/p>\n<p>Manufaktur K\u00f6nigliche Porzellan-Manufaktur Berlin, Deutschland, Berlin, 1914, Servierplatte aus dem Tafelservice Ceres, K\u00fcnstler Theodor Hermann Schmuz-Baudiss, Werks.-Nr. ohne, Exemplar Nr. ohne, gemarkt Szeptermarke blau unter Glasur, STB (K\u00fcnstlermonogramm Theodor Hermann Schmuz-Baudiss) gr\u00fcner Stempel auf Glasur, O (Jahresbuchstabe O = Jahr 1914), 4 Punkte (4 Punkte = Monat April), J sowie E gepresst, signiert = gemarkt, Literatur: Otto Pelka, Keramik der Neuzeit, Markentafel I, im Markenkasten 6, Marke identisch, weitere Literatur: Bestandskatalog Bd. V.I des Br\u00f6han Museums, Porzellan, Kunst und Design 1889 \u2013 1929, Vom Jugendstil zum Funktionalismus, Seite 81, Marke Nr. 1 identisch, bezogen auf STB, Marken Nr. 11 sowie Nr. 12 identisch, Seite 82, Erkl\u00e4rung Datierungssystem sowie Seite 168 ff., Abbildungen und Beschreibung des Ceres Tafelservice, weitere Literatur: J. G. Th. Graesse und E. Jaenicke, F\u00fchrer f\u00fcr Sammler von Porzellan und Fayence, Steinzeug, Steingut usw., Seite 435, Marke Nr. 27 identisch, weitere Literatur: Wilhelm Siemen und Museum der Deutschen Porzellanindustrie Hohenberg an der Eger, Theodor Hermann Schmuz-Baudiss, Seite 136 ff., Abbildung und Beschreibung des Ceres Tafelservice sowie Seite 225, Marke Nr. 8 identisch, Servierplatte unbemalt, ein Schleifstrich,<br \/>\nH\u00f6he 25 cm, Breite 33,3 cm<\/p>\n<p><a href=\"http:\/\/museumek.eu\/wp-content\/uploads\/2012\/09\/Museum-Europ\u00e4ischer-Keramikkunst-2464.jpg\"><img loading=\"lazy\" src=\"http:\/\/museumek.eu\/wp-content\/uploads\/2012\/09\/Museum-Europ\u00e4ischer-Keramikkunst-2464-236x300.jpg\" alt=\"\" title=\"Museum Europ\u00e4ischer Keramikkunst 2464\" width=\"236\" height=\"300\" class=\"alignnone size-medium wp-image-13565\" srcset=\"http:\/\/museumek.eu\/wp-content\/uploads\/2012\/09\/Museum-Europ\u00e4ischer-Keramikkunst-2464-236x300.jpg 236w, http:\/\/museumek.eu\/wp-content\/uploads\/2012\/09\/Museum-Europ\u00e4ischer-Keramikkunst-2464.jpg 724w\" sizes=\"(max-width: 236px) 100vw, 236px\" \/><\/a><\/p>\n<p><a href=\"http:\/\/museumek.eu\/wp-content\/uploads\/2012\/09\/Museum-Europ\u00e4ischer-Keramikkunst-2465.jpg\"><img loading=\"lazy\" src=\"http:\/\/museumek.eu\/wp-content\/uploads\/2012\/09\/Museum-Europ\u00e4ischer-Keramikkunst-2465-300x121.jpg\" alt=\"\" title=\"Museum Europ\u00e4ischer Keramikkunst 2465\" width=\"300\" height=\"121\" class=\"alignnone size-medium wp-image-13566\" srcset=\"http:\/\/museumek.eu\/wp-content\/uploads\/2012\/09\/Museum-Europ\u00e4ischer-Keramikkunst-2465-300x121.jpg 300w, http:\/\/museumek.eu\/wp-content\/uploads\/2012\/09\/Museum-Europ\u00e4ischer-Keramikkunst-2465-500x203.jpg 500w, http:\/\/museumek.eu\/wp-content\/uploads\/2012\/09\/Museum-Europ\u00e4ischer-Keramikkunst-2465.jpg 1024w\" sizes=\"(max-width: 300px) 100vw, 300px\" \/><\/a><\/p>\n<p><a href=\"http:\/\/museumek.eu\/wp-content\/uploads\/2012\/09\/Museum-Europ\u00e4ischer-Keramikkunst-2466.jpg\"><img loading=\"lazy\" src=\"http:\/\/museumek.eu\/wp-content\/uploads\/2012\/09\/Museum-Europ\u00e4ischer-Keramikkunst-2466-66x300.jpg\" alt=\"\" title=\"Museum Europ\u00e4ischer Keramikkunst 2466\" width=\"66\" height=\"300\" class=\"alignnone size-medium wp-image-13567\" \/><\/a><\/p>\n<p><a href=\"http:\/\/museumek.eu\/wp-content\/uploads\/2012\/09\/Museum-Europ\u00e4ischer-Keramikkunst-2467.jpg\"><img loading=\"lazy\" src=\"http:\/\/museumek.eu\/wp-content\/uploads\/2012\/09\/Museum-Europ\u00e4ischer-Keramikkunst-2467-145x300.jpg\" alt=\"\" title=\"Museum Europ\u00e4ischer Keramikkunst 2467\" width=\"145\" height=\"300\" class=\"alignnone size-medium wp-image-13568\" srcset=\"http:\/\/museumek.eu\/wp-content\/uploads\/2012\/09\/Museum-Europ\u00e4ischer-Keramikkunst-2467-145x300.jpg 145w, http:\/\/museumek.eu\/wp-content\/uploads\/2012\/09\/Museum-Europ\u00e4ischer-Keramikkunst-2467.jpg 207w\" sizes=\"(max-width: 145px) 100vw, 145px\" \/><\/a><\/p>\n<p><strong>Abteilung Deutschland, Keramik 1860 \u2013 1960, Inventarnummer D\/LV\/5<\/strong><\/p>\n<p>Manufaktur K\u00f6nigliche Porzellan-Manufaktur Berlin, Deutschland, Berlin, um 1860, Zierteller mit Fliege, K\u00fcnstler unbekannt, Werks.-Nr. ohne, Exemplar Nr. ohne, gemarkt Szeptermarke und \u201ePfennigmarke\u201c blau unter Glasur, B 3 gepresst, nicht signiert, Literatur: Otto Pelka, Keramik der Neuzeit, Markentafel I, im Markenkasten 6, Marke identisch, weitere Literatur: J. G. Th. Graesse und E. Jaenicke, F\u00fchrer f\u00fcr Sammler von Porzellan und Fayence, Steinzeug, Steingut usw., Seite 435, Marke Nr. 26 identisch, weitere Literatur: Gustav Wei\u00df, Ullstein Porzellanbuch, Seite 241, Marke identisch, siehe auch MEK D\/LV\/6, Zierteller mit Raupe aus der gleichen Serie, Durchmesser 17,5 cm<\/p>\n<p><a href=\"http:\/\/museumek.eu\/wp-content\/uploads\/2012\/11\/Museum-Europ\u00e4ischer-Keramikkunst-3346.jpg\"><img loading=\"lazy\" src=\"http:\/\/museumek.eu\/wp-content\/uploads\/2012\/11\/Museum-Europ\u00e4ischer-Keramikkunst-3346-300x294.jpg\" alt=\"\" title=\"Museum Europ\u00e4ischer Keramikkunst 3346\" width=\"300\" height=\"294\" class=\"alignnone size-medium wp-image-16473\" srcset=\"http:\/\/museumek.eu\/wp-content\/uploads\/2012\/11\/Museum-Europ\u00e4ischer-Keramikkunst-3346-300x294.jpg 300w, http:\/\/museumek.eu\/wp-content\/uploads\/2012\/11\/Museum-Europ\u00e4ischer-Keramikkunst-3346-306x300.jpg 306w, http:\/\/museumek.eu\/wp-content\/uploads\/2012\/11\/Museum-Europ\u00e4ischer-Keramikkunst-3346.jpg 713w\" sizes=\"(max-width: 300px) 100vw, 300px\" \/><\/a><\/p>\n<p><a href=\"http:\/\/museumek.eu\/wp-content\/uploads\/2012\/11\/Museum-Europ\u00e4ischer-Keramikkunst-3347.jpg\"><img loading=\"lazy\" src=\"http:\/\/museumek.eu\/wp-content\/uploads\/2012\/11\/Museum-Europ\u00e4ischer-Keramikkunst-3347-300x234.jpg\" alt=\"\" title=\"Museum Europ\u00e4ischer Keramikkunst 3347\" width=\"300\" height=\"234\" class=\"alignnone size-medium wp-image-16474\" srcset=\"http:\/\/museumek.eu\/wp-content\/uploads\/2012\/11\/Museum-Europ\u00e4ischer-Keramikkunst-3347-300x234.jpg 300w, http:\/\/museumek.eu\/wp-content\/uploads\/2012\/11\/Museum-Europ\u00e4ischer-Keramikkunst-3347-383x300.jpg 383w, http:\/\/museumek.eu\/wp-content\/uploads\/2012\/11\/Museum-Europ\u00e4ischer-Keramikkunst-3347.jpg 742w\" sizes=\"(max-width: 300px) 100vw, 300px\" \/><\/a><\/p>\n<p><a href=\"http:\/\/museumek.eu\/wp-content\/uploads\/2012\/11\/Museum-Europ\u00e4ischer-Keramikkunst-3349.jpg\"><img loading=\"lazy\" src=\"http:\/\/museumek.eu\/wp-content\/uploads\/2012\/11\/Museum-Europ\u00e4ischer-Keramikkunst-3349-147x300.jpg\" alt=\"\" title=\"Museum Europ\u00e4ischer Keramikkunst 3349\" width=\"147\" height=\"300\" class=\"alignnone size-medium wp-image-16475\" \/><\/a><\/p>\n<p><strong>Abteilung Deutschland, Keramik 1860 \u2013 1960, Inventarnummer D\/LV\/6<\/strong><\/p>\n<p>Manufaktur K\u00f6nigliche Porzellan-Manufaktur Berlin, Deutschland, Berlin, um 1860, Zierteller mit Raupe, K\u00fcnstler unbekannt, Werks.-Nr. ohne, Exemplar Nr. ohne, gemarkt Szeptermarke und \u201ePfennigmarke\u201c blau unter Glasur, 12 (?) gepresst, nicht signiert, Literatur: Otto Pelka, Keramik der Neuzeit, Markentafel I, im Markenkasten 6, Marke identisch, weitere Literatur: J. G. Th. Graesse und E. Jaenicke, F\u00fchrer f\u00fcr Sammler von Porzellan und Fayence, Steinzeug, Steingut usw., Seite 435, Marke Nr. 26 identisch, weitere Literatur: Gustav Wei\u00df, Ullstein Porzellanbuch, Seite 241, Marke identisch, siehe auch MEK D\/LV\/5, Zierteller mit Fliege aus der gleichen Serie, Durchmesser 17,5 cm<\/p>\n<p><a href=\"http:\/\/museumek.eu\/wp-content\/uploads\/2012\/11\/Museum-Europ\u00e4ischer-Keramikkunst-3350.jpg\"><img loading=\"lazy\" src=\"http:\/\/museumek.eu\/wp-content\/uploads\/2012\/11\/Museum-Europ\u00e4ischer-Keramikkunst-3350-300x285.jpg\" alt=\"\" title=\"Museum Europ\u00e4ischer Keramikkunst 3350\" width=\"300\" height=\"285\" class=\"alignnone size-medium wp-image-16481\" srcset=\"http:\/\/museumek.eu\/wp-content\/uploads\/2012\/11\/Museum-Europ\u00e4ischer-Keramikkunst-3350-300x285.jpg 300w, http:\/\/museumek.eu\/wp-content\/uploads\/2012\/11\/Museum-Europ\u00e4ischer-Keramikkunst-3350.jpg 758w\" sizes=\"(max-width: 300px) 100vw, 300px\" \/><\/a><\/p>\n<p><a href=\"http:\/\/museumek.eu\/wp-content\/uploads\/2012\/11\/Museum-Europ\u00e4ischer-Keramikkunst-3351.jpg\"><img loading=\"lazy\" src=\"http:\/\/museumek.eu\/wp-content\/uploads\/2012\/11\/Museum-Europ\u00e4ischer-Keramikkunst-3351-250x300.jpg\" alt=\"\" title=\"Museum Europ\u00e4ischer Keramikkunst 3351\" width=\"250\" height=\"300\" class=\"alignnone size-medium wp-image-16482\" srcset=\"http:\/\/museumek.eu\/wp-content\/uploads\/2012\/11\/Museum-Europ\u00e4ischer-Keramikkunst-3351-250x300.jpg 250w, http:\/\/museumek.eu\/wp-content\/uploads\/2012\/11\/Museum-Europ\u00e4ischer-Keramikkunst-3351.jpg 676w\" sizes=\"(max-width: 250px) 100vw, 250px\" \/><\/a><\/p>\n<p><a href=\"http:\/\/museumek.eu\/wp-content\/uploads\/2012\/11\/Museum-Europ\u00e4ischer-Keramikkunst-3352.jpg\"><img loading=\"lazy\" src=\"http:\/\/museumek.eu\/wp-content\/uploads\/2012\/11\/Museum-Europ\u00e4ischer-Keramikkunst-3352-293x300.jpg\" alt=\"\" title=\"Museum Europ\u00e4ischer Keramikkunst 3352\" width=\"293\" height=\"300\" class=\"alignnone size-medium wp-image-16483\" srcset=\"http:\/\/museumek.eu\/wp-content\/uploads\/2012\/11\/Museum-Europ\u00e4ischer-Keramikkunst-3352-293x300.jpg 293w, http:\/\/museumek.eu\/wp-content\/uploads\/2012\/11\/Museum-Europ\u00e4ischer-Keramikkunst-3352.jpg 537w\" sizes=\"(max-width: 293px) 100vw, 293px\" \/><\/a><\/p>\n<p><a href=\"http:\/\/museumek.eu\/wp-content\/uploads\/2012\/11\/Museum-Europ\u00e4ischer-Keramikkunst-3353.jpg\"><img loading=\"lazy\" src=\"http:\/\/museumek.eu\/wp-content\/uploads\/2012\/11\/Museum-Europ\u00e4ischer-Keramikkunst-3353-141x300.jpg\" alt=\"\" title=\"Museum Europ\u00e4ischer Keramikkunst 3353\" width=\"141\" height=\"300\" class=\"alignnone size-medium wp-image-16484\" srcset=\"http:\/\/museumek.eu\/wp-content\/uploads\/2012\/11\/Museum-Europ\u00e4ischer-Keramikkunst-3353-141x300.jpg 141w, http:\/\/museumek.eu\/wp-content\/uploads\/2012\/11\/Museum-Europ\u00e4ischer-Keramikkunst-3353.jpg 347w\" sizes=\"(max-width: 141px) 100vw, 141px\" \/><\/a><\/p>\n","protected":false},"excerpt":{"rendered":"<p>Abteilung Deutschland, Keramik 1860 \u2013 1960, Inventarnummer D\/LV\/1 Manufaktur K\u00f6nigliche Porzellan-Manufaktur Berlin, Deutschland, Berlin, 1916, Zierteller, K\u00fcnstler unbekannt, Werks.-Nr. ohne, Exemplar Nr. ohne, gemarkt Szeptermarke blau unter Glasur, Eisernes Kreuz (Kriegsmarke 1914 \u2013 1918, seit 21.10.1914 auf Glasur, ab 02.03.1915 &hellip; <a href=\"http:\/\/museumek.eu\/?page_id=13520\">Weiterlesen <span class=\"meta-nav\">&rarr;<\/span><\/a><\/p>\n","protected":false},"author":1,"featured_media":0,"parent":13517,"menu_order":1,"comment_status":"closed","ping_status":"open","template":"","meta":[],"_links":{"self":[{"href":"http:\/\/museumek.eu\/index.php?rest_route=\/wp\/v2\/pages\/13520"}],"collection":[{"href":"http:\/\/museumek.eu\/index.php?rest_route=\/wp\/v2\/pages"}],"about":[{"href":"http:\/\/museumek.eu\/index.php?rest_route=\/wp\/v2\/types\/page"}],"author":[{"embeddable":true,"href":"http:\/\/museumek.eu\/index.php?rest_route=\/wp\/v2\/users\/1"}],"replies":[{"embeddable":true,"href":"http:\/\/museumek.eu\/index.php?rest_route=%2Fwp%2Fv2%2Fcomments&post=13520"}],"version-history":[{"count":9,"href":"http:\/\/museumek.eu\/index.php?rest_route=\/wp\/v2\/pages\/13520\/revisions"}],"predecessor-version":[{"id":59480,"href":"http:\/\/museumek.eu\/index.php?rest_route=\/wp\/v2\/pages\/13520\/revisions\/59480"}],"up":[{"embeddable":true,"href":"http:\/\/museumek.eu\/index.php?rest_route=\/wp\/v2\/pages\/13517"}],"wp:attachment":[{"href":"http:\/\/museumek.eu\/index.php?rest_route=%2Fwp%2Fv2%2Fmedia&parent=13520"}],"curies":[{"name":"wp","href":"https:\/\/api.w.org\/{rel}","templated":true}]}}