{"id":13833,"date":"2012-09-15T14:34:47","date_gmt":"2012-09-15T12:34:47","guid":{"rendered":"http:\/\/museumek.eu\/?page_id=13833"},"modified":"2013-04-25T23:52:04","modified_gmt":"2013-04-25T21:52:04","slug":"kurzbiografie-und-inventar-zum-kunstler","status":"publish","type":"page","link":"http:\/\/museumek.eu\/?page_id=13833","title":{"rendered":"Kurzbiografie und Inventar zum K\u00fcnstler"},"content":{"rendered":"<p>Jean Langlade wurde 1879 geboren. Er starb 1928 wohl in Dampierre-sous-Bouhy. Langlade war um 1914 als Modelleur und Keramikh\u00e4ndler in Charenton t\u00e4tig. Um 1920 arbeitete er f\u00fcr Lucien Arnaud in dessen Werkstatt in Saint-Amand-en-Puisaye. Dort arbeitete er mit der der Soci\u00e9te Anonyme des Gr\u00e8s Flamm\u00e9s et C\u00e9ramiques zusammen. Ab 1922 arbeitete er in der von seiner Frau gegr\u00fcndete Werkstatt in Dampierre-sous-Bouhy mit, vorwiegend arbeitete er ab diesem Zeitpunkt in gr\u00e8s flamm\u00e9 und signierte eigenst\u00e4ndig mit Langlade weiter.<\/p>\n<p><strong>Abteilung Frankreich, Keramik 1860 \u2013 1960, Inventarnummer F\/XXX\/1<\/strong><\/p>\n<p>Jean Langlade, Frankreich, Dampierre-sous-Bouhy, Vase, um 1922, K\u00fcnstler Jean Langlade, Werksnummer 25, Exemplar Nr. <strong>Unikat<\/strong>, gemarkt Langlade sowie 25 geritzt, signiert = gemarkt, Literatur: Edgar Pelichet, Jugendstilkeramik, Seite 108, Langlade dort als Keramiker erw\u00e4hnt, der Steinzeuge mit Reduktionsglasur herstellte, weitere Literatur: Kunstgewerbemuseum der Stadt K\u00f6ln, Sammlung Gertrud u. Dr. Karl Funke-Kaiser, Keramik vom Historismus bis zur Gegenwart, Seite 187, Nr. 75, eine Vase von Langlade abgebildet und beschrieben, siehe auch Auktionshaus von Zezschwitz, Auktion 34 vom 19.04.2007, Lot 1006, dort kleinere Vase von Langlade,<br \/>\nH\u00f6he 17,3 cm, Breite 9 cm<\/p>\n<p><a href=\"http:\/\/museumek.eu\/wp-content\/uploads\/2012\/09\/Museum-Europ\u00e4ischer-Keramikkunst-1891.jpg\"><img loading=\"lazy\" src=\"http:\/\/museumek.eu\/wp-content\/uploads\/2012\/09\/Museum-Europ\u00e4ischer-Keramikkunst-1891-161x300.jpg\" alt=\"\" title=\"Museum Europ\u00e4ischer Keramikkunst 1891\" width=\"161\" height=\"300\" class=\"alignnone size-medium wp-image-13789\" srcset=\"http:\/\/museumek.eu\/wp-content\/uploads\/2012\/09\/Museum-Europ\u00e4ischer-Keramikkunst-1891-161x300.jpg 161w, http:\/\/museumek.eu\/wp-content\/uploads\/2012\/09\/Museum-Europ\u00e4ischer-Keramikkunst-1891.jpg 466w\" sizes=\"(max-width: 161px) 100vw, 161px\" \/><\/a><\/p>\n<p><a href=\"http:\/\/museumek.eu\/wp-content\/uploads\/2012\/09\/Museum-Europ\u00e4ischer-Keramikkunst-18891.jpg\"><img loading=\"lazy\" src=\"http:\/\/museumek.eu\/wp-content\/uploads\/2012\/09\/Museum-Europ\u00e4ischer-Keramikkunst-18891-300x287.jpg\" alt=\"\" title=\"Museum Europ\u00e4ischer Keramikkunst 1889\" width=\"300\" height=\"287\" class=\"alignnone size-medium wp-image-13791\" srcset=\"http:\/\/museumek.eu\/wp-content\/uploads\/2012\/09\/Museum-Europ\u00e4ischer-Keramikkunst-18891-300x287.jpg 300w, http:\/\/museumek.eu\/wp-content\/uploads\/2012\/09\/Museum-Europ\u00e4ischer-Keramikkunst-18891-313x300.jpg 313w, http:\/\/museumek.eu\/wp-content\/uploads\/2012\/09\/Museum-Europ\u00e4ischer-Keramikkunst-18891.jpg 684w\" sizes=\"(max-width: 300px) 100vw, 300px\" \/><\/a><\/p>\n<p><a href=\"http:\/\/museumek.eu\/wp-content\/uploads\/2012\/09\/Vase-langlade.jpg\"><img loading=\"lazy\" src=\"http:\/\/museumek.eu\/wp-content\/uploads\/2012\/09\/Vase-langlade-300x213.jpg\" alt=\"\" title=\"Vase langlade\" width=\"300\" height=\"213\" class=\"alignnone size-medium wp-image-13792\" srcset=\"http:\/\/museumek.eu\/wp-content\/uploads\/2012\/09\/Vase-langlade-300x213.jpg 300w, http:\/\/museumek.eu\/wp-content\/uploads\/2012\/09\/Vase-langlade-422x300.jpg 422w, http:\/\/museumek.eu\/wp-content\/uploads\/2012\/09\/Vase-langlade.jpg 998w\" sizes=\"(max-width: 300px) 100vw, 300px\" \/><\/a><\/p>\n","protected":false},"excerpt":{"rendered":"<p>Jean Langlade wurde 1879 geboren. Er starb 1928 wohl in Dampierre-sous-Bouhy. Langlade war um 1914 als Modelleur und Keramikh\u00e4ndler in Charenton t\u00e4tig. Um 1920 arbeitete er f\u00fcr Lucien Arnaud in dessen Werkstatt in Saint-Amand-en-Puisaye. Dort arbeitete er mit der der &hellip; <a href=\"http:\/\/museumek.eu\/?page_id=13833\">Weiterlesen <span class=\"meta-nav\">&rarr;<\/span><\/a><\/p>\n","protected":false},"author":1,"featured_media":0,"parent":13830,"menu_order":1,"comment_status":"closed","ping_status":"open","template":"","meta":[],"_links":{"self":[{"href":"http:\/\/museumek.eu\/index.php?rest_route=\/wp\/v2\/pages\/13833"}],"collection":[{"href":"http:\/\/museumek.eu\/index.php?rest_route=\/wp\/v2\/pages"}],"about":[{"href":"http:\/\/museumek.eu\/index.php?rest_route=\/wp\/v2\/types\/page"}],"author":[{"embeddable":true,"href":"http:\/\/museumek.eu\/index.php?rest_route=\/wp\/v2\/users\/1"}],"replies":[{"embeddable":true,"href":"http:\/\/museumek.eu\/index.php?rest_route=%2Fwp%2Fv2%2Fcomments&post=13833"}],"version-history":[{"count":3,"href":"http:\/\/museumek.eu\/index.php?rest_route=\/wp\/v2\/pages\/13833\/revisions"}],"predecessor-version":[{"id":20536,"href":"http:\/\/museumek.eu\/index.php?rest_route=\/wp\/v2\/pages\/13833\/revisions\/20536"}],"up":[{"embeddable":true,"href":"http:\/\/museumek.eu\/index.php?rest_route=\/wp\/v2\/pages\/13830"}],"wp:attachment":[{"href":"http:\/\/museumek.eu\/index.php?rest_route=%2Fwp%2Fv2%2Fmedia&parent=13833"}],"curies":[{"name":"wp","href":"https:\/\/api.w.org\/{rel}","templated":true}]}}