{"id":14632,"date":"2012-10-02T20:21:06","date_gmt":"2012-10-02T18:21:06","guid":{"rendered":"http:\/\/museumek.eu\/?page_id=14632"},"modified":"2012-10-02T20:21:06","modified_gmt":"2012-10-02T18:21:06","slug":"oz26","status":"publish","type":"page","link":"http:\/\/museumek.eu\/?page_id=14632","title":{"rendered":"OZ\/26"},"content":{"rendered":"<p><strong>Abteilung Ohne Zuordnung, Keramik 1860 \u2013 1960, Inventarnummer OZ\/26<\/strong><\/p>\n<p>Vase, vor 1950, gemarkt 2031, 9 L (?) sowie Buchstaben in einem Kreisstempel gepresst, 0 sowie 3 kleine Buchstaben gelb gemalt, nicht signiert, vom Ton sowie der farblichen Ausf\u00fchrung \u00e4hnlich wie P. Ipsens Enke KGL. Hof Terracottafabrik, D\u00e4nemark,<br \/>\nH\u00f6he 30 cm, Breite 18 cm<\/p>\n<p><a href=\"http:\/\/museumek.eu\/wp-content\/uploads\/2012\/10\/Museum-Europ\u00e4ischer-Keramikkunst-29781.jpg\"><img loading=\"lazy\" src=\"http:\/\/museumek.eu\/wp-content\/uploads\/2012\/10\/Museum-Europ\u00e4ischer-Keramikkunst-29781-181x300.jpg\" alt=\"\" title=\"Museum Europ\u00e4ischer Keramikkunst 2978\" width=\"181\" height=\"300\" class=\"alignnone size-medium wp-image-14634\" srcset=\"http:\/\/museumek.eu\/wp-content\/uploads\/2012\/10\/Museum-Europ\u00e4ischer-Keramikkunst-29781-181x300.jpg 181w, http:\/\/museumek.eu\/wp-content\/uploads\/2012\/10\/Museum-Europ\u00e4ischer-Keramikkunst-29781.jpg 597w\" sizes=\"(max-width: 181px) 100vw, 181px\" \/><\/a><\/p>\n<p><a href=\"http:\/\/museumek.eu\/wp-content\/uploads\/2012\/10\/Museum-Europ\u00e4ischer-Keramikkunst-2980.jpg\"><img loading=\"lazy\" src=\"http:\/\/museumek.eu\/wp-content\/uploads\/2012\/10\/Museum-Europ\u00e4ischer-Keramikkunst-2980-173x300.jpg\" alt=\"\" title=\"Museum Europ\u00e4ischer Keramikkunst 2980\" width=\"173\" height=\"300\" class=\"alignnone size-medium wp-image-14635\" srcset=\"http:\/\/museumek.eu\/wp-content\/uploads\/2012\/10\/Museum-Europ\u00e4ischer-Keramikkunst-2980-173x300.jpg 173w, http:\/\/museumek.eu\/wp-content\/uploads\/2012\/10\/Museum-Europ\u00e4ischer-Keramikkunst-2980.jpg 574w\" sizes=\"(max-width: 173px) 100vw, 173px\" \/><\/a><\/p>\n<p><a href=\"http:\/\/museumek.eu\/wp-content\/uploads\/2012\/10\/Museum-Europ\u00e4ischer-Keramikkunst-2982.jpg\"><img loading=\"lazy\" src=\"http:\/\/museumek.eu\/wp-content\/uploads\/2012\/10\/Museum-Europ\u00e4ischer-Keramikkunst-2982-300x296.jpg\" alt=\"\" title=\"Museum Europ\u00e4ischer Keramikkunst 2982\" width=\"300\" height=\"296\" class=\"alignnone size-medium wp-image-14636\" srcset=\"http:\/\/museumek.eu\/wp-content\/uploads\/2012\/10\/Museum-Europ\u00e4ischer-Keramikkunst-2982-300x296.jpg 300w, http:\/\/museumek.eu\/wp-content\/uploads\/2012\/10\/Museum-Europ\u00e4ischer-Keramikkunst-2982-303x300.jpg 303w, http:\/\/museumek.eu\/wp-content\/uploads\/2012\/10\/Museum-Europ\u00e4ischer-Keramikkunst-2982.jpg 398w\" sizes=\"(max-width: 300px) 100vw, 300px\" \/><\/a><\/p>\n<p><a href=\"http:\/\/museumek.eu\/wp-content\/uploads\/2012\/10\/Museum-Europ\u00e4ischer-Keramikkunst-2984.jpg\"><img loading=\"lazy\" src=\"http:\/\/museumek.eu\/wp-content\/uploads\/2012\/10\/Museum-Europ\u00e4ischer-Keramikkunst-2984-300x244.jpg\" alt=\"\" title=\"Museum Europ\u00e4ischer Keramikkunst 2984\" width=\"300\" height=\"244\" class=\"alignnone size-medium wp-image-14637\" srcset=\"http:\/\/museumek.eu\/wp-content\/uploads\/2012\/10\/Museum-Europ\u00e4ischer-Keramikkunst-2984-300x244.jpg 300w, http:\/\/museumek.eu\/wp-content\/uploads\/2012\/10\/Museum-Europ\u00e4ischer-Keramikkunst-2984-367x300.jpg 367w, http:\/\/museumek.eu\/wp-content\/uploads\/2012\/10\/Museum-Europ\u00e4ischer-Keramikkunst-2984.jpg 725w\" sizes=\"(max-width: 300px) 100vw, 300px\" \/><\/a><\/p>\n","protected":false},"excerpt":{"rendered":"<p>Abteilung Ohne Zuordnung, Keramik 1860 \u2013 1960, Inventarnummer OZ\/26 Vase, vor 1950, gemarkt 2031, 9 L (?) sowie Buchstaben in einem Kreisstempel gepresst, 0 sowie 3 kleine Buchstaben gelb gemalt, nicht signiert, vom Ton sowie der farblichen Ausf\u00fchrung \u00e4hnlich wie &hellip; <a href=\"http:\/\/museumek.eu\/?page_id=14632\">Weiterlesen <span class=\"meta-nav\">&rarr;<\/span><\/a><\/p>\n","protected":false},"author":1,"featured_media":0,"parent":6666,"menu_order":26,"comment_status":"closed","ping_status":"open","template":"","meta":[],"_links":{"self":[{"href":"http:\/\/museumek.eu\/index.php?rest_route=\/wp\/v2\/pages\/14632"}],"collection":[{"href":"http:\/\/museumek.eu\/index.php?rest_route=\/wp\/v2\/pages"}],"about":[{"href":"http:\/\/museumek.eu\/index.php?rest_route=\/wp\/v2\/types\/page"}],"author":[{"embeddable":true,"href":"http:\/\/museumek.eu\/index.php?rest_route=\/wp\/v2\/users\/1"}],"replies":[{"embeddable":true,"href":"http:\/\/museumek.eu\/index.php?rest_route=%2Fwp%2Fv2%2Fcomments&post=14632"}],"version-history":[{"count":2,"href":"http:\/\/museumek.eu\/index.php?rest_route=\/wp\/v2\/pages\/14632\/revisions"}],"predecessor-version":[{"id":14639,"href":"http:\/\/museumek.eu\/index.php?rest_route=\/wp\/v2\/pages\/14632\/revisions\/14639"}],"up":[{"embeddable":true,"href":"http:\/\/museumek.eu\/index.php?rest_route=\/wp\/v2\/pages\/6666"}],"wp:attachment":[{"href":"http:\/\/museumek.eu\/index.php?rest_route=%2Fwp%2Fv2%2Fmedia&parent=14632"}],"curies":[{"name":"wp","href":"https:\/\/api.w.org\/{rel}","templated":true}]}}