{"id":16391,"date":"2012-11-09T15:12:49","date_gmt":"2012-11-09T14:12:49","guid":{"rendered":"http:\/\/museumek.eu\/?page_id=16391"},"modified":"2014-05-08T23:24:01","modified_gmt":"2014-05-08T21:24:01","slug":"kurzbiografie-und-inventar-zum-kunstler","status":"publish","type":"page","link":"http:\/\/museumek.eu\/?page_id=16391","title":{"rendered":"Kurzbiografie und Inventar zum K\u00fcnstler"},"content":{"rendered":"<p><strong>Abteilung Austria\/Ungarn\/B\u00f6hmen, Keramik 1860 \u2013 1960, Inventarnummer A\/I\/16<\/strong><\/p>\n<p>Wiener Manufaktur Friedrich Goldscheider, Austria, Wien, ca. 1923, Figur (Lampe) Rokokopaar (hier Ausf\u00fchrung nicht als Lampe und ohne Kabell\u00f6cher), K\u00fcnstler Johanna Meier-Michel oder Emil Meier, Werks.-Nr. 5101\/Exemplar Nr. 69\/Modelleur Nr. 18, gemarkt Firmenmarke mit Goldscheider Wien, GWM (Wiener Manufaktur Goldscheider) sowie Made in Austria schwarze Stempel, D. 1, Querstrich, IV., Querstrich sowie F. (f\u00fcr Fayence) schwarz gemalt, 5101, 69, 18 sowie Zusatzzeichen L im Kreis alles gepresst, Meier geritzt, signiert Meier, Literatur: Robert E. Dechant\/Filipp Goldscheider, Firmengeschichte und Werkverzeichnis, Seite 399, dort noch ohne Foto sowie Seite 604, Firmenmarke GS 19 (f\u00fcr die Zeit 1922 \u2013 1941) identisch, die Urspr\u00fcnge der Firma gehen zur\u00fcck auf das Pilsener Handelsunternehmen Moritz Goldscheider der 1860\u2018 Jahre, nach dem Tode von Moritz Goldscheider werden die Br\u00fcder Eduard und Friedrich Goldscheider Eigent\u00fcmer und firmieren ab 1877 als M. Goldscheider\u2019s Erben, Thon-und Kunststeinmanufactur Werk Moldau und ab 1878 als Br\u00fcder Goldscheider, im Jahre 1878 wandert Friedrich Goldscheider nach Wien aus und Eduard f\u00fchrt die Firma in Pilsen bis zum Konkurs 1892 allein weiter, Friedrich Goldscheider firmiert in Wien ab 1880 als Goldscheider\u2019sche Porzellan-Manufaktur und Porzellanmalerei, neben Handelsgesch\u00e4ften betreibt die Firma vorwiegend die Porzellanmalerei, das Porzellan wird von b\u00f6hmischen Manufakturen bezogen und teilweise auch in B\u00f6hmen bemalt, ab 1885 \u00e4ndert sich die Firmierung in Goldscheider\u2019sche Porzellan-Manufaktur und Majolicafabrik, das Jahr 1885 gilt als das offizielle Gr\u00fcndungsjahr, ab 1887 bezeichnet Friedrich Goldscheider seine Fabrik als Erste Wiener Terracotta- und Majolika-Fabrik Friedrich Goldscheider oder als Erste Wiener Kunst-Terracotta-Fabrik und kunstgewerbliche Ateliers Friedrich Goldscheider und offiziell ab 1894 als Friedrich Goldscheider Erste Wiener Terrakottafabrik, Friedrich Goldscheider stirbt im Jahre 1897, seine Ehefrau Regine Goldscheider wird Alleineigent\u00fcmer und firmiert ab 1899 als Friedrich Goldscheider in Wien, Berlin und Leipzig, ab 1907 firmiert die Firma als Erste Wiener Terrakottafabrik und Atelier f\u00fcr k\u00fcnstlerische Fayencen Friedrich Goldscheider, im Jahre 1918 stirbt Regine und die S\u00f6hne Walter und Marcell Goldscheider werden Inhaber, ab 1921 \u00e4ndert sich die Firmierung in Wiener Manufaktur Friedrich Goldscheider, 1928 scheidet Marcell Goldscheider aus und gr\u00fcndet seine eigene Firma in Wien, 1939 wird die Firma arisiert und Josef Schuster wird Inhaber, Firmierung ab 1939, Wiener Manufaktur Friedrich Goldscheider Nachf., Inhaber Josef Schuster, ab 1941 lautet die Firmierung Wiener Manufaktur Josef Schuster, vorm. Friedrich Goldscheider, nach dem WK II erh\u00e4lt Friedrich Goldscheider seine Firma zur\u00fcck und firmiert ab 1950 wieder als Wiener Manufaktur Friedrich Goldscheider, in dieser Zeit verkauft er die Firma an die Majolikafabrik Carstens, in Fredelsloh, die in Fredelsloh Wiederauflagen alter Modelle in minderwertigem braunem Ton aber auch neue Modelle ebenfalls in dieser Tonart produziert, ab 1953 firmiert die Firma als Kunstkeramische Manufaktur Goldscheider GmbH und 1960 wird die Produktion in Fredelsloh eingestellt, <strong>das MEK Exemplar dieser Figur ist eines der Wenigen erhalten gebliebene Exemplare, nach den Ausf\u00fchrungen von Dechant\/Goldscheider befindet sich ein weiteres Exemplar im Wien Museum Inv. Nr. 219.178 und ein weiteres Exemplar, in der Ausf\u00fchrung als Lampe, wurde vom Wiener Auktionshaus Dorotheum versteigert<\/strong>,<br \/>\nH\u00f6he 18 cm, Breite 15,5 cm<\/p>\n<p><a href=\"http:\/\/museumek.eu\/wp-content\/uploads\/2011\/08\/Museum-Europ\u00e4ischer-Keramikkunst-Qualit\u00e4tsfotos-030.jpg\"><img loading=\"lazy\" src=\"http:\/\/museumek.eu\/wp-content\/uploads\/2011\/08\/Museum-Europ\u00e4ischer-Keramikkunst-Qualit\u00e4tsfotos-030-228x300.jpg\" alt=\"\" title=\"Museum Europ\u00e4ischer Keramikkunst Qualit\u00e4tsfotos 030\" width=\"228\" height=\"300\" class=\"alignnone size-medium wp-image-226\" srcset=\"http:\/\/museumek.eu\/wp-content\/uploads\/2011\/08\/Museum-Europ\u00e4ischer-Keramikkunst-Qualit\u00e4tsfotos-030-228x300.jpg 228w, http:\/\/museumek.eu\/wp-content\/uploads\/2011\/08\/Museum-Europ\u00e4ischer-Keramikkunst-Qualit\u00e4tsfotos-030.jpg 563w\" sizes=\"(max-width: 228px) 100vw, 228px\" \/><\/a><\/p>\n<p><a href=\"http:\/\/museumek.eu\/wp-content\/uploads\/2011\/08\/Museum-Europ\u00e4ischer-Keramikkunst-051.jpg\"><img loading=\"lazy\" src=\"http:\/\/museumek.eu\/wp-content\/uploads\/2011\/08\/Museum-Europ\u00e4ischer-Keramikkunst-051-300x289.jpg\" alt=\"\" title=\"Museum Europ\u00e4ischer Keramikkunst 051\" width=\"300\" height=\"289\" class=\"alignnone size-medium wp-image-227\" srcset=\"http:\/\/museumek.eu\/wp-content\/uploads\/2011\/08\/Museum-Europ\u00e4ischer-Keramikkunst-051-300x289.jpg 300w, http:\/\/museumek.eu\/wp-content\/uploads\/2011\/08\/Museum-Europ\u00e4ischer-Keramikkunst-051-311x300.jpg 311w, http:\/\/museumek.eu\/wp-content\/uploads\/2011\/08\/Museum-Europ\u00e4ischer-Keramikkunst-051.jpg 582w\" sizes=\"(max-width: 300px) 100vw, 300px\" \/><\/a><\/p>\n<p><a href=\"http:\/\/museumek.eu\/wp-content\/uploads\/2011\/08\/Museum-Europ\u00e4ischer-Keramikkunst-052.jpg\"><img loading=\"lazy\" src=\"http:\/\/museumek.eu\/wp-content\/uploads\/2011\/08\/Museum-Europ\u00e4ischer-Keramikkunst-052-289x300.jpg\" alt=\"\" title=\"Museum Europ\u00e4ischer Keramikkunst 052\" width=\"289\" height=\"300\" class=\"alignnone size-medium wp-image-229\" srcset=\"http:\/\/museumek.eu\/wp-content\/uploads\/2011\/08\/Museum-Europ\u00e4ischer-Keramikkunst-052-289x300.jpg 289w, http:\/\/museumek.eu\/wp-content\/uploads\/2011\/08\/Museum-Europ\u00e4ischer-Keramikkunst-052.jpg 586w\" sizes=\"(max-width: 289px) 100vw, 289px\" \/><\/a><\/p>\n<p><a href=\"http:\/\/museumek.eu\/wp-content\/uploads\/2011\/08\/Museum-Europ\u00e4ischer-Keramikkunst-053.jpg\"><img loading=\"lazy\" src=\"http:\/\/museumek.eu\/wp-content\/uploads\/2011\/08\/Museum-Europ\u00e4ischer-Keramikkunst-053-300x235.jpg\" alt=\"\" title=\"Museum Europ\u00e4ischer Keramikkunst 053\" width=\"300\" height=\"235\" class=\"alignnone size-medium wp-image-230\" srcset=\"http:\/\/museumek.eu\/wp-content\/uploads\/2011\/08\/Museum-Europ\u00e4ischer-Keramikkunst-053-300x235.jpg 300w, http:\/\/museumek.eu\/wp-content\/uploads\/2011\/08\/Museum-Europ\u00e4ischer-Keramikkunst-053-382x300.jpg 382w, http:\/\/museumek.eu\/wp-content\/uploads\/2011\/08\/Museum-Europ\u00e4ischer-Keramikkunst-053.jpg 722w\" sizes=\"(max-width: 300px) 100vw, 300px\" \/><\/a><\/p>\n<p><a href=\"http:\/\/museumek.eu\/wp-content\/uploads\/2011\/08\/Museum-Europ\u00e4ischer-Keramikkunst-054.jpg\"><img loading=\"lazy\" src=\"http:\/\/museumek.eu\/wp-content\/uploads\/2011\/08\/Museum-Europ\u00e4ischer-Keramikkunst-054-300x234.jpg\" alt=\"\" title=\"Museum Europ\u00e4ischer Keramikkunst 054\" width=\"300\" height=\"234\" class=\"alignnone size-medium wp-image-231\" srcset=\"http:\/\/museumek.eu\/wp-content\/uploads\/2011\/08\/Museum-Europ\u00e4ischer-Keramikkunst-054-300x234.jpg 300w, http:\/\/museumek.eu\/wp-content\/uploads\/2011\/08\/Museum-Europ\u00e4ischer-Keramikkunst-054-384x300.jpg 384w, http:\/\/museumek.eu\/wp-content\/uploads\/2011\/08\/Museum-Europ\u00e4ischer-Keramikkunst-054.jpg 785w\" sizes=\"(max-width: 300px) 100vw, 300px\" \/><\/a><\/p>\n<p><a href=\"http:\/\/museumek.eu\/wp-content\/uploads\/2011\/08\/Museum-Europ\u00e4ischer-Keramikkunst-055.jpg\"><img loading=\"lazy\" src=\"http:\/\/museumek.eu\/wp-content\/uploads\/2011\/08\/Museum-Europ\u00e4ischer-Keramikkunst-055-300x180.jpg\" alt=\"\" title=\"Museum Europ\u00e4ischer Keramikkunst 055\" width=\"300\" height=\"180\" class=\"alignnone size-medium wp-image-232\" srcset=\"http:\/\/museumek.eu\/wp-content\/uploads\/2011\/08\/Museum-Europ\u00e4ischer-Keramikkunst-055-300x180.jpg 300w, http:\/\/museumek.eu\/wp-content\/uploads\/2011\/08\/Museum-Europ\u00e4ischer-Keramikkunst-055-500x300.jpg 500w, http:\/\/museumek.eu\/wp-content\/uploads\/2011\/08\/Museum-Europ\u00e4ischer-Keramikkunst-055.jpg 760w\" sizes=\"(max-width: 300px) 100vw, 300px\" \/><\/a><\/p>\n<p><strong>Abteilung Austria\/Ungarn\/B\u00f6hmen, Keramik 1860 \u2013 1960, Inventarnummer A\/I\/121<\/strong><\/p>\n<p>Erste Wiener Terrakottafabrik und Atelier f\u00fcr k\u00fcnstlerische Fayencen Friedrich Goldscheider, Austria, Wien, 1913\/1914, Figur Stehendes Biedermeierm\u00e4dchen einen gro\u00dfen, blumengeschm\u00fcckten Hut haltend, K\u00fcnstler Johann Meier-Michel, Werks.-Nr. 4568\/Exemplar Nr. 80\/Modelleur Nr. 15, gemarkt Firmenmarke als Sculpturmarke, 4568, 80 sowie 15 gepresst, Firmenmarke mit F, G, \u00f6sterreichischem Adler mit Doppelkopf sowie Wien in eine Kreis schwarzer Stempel unter Glasur, VI. gr\u00fcn auf Glasur gemalt sowie 25\/4 schwarz auf Glasur gemalt, Polter (f\u00e4lschlicher Weise) geritzt, signiert Polter (f\u00e4lschlicher Weise), Literatur: Robert E. Dechant\/Filipp Goldscheider, Firmengeschichte und Werkverzeichnis, Seite 388, dort noch ohne Foto erfasst, Seite 604, Firmenmarke GS Adler 16 (f\u00fcr die Zeit ca. 1900 \u2013 1918) identisch sowie nicht im Werkverzeichnis aufgef\u00fchrte gepresste Sculptur Marke, die Urspr\u00fcnge der Firma gehen zur\u00fcck auf das Pilsener Handelsunternehmen Moritz Goldscheider der 1860\u2018 Jahre, nach dem Tode von Moritz Goldscheider werden die Br\u00fcder Eduard und Friedrich Goldscheider Eigent\u00fcmer und firmieren ab 1877 als M. Goldscheider\u2019s Erben, Thon-und Kunststeinmanufactur Werk Moldau und ab 1878 als Br\u00fcder Goldscheider, im Jahre 1878 wandert Friedrich Goldscheider nach Wien aus und Eduard f\u00fchrt die Firma in Pilsen bis zum Konkurs 1892 allein weiter, Friedrich Goldscheider firmiert in Wien ab 1880 als Goldscheider\u2019sche Porzellan-Manufaktur und Porzellanmalerei, neben Handelsgesch\u00e4ften betreibt die Firma vorwiegend die Porzellanmalerei, das Porzellan wird von b\u00f6hmischen Manufakturen bezogen und teilweise auch in B\u00f6hmen bemalt, ab 1885 \u00e4ndert sich die Firmierung in Goldscheider\u2019sche Porzellan-Manufaktur und Majolicafabrik, das Jahr 1885 gilt als das offizielle Gr\u00fcndungsjahr, ab 1887 bezeichnet Friedrich Goldscheider seine Fabrik als Erste Wiener Terracotta- und Majolika-Fabrik Friedrich Goldscheider oder als Erste Wiener Kunst-Terracotta-Fabrik und kunstgewerbliche Ateliers Friedrich Goldscheider und offiziell ab 1894 als Friedrich Goldscheider Erste Wiener Terrakottafabrik, Friedrich Goldscheider stirbt im Jahre 1897, seine Ehefrau Regine Goldscheider wird Alleineigent\u00fcmer und firmiert ab 1899 als Friedrich Goldscheider in Wien, Berlin und Leipzig, ab 1907 firmiert die Firma als Erste Wiener Terrakottafabrik und Atelier f\u00fcr k\u00fcnstlerische Fayencen Friedrich Goldscheider, im Jahre 1918 stirbt Regine und die S\u00f6hne Walter und Marcell Goldscheider werden Inhaber, ab 1921 \u00e4ndert sich die Firmierung in Wiener Manufaktur Friedrich Goldscheider, 1928 scheidet Marcell Goldscheider aus und gr\u00fcndet seine eigene Firma in Wien, 1939 wird die Firma arisiert und Josef Schuster wird Inhaber, Firmierung ab 1939, Wiener Manufaktur Friedrich Goldscheider Nachf., Inhaber Josef Schuster, ab 1941 lautet die Firmierung Wiener Manufaktur Josef Schuster, vorm. Friedrich Goldscheider, nach dem WK II erh\u00e4lt Friedrich Goldscheider seine Firma zur\u00fcck und firmiert ab 1950 wieder als Wiener Manufaktur Friedrich Goldscheider, in dieser Zeit verkauft er die Firma an die Majolikafabrik Carstens, in Fredelsloh, die in Fredelsloh Wiederauflagen alter Modelle in minderwertigem braunem Ton aber auch neue Modelle ebenfalls in dieser Tonart produziert, ab 1953 firmiert die Firma als Kunstkeramische Manufaktur Goldscheider GmbH und 1960 wird die Produktion in Fredelsloh eingestellt, <strong>das MEK Exemplar dieser Figur ist eines der Wenigen erhalten gebliebenen Exemplare, nach den Ausf\u00fchrungen von Dechant\/Goldscheider wurde ein Exemplar vom Auktionshaus Sotheby\u2019s in Amsterdam, ein Exemplar vom M\u00fcnchner Auktionshaus Hampel und ein Exemplar \u00fcber ebay versteigert<\/strong>, H\u00f6he 37 cm, Breite 16 cm<\/p>\n<p><a href=\"http:\/\/museumek.eu\/?attachment_id=28409\" rel=\"attachment wp-att-28409\"><img loading=\"lazy\" src=\"http:\/\/museumek.eu\/wp-content\/uploads\/2014\/04\/281-176x300.jpg\" alt=\"\" title=\"281\" width=\"176\" height=\"300\" class=\"alignnone size-medium wp-image-28409\" srcset=\"http:\/\/museumek.eu\/wp-content\/uploads\/2014\/04\/281-176x300.jpg 176w, http:\/\/museumek.eu\/wp-content\/uploads\/2014\/04\/281-88x150.jpg 88w, http:\/\/museumek.eu\/wp-content\/uploads\/2014\/04\/281.jpg 451w\" sizes=\"(max-width: 176px) 100vw, 176px\" \/><\/a><\/p>\n<p><a href=\"http:\/\/museumek.eu\/?attachment_id=28410\" rel=\"attachment wp-att-28410\"><img loading=\"lazy\" src=\"http:\/\/museumek.eu\/wp-content\/uploads\/2014\/04\/280-119x300.jpg\" alt=\"\" title=\"280\" width=\"119\" height=\"300\" class=\"alignnone size-medium wp-image-28410\" srcset=\"http:\/\/museumek.eu\/wp-content\/uploads\/2014\/04\/280-119x300.jpg 119w, http:\/\/museumek.eu\/wp-content\/uploads\/2014\/04\/280-59x150.jpg 59w\" sizes=\"(max-width: 119px) 100vw, 119px\" \/><\/a><\/p>\n<p><a href=\"http:\/\/museumek.eu\/?attachment_id=28411\" rel=\"attachment wp-att-28411\"><img loading=\"lazy\" src=\"http:\/\/museumek.eu\/wp-content\/uploads\/2014\/04\/282-124x300.jpg\" alt=\"\" title=\"282\" width=\"124\" height=\"300\" class=\"alignnone size-medium wp-image-28411\" srcset=\"http:\/\/museumek.eu\/wp-content\/uploads\/2014\/04\/282-124x300.jpg 124w, http:\/\/museumek.eu\/wp-content\/uploads\/2014\/04\/282-62x150.jpg 62w\" sizes=\"(max-width: 124px) 100vw, 124px\" \/><\/a><\/p>\n<p><a href=\"http:\/\/museumek.eu\/?attachment_id=28412\" rel=\"attachment wp-att-28412\"><img loading=\"lazy\" src=\"http:\/\/museumek.eu\/wp-content\/uploads\/2014\/04\/283-300x159.jpg\" alt=\"\" title=\"283\" width=\"300\" height=\"159\" class=\"alignnone size-medium wp-image-28412\" srcset=\"http:\/\/museumek.eu\/wp-content\/uploads\/2014\/04\/283-300x159.jpg 300w, http:\/\/museumek.eu\/wp-content\/uploads\/2014\/04\/283-150x79.jpg 150w, http:\/\/museumek.eu\/wp-content\/uploads\/2014\/04\/283-500x265.jpg 500w, http:\/\/museumek.eu\/wp-content\/uploads\/2014\/04\/283.jpg 800w\" sizes=\"(max-width: 300px) 100vw, 300px\" \/><\/a><\/p>\n<p><a href=\"http:\/\/museumek.eu\/?attachment_id=28413\" rel=\"attachment wp-att-28413\"><img loading=\"lazy\" src=\"http:\/\/museumek.eu\/wp-content\/uploads\/2014\/04\/284-300x132.jpg\" alt=\"\" title=\"284\" width=\"300\" height=\"132\" class=\"alignnone size-medium wp-image-28413\" srcset=\"http:\/\/museumek.eu\/wp-content\/uploads\/2014\/04\/284-300x132.jpg 300w, http:\/\/museumek.eu\/wp-content\/uploads\/2014\/04\/284-150x66.jpg 150w, http:\/\/museumek.eu\/wp-content\/uploads\/2014\/04\/284.jpg 412w\" sizes=\"(max-width: 300px) 100vw, 300px\" \/><\/a><\/p>\n<p><a href=\"http:\/\/museumek.eu\/?attachment_id=28414\" rel=\"attachment wp-att-28414\"><img loading=\"lazy\" src=\"http:\/\/museumek.eu\/wp-content\/uploads\/2014\/04\/285-176x300.jpg\" alt=\"\" title=\"285\" width=\"176\" height=\"300\" class=\"alignnone size-medium wp-image-28414\" srcset=\"http:\/\/museumek.eu\/wp-content\/uploads\/2014\/04\/285-176x300.jpg 176w, http:\/\/museumek.eu\/wp-content\/uploads\/2014\/04\/285-88x150.jpg 88w\" sizes=\"(max-width: 176px) 100vw, 176px\" \/><\/a><\/p>\n<p><a href=\"http:\/\/museumek.eu\/?attachment_id=28415\" rel=\"attachment wp-att-28415\"><img loading=\"lazy\" src=\"http:\/\/museumek.eu\/wp-content\/uploads\/2014\/04\/286-300x181.jpg\" alt=\"\" title=\"286\" width=\"300\" height=\"181\" class=\"alignnone size-medium wp-image-28415\" srcset=\"http:\/\/museumek.eu\/wp-content\/uploads\/2014\/04\/286-300x181.jpg 300w, http:\/\/museumek.eu\/wp-content\/uploads\/2014\/04\/286-150x90.jpg 150w, http:\/\/museumek.eu\/wp-content\/uploads\/2014\/04\/286-495x300.jpg 495w, http:\/\/museumek.eu\/wp-content\/uploads\/2014\/04\/286.jpg 709w\" sizes=\"(max-width: 300px) 100vw, 300px\" \/><\/a><\/p>\n","protected":false},"excerpt":{"rendered":"<p>Abteilung Austria\/Ungarn\/B\u00f6hmen, Keramik 1860 \u2013 1960, Inventarnummer A\/I\/16 Wiener Manufaktur Friedrich Goldscheider, Austria, Wien, ca. 1923, Figur (Lampe) Rokokopaar (hier Ausf\u00fchrung nicht als Lampe und ohne Kabell\u00f6cher), K\u00fcnstler Johanna Meier-Michel oder Emil Meier, Werks.-Nr. 5101\/Exemplar Nr. 69\/Modelleur Nr. 18, gemarkt &hellip; <a href=\"http:\/\/museumek.eu\/?page_id=16391\">Weiterlesen <span class=\"meta-nav\">&rarr;<\/span><\/a><\/p>\n","protected":false},"author":1,"featured_media":0,"parent":1585,"menu_order":1,"comment_status":"closed","ping_status":"open","template":"","meta":[],"_links":{"self":[{"href":"http:\/\/museumek.eu\/index.php?rest_route=\/wp\/v2\/pages\/16391"}],"collection":[{"href":"http:\/\/museumek.eu\/index.php?rest_route=\/wp\/v2\/pages"}],"about":[{"href":"http:\/\/museumek.eu\/index.php?rest_route=\/wp\/v2\/types\/page"}],"author":[{"embeddable":true,"href":"http:\/\/museumek.eu\/index.php?rest_route=\/wp\/v2\/users\/1"}],"replies":[{"embeddable":true,"href":"http:\/\/museumek.eu\/index.php?rest_route=%2Fwp%2Fv2%2Fcomments&post=16391"}],"version-history":[{"count":11,"href":"http:\/\/museumek.eu\/index.php?rest_route=\/wp\/v2\/pages\/16391\/revisions"}],"predecessor-version":[{"id":30277,"href":"http:\/\/museumek.eu\/index.php?rest_route=\/wp\/v2\/pages\/16391\/revisions\/30277"}],"up":[{"embeddable":true,"href":"http:\/\/museumek.eu\/index.php?rest_route=\/wp\/v2\/pages\/1585"}],"wp:attachment":[{"href":"http:\/\/museumek.eu\/index.php?rest_route=%2Fwp%2Fv2%2Fmedia&parent=16391"}],"curies":[{"name":"wp","href":"https:\/\/api.w.org\/{rel}","templated":true}]}}