{"id":16598,"date":"2012-11-12T23:27:30","date_gmt":"2012-11-12T22:27:30","guid":{"rendered":"http:\/\/museumek.eu\/?page_id=16598"},"modified":"2013-04-26T22:34:29","modified_gmt":"2013-04-26T20:34:29","slug":"kurzbiografie-und-inventar-zum-kunstler","status":"publish","type":"page","link":"http:\/\/museumek.eu\/?page_id=16598","title":{"rendered":"Kurzbiografie und Inventar zum K\u00fcnstler"},"content":{"rendered":"<p>\u00dcber Richard Tautenhayn konnten keine Lebensdaten recherchiert werden. Er war wohl um 1900 als Bildhauer t\u00e4tig. Au\u00dferdem mu\u00df er einer Lehrt\u00e4tigkeit nachgegangen sein, da er in seiner Anrede den Titel Prof. f\u00fchrte. Bekannt sind Entw\u00fcrfe f\u00fcr den \u00f6ffentlichen Raum und Entw\u00fcrfe f\u00fcr verschiedene keramische Werkst\u00e4tten in Wien um 1900. <\/p>\n<p><strong>Abteilung Austria\/Ungarn\/B\u00f6hmen, Keramik 1860 \u2013 1960, Inventarnummer A\/V\/6<\/strong><\/p>\n<p>Kunstkeramische Fabrik A. F\u00f6rster und Kunstkeramische Fabrik A. F\u00f6rster &#038; Co., Austria, Wien, 1906\/1907, Figur Dame mit Schirm, K\u00fcnstler Prof. Richard Tautenhayn (attr.), Werks.-Nr. 8493, Exemplar Nr. ohne, gemarkt Firmenmarke Biene im Kreis dunkelbrauner Stempel, 8493 gepresst, nicht signiert, Literatur: Waltraud Neuwirth, Wiener Keramik, Seite 145, Manufakturbeschreibung sowie Beschreibung einer Dame mit Schirm, Entwurf von Prof. Tautenhayn, deshalb Zuschreibung (Ausf\u00fchrung allerdings als Uhr), Seite 471, Marke Nr. 109 identisch, in o. g. Literatur bezeichnet Frau Dr. Neuwirth den K\u00fcnstler Tautenhayn einmal mit Richard und einmal mit Josef, insofern hat die MEK Internetrecherche lediglich ergeben, dass es in Wien um die Jahrhundertwende 1900 sowohl einen Richard als auch einen Josef Tautenhayn gegeben hat, das MEK nimmt die Zuschreibung an Richard Tautenhayn deshalb unter Vorbehalt vor, Ausf\u00fchrung als Fayence, die Kunstkeramische Fabrik A. F\u00f6rster wurde 1899 gegr\u00fcndet, Inhaber Alexander F\u00f6rster, sie wurde 1905 in Kunstkeramische Fabrik A. F\u00f6rster &#038; Co. umbenannt, Inhaber Alexander F\u00f6rster und Rudolf Schaller, 1908 wurde die Firma liquidiert und von der Wiener Kunstkeramische Werkst\u00e4tte Busch und Ludescher, WKKW, (beide vorher Mitarbeiter bei F\u00f6rster, die 1908 die WKKW gr\u00fcndeten) \u00fcbernommen, H\u00f6he 20,5 cm, Breite 10 cm<\/p>\n<p><a href=\"http:\/\/museumek.eu\/wp-content\/uploads\/2012\/11\/Museum-Europ\u00e4ischer-Keramikkunst-2201.jpg\"><img loading=\"lazy\" src=\"http:\/\/museumek.eu\/wp-content\/uploads\/2012\/11\/Museum-Europ\u00e4ischer-Keramikkunst-2201-139x300.jpg\" alt=\"\" title=\"Museum Europ\u00e4ischer Keramikkunst 2201\" width=\"139\" height=\"300\" class=\"alignnone size-medium wp-image-16588\" \/><\/a><\/p>\n<p><a href=\"http:\/\/museumek.eu\/wp-content\/uploads\/2012\/11\/Museum-Europ\u00e4ischer-Keramikkunst-2202.jpg\"><img loading=\"lazy\" src=\"http:\/\/museumek.eu\/wp-content\/uploads\/2012\/11\/Museum-Europ\u00e4ischer-Keramikkunst-2202-300x287.jpg\" alt=\"\" title=\"Museum Europ\u00e4ischer Keramikkunst 2202\" width=\"300\" height=\"287\" class=\"alignnone size-medium wp-image-16589\" srcset=\"http:\/\/museumek.eu\/wp-content\/uploads\/2012\/11\/Museum-Europ\u00e4ischer-Keramikkunst-2202-300x287.jpg 300w, http:\/\/museumek.eu\/wp-content\/uploads\/2012\/11\/Museum-Europ\u00e4ischer-Keramikkunst-2202-313x300.jpg 313w, http:\/\/museumek.eu\/wp-content\/uploads\/2012\/11\/Museum-Europ\u00e4ischer-Keramikkunst-2202.jpg 357w\" sizes=\"(max-width: 300px) 100vw, 300px\" \/><\/a><\/p>\n<p><a href=\"http:\/\/museumek.eu\/wp-content\/uploads\/2012\/11\/Museum-Europ\u00e4ischer-Keramikkunst-2203.jpg\"><img loading=\"lazy\" src=\"http:\/\/museumek.eu\/wp-content\/uploads\/2012\/11\/Museum-Europ\u00e4ischer-Keramikkunst-2203-300x162.jpg\" alt=\"\" title=\"Museum Europ\u00e4ischer Keramikkunst 2203\" width=\"300\" height=\"162\" class=\"alignnone size-medium wp-image-16590\" srcset=\"http:\/\/museumek.eu\/wp-content\/uploads\/2012\/11\/Museum-Europ\u00e4ischer-Keramikkunst-2203-300x162.jpg 300w, http:\/\/museumek.eu\/wp-content\/uploads\/2012\/11\/Museum-Europ\u00e4ischer-Keramikkunst-2203-500x270.jpg 500w, http:\/\/museumek.eu\/wp-content\/uploads\/2012\/11\/Museum-Europ\u00e4ischer-Keramikkunst-2203.jpg 607w\" sizes=\"(max-width: 300px) 100vw, 300px\" \/><\/a><\/p>\n","protected":false},"excerpt":{"rendered":"<p>\u00dcber Richard Tautenhayn konnten keine Lebensdaten recherchiert werden. Er war wohl um 1900 als Bildhauer t\u00e4tig. Au\u00dferdem mu\u00df er einer Lehrt\u00e4tigkeit nachgegangen sein, da er in seiner Anrede den Titel Prof. f\u00fchrte. Bekannt sind Entw\u00fcrfe f\u00fcr den \u00f6ffentlichen Raum und &hellip; <a href=\"http:\/\/museumek.eu\/?page_id=16598\">Weiterlesen <span class=\"meta-nav\">&rarr;<\/span><\/a><\/p>\n","protected":false},"author":1,"featured_media":0,"parent":16595,"menu_order":1,"comment_status":"closed","ping_status":"open","template":"","meta":[],"_links":{"self":[{"href":"http:\/\/museumek.eu\/index.php?rest_route=\/wp\/v2\/pages\/16598"}],"collection":[{"href":"http:\/\/museumek.eu\/index.php?rest_route=\/wp\/v2\/pages"}],"about":[{"href":"http:\/\/museumek.eu\/index.php?rest_route=\/wp\/v2\/types\/page"}],"author":[{"embeddable":true,"href":"http:\/\/museumek.eu\/index.php?rest_route=\/wp\/v2\/users\/1"}],"replies":[{"embeddable":true,"href":"http:\/\/museumek.eu\/index.php?rest_route=%2Fwp%2Fv2%2Fcomments&post=16598"}],"version-history":[{"count":6,"href":"http:\/\/museumek.eu\/index.php?rest_route=\/wp\/v2\/pages\/16598\/revisions"}],"predecessor-version":[{"id":20663,"href":"http:\/\/museumek.eu\/index.php?rest_route=\/wp\/v2\/pages\/16598\/revisions\/20663"}],"up":[{"embeddable":true,"href":"http:\/\/museumek.eu\/index.php?rest_route=\/wp\/v2\/pages\/16595"}],"wp:attachment":[{"href":"http:\/\/museumek.eu\/index.php?rest_route=%2Fwp%2Fv2%2Fmedia&parent=16598"}],"curies":[{"name":"wp","href":"https:\/\/api.w.org\/{rel}","templated":true}]}}