{"id":16736,"date":"2012-11-15T13:44:41","date_gmt":"2012-11-15T12:44:41","guid":{"rendered":"http:\/\/museumek.eu\/?page_id=16736"},"modified":"2012-11-15T13:44:41","modified_gmt":"2012-11-15T12:44:41","slug":"fxxi3","status":"publish","type":"page","link":"http:\/\/museumek.eu\/?page_id=16736","title":{"rendered":"F\/XXI\/3"},"content":{"rendered":"<p><strong>Abteilung Frankreich, Keramik 1860 \u2013 1960, Inventarnummer F\/XXI\/3<\/strong><\/p>\n<p>Manufaktur Pierre Adrien Dalpayrat, Frankreich, Bourg-la-Reine, Tintenf\u00e4sschen, um 1900, K\u00fcnstler Pierre-Adrien Dalpayrat, Werksnummer 71 (Formnummer), Exemplar Nr. ohne, gemarkt Dalpayrat geritzt, 71 gepresst, signiert = gemarkt, Literatur: Sammlung Heuser, Ausstellungen 1974 in K\u00f6ln, Hannover und Darmstadt, Franz\u00f6sische Keramik zwischen 1850 \u2013 1910, Seite 150 ff., Beschreibung der Manufaktur sowie Beschreibung, dass Keramiken, welche auschlie\u00dflich als Signum den Schriftzug Dalpayrat tragen, vermutlich Arbeiten von ihm selbst sind, Seite 151, Abbildung 87, \u00e4hnliches Tintenf\u00e4sschen sowie Seite 232, Marken Nr. 45 bis 48 fast identisch, weitere Literatur: Kunstgewerbemuseum der Stadt K\u00f6ln, Sammlung Gertrud u. Dr. Karl Funke-Kaiser, Keramik vom Historismus bis zur Gegenwart, Seite 393, Marke Nr. 17 fast identisch, weitere Literatur: Hessisches Landesmuseum Darmstadt, Sammlung Silzer, Europ\u00e4ische Keramik 1880 \u2013 1930, Seite 206, Marken Nr. 46 sowie 49 fast identisch, siehe auch Auktionshaus Quittenbaum, Jugendstil \u2013 Art D\u00e9co Moderne Kunst, Auktion vom 03.05.2011, Lot 343, identisches Tintenf\u00e4sschen mit minimal anderer Glasur, Steinzeugscherben, Sang de Boeuf Glasur auf wei\u00dfer Engobe, farbloser Glaseinsatz sowie Zinndeckel mit Chrysanthemenmotiv, H\u00f6he 4 cm, Breite 8,5 cm (nur die Keramik)<\/p>\n<p><a href=\"http:\/\/museumek.eu\/wp-content\/uploads\/2012\/11\/Museum-Europ\u00e4ischer-Keramikkunst-3516.jpg\"><img loading=\"lazy\" src=\"http:\/\/museumek.eu\/wp-content\/uploads\/2012\/11\/Museum-Europ\u00e4ischer-Keramikkunst-3516-300x217.jpg\" alt=\"\" title=\"Museum Europ\u00e4ischer Keramikkunst 3516\" width=\"300\" height=\"217\" class=\"alignnone size-medium wp-image-16737\" srcset=\"http:\/\/museumek.eu\/wp-content\/uploads\/2012\/11\/Museum-Europ\u00e4ischer-Keramikkunst-3516-300x217.jpg 300w, http:\/\/museumek.eu\/wp-content\/uploads\/2012\/11\/Museum-Europ\u00e4ischer-Keramikkunst-3516-413x300.jpg 413w, http:\/\/museumek.eu\/wp-content\/uploads\/2012\/11\/Museum-Europ\u00e4ischer-Keramikkunst-3516.jpg 632w\" sizes=\"(max-width: 300px) 100vw, 300px\" \/><\/a><\/p>\n<p><a href=\"http:\/\/museumek.eu\/wp-content\/uploads\/2012\/11\/Museum-Europ\u00e4ischer-Keramikkunst-3518.jpg\"><img loading=\"lazy\" src=\"http:\/\/museumek.eu\/wp-content\/uploads\/2012\/11\/Museum-Europ\u00e4ischer-Keramikkunst-3518-155x300.jpg\" alt=\"\" title=\"Museum Europ\u00e4ischer Keramikkunst 3518\" width=\"155\" height=\"300\" class=\"alignnone size-medium wp-image-16738\" srcset=\"http:\/\/museumek.eu\/wp-content\/uploads\/2012\/11\/Museum-Europ\u00e4ischer-Keramikkunst-3518-155x300.jpg 155w, http:\/\/museumek.eu\/wp-content\/uploads\/2012\/11\/Museum-Europ\u00e4ischer-Keramikkunst-3518.jpg 445w\" sizes=\"(max-width: 155px) 100vw, 155px\" \/><\/a><\/p>\n<p><a href=\"http:\/\/museumek.eu\/wp-content\/uploads\/2012\/11\/Museum-Europ\u00e4ischer-Keramikkunst-3519.jpg\"><img loading=\"lazy\" src=\"http:\/\/museumek.eu\/wp-content\/uploads\/2012\/11\/Museum-Europ\u00e4ischer-Keramikkunst-3519-300x294.jpg\" alt=\"\" title=\"Museum Europ\u00e4ischer Keramikkunst 3519\" width=\"300\" height=\"294\" class=\"alignnone size-medium wp-image-16739\" srcset=\"http:\/\/museumek.eu\/wp-content\/uploads\/2012\/11\/Museum-Europ\u00e4ischer-Keramikkunst-3519-300x294.jpg 300w, http:\/\/museumek.eu\/wp-content\/uploads\/2012\/11\/Museum-Europ\u00e4ischer-Keramikkunst-3519-305x300.jpg 305w, http:\/\/museumek.eu\/wp-content\/uploads\/2012\/11\/Museum-Europ\u00e4ischer-Keramikkunst-3519.jpg 663w\" sizes=\"(max-width: 300px) 100vw, 300px\" \/><\/a><\/p>\n<p><a href=\"http:\/\/museumek.eu\/wp-content\/uploads\/2012\/11\/Museum-Europ\u00e4ischer-Keramikkunst-35201.jpg\"><img loading=\"lazy\" src=\"http:\/\/museumek.eu\/wp-content\/uploads\/2012\/11\/Museum-Europ\u00e4ischer-Keramikkunst-35201-300x248.jpg\" alt=\"\" title=\"Museum Europ\u00e4ischer Keramikkunst 3520\" width=\"300\" height=\"248\" class=\"alignnone size-medium wp-image-16741\" srcset=\"http:\/\/museumek.eu\/wp-content\/uploads\/2012\/11\/Museum-Europ\u00e4ischer-Keramikkunst-35201-300x248.jpg 300w, http:\/\/museumek.eu\/wp-content\/uploads\/2012\/11\/Museum-Europ\u00e4ischer-Keramikkunst-35201-362x300.jpg 362w, http:\/\/museumek.eu\/wp-content\/uploads\/2012\/11\/Museum-Europ\u00e4ischer-Keramikkunst-35201.jpg 803w\" sizes=\"(max-width: 300px) 100vw, 300px\" \/><\/a><\/p>\n<p><a href=\"http:\/\/museumek.eu\/wp-content\/uploads\/2012\/11\/Museum-Europ\u00e4ischer-Keramikkunst-3370.jpg\"><img loading=\"lazy\" src=\"http:\/\/museumek.eu\/wp-content\/uploads\/2012\/11\/Museum-Europ\u00e4ischer-Keramikkunst-3370-271x300.jpg\" alt=\"\" title=\"Museum Europ\u00e4ischer Keramikkunst 3370\" width=\"271\" height=\"300\" class=\"alignnone size-medium wp-image-16742\" srcset=\"http:\/\/museumek.eu\/wp-content\/uploads\/2012\/11\/Museum-Europ\u00e4ischer-Keramikkunst-3370-271x300.jpg 271w, http:\/\/museumek.eu\/wp-content\/uploads\/2012\/11\/Museum-Europ\u00e4ischer-Keramikkunst-3370.jpg 611w\" sizes=\"(max-width: 271px) 100vw, 271px\" \/><\/a><\/p>\n","protected":false},"excerpt":{"rendered":"<p>Abteilung Frankreich, Keramik 1860 \u2013 1960, Inventarnummer F\/XXI\/3 Manufaktur Pierre Adrien Dalpayrat, Frankreich, Bourg-la-Reine, Tintenf\u00e4sschen, um 1900, K\u00fcnstler Pierre-Adrien Dalpayrat, Werksnummer 71 (Formnummer), Exemplar Nr. ohne, gemarkt Dalpayrat geritzt, 71 gepresst, signiert = gemarkt, Literatur: Sammlung Heuser, Ausstellungen 1974 in &hellip; <a href=\"http:\/\/museumek.eu\/?page_id=16736\">Weiterlesen <span class=\"meta-nav\">&rarr;<\/span><\/a><\/p>\n","protected":false},"author":1,"featured_media":0,"parent":10779,"menu_order":3,"comment_status":"closed","ping_status":"open","template":"","meta":[],"_links":{"self":[{"href":"http:\/\/museumek.eu\/index.php?rest_route=\/wp\/v2\/pages\/16736"}],"collection":[{"href":"http:\/\/museumek.eu\/index.php?rest_route=\/wp\/v2\/pages"}],"about":[{"href":"http:\/\/museumek.eu\/index.php?rest_route=\/wp\/v2\/types\/page"}],"author":[{"embeddable":true,"href":"http:\/\/museumek.eu\/index.php?rest_route=\/wp\/v2\/users\/1"}],"replies":[{"embeddable":true,"href":"http:\/\/museumek.eu\/index.php?rest_route=%2Fwp%2Fv2%2Fcomments&post=16736"}],"version-history":[{"count":2,"href":"http:\/\/museumek.eu\/index.php?rest_route=\/wp\/v2\/pages\/16736\/revisions"}],"predecessor-version":[{"id":16744,"href":"http:\/\/museumek.eu\/index.php?rest_route=\/wp\/v2\/pages\/16736\/revisions\/16744"}],"up":[{"embeddable":true,"href":"http:\/\/museumek.eu\/index.php?rest_route=\/wp\/v2\/pages\/10779"}],"wp:attachment":[{"href":"http:\/\/museumek.eu\/index.php?rest_route=%2Fwp%2Fv2%2Fmedia&parent=16736"}],"curies":[{"name":"wp","href":"https:\/\/api.w.org\/{rel}","templated":true}]}}