{"id":17051,"date":"2012-11-24T12:53:49","date_gmt":"2012-11-24T11:53:49","guid":{"rendered":"http:\/\/museumek.eu\/?page_id=17051"},"modified":"2012-11-24T12:54:33","modified_gmt":"2012-11-24T11:54:33","slug":"exviii1","status":"publish","type":"page","link":"http:\/\/museumek.eu\/?page_id=17051","title":{"rendered":"E\/XVIII\/1"},"content":{"rendered":"<p><strong>Abteilung England, Keramik 1860 \u2013 1960, Inventarnummer E\/XVIII\/1<\/strong><\/p>\n<p>Manufaktur Royal Aller Vale &#038; Watcombe Pottery Co., England, Torquay, South Devon, 1906, Vase, K\u00fcnstler unbekannt, Werks.-Nr. ohne, Exemplar Nr. ohne, gemarkt Watcombe Torquay sowie Made in England unter Glasur gepresst, 1906 (Jahr 1906) unter Glasur geritzt, nicht signiert, die Vorkommen hochwertigen roten Tones f\u00fchrten im 19. Jh. in Torquay zur Gr\u00fcndung einiger Keramikmanufakturen, u. a. der Aller Vale Pottery und der Watcombe Pottery, beide Manufakturen wurden aufgekauft und von den neuen Eigent\u00fcmern, Hexter, Humpherson &#038; Co., ca. 1901 zur Royal Aller Vale &#038; Watcombe Pottery Company vereinigt, insofern wurde die Zuschreibung entsprechend der Eigent\u00fcmerverh\u00e4ltnisse vorgenommen, da das MEK Exemplar auf 1906 datiert ist aber einen Watcombe Torquay Stempel tr\u00e4gt und nicht einen Royal Aller Vale &#038; Watcombe Pottery Co. Stempel, es ist wahrscheinlich, dass der Betriebsteil der ehemaligen Watcombe Pottery, zumindest noch eine Zeit lang, alte Stempel weiterbenutzte,<br \/>\nH\u00f6he 11cm, Breite 8 cm<\/p>\n<p><a href=\"http:\/\/museumek.eu\/wp-content\/uploads\/2012\/11\/Museum-Europ\u00e4ischer-Keramikkunst-3543.jpg\"><img loading=\"lazy\" src=\"http:\/\/museumek.eu\/wp-content\/uploads\/2012\/11\/Museum-Europ\u00e4ischer-Keramikkunst-3543-252x300.jpg\" alt=\"\" title=\"Museum Europ\u00e4ischer Keramikkunst 3543\" width=\"252\" height=\"300\" class=\"alignnone size-medium wp-image-17052\" srcset=\"http:\/\/museumek.eu\/wp-content\/uploads\/2012\/11\/Museum-Europ\u00e4ischer-Keramikkunst-3543-252x300.jpg 252w, http:\/\/museumek.eu\/wp-content\/uploads\/2012\/11\/Museum-Europ\u00e4ischer-Keramikkunst-3543.jpg 579w\" sizes=\"(max-width: 252px) 100vw, 252px\" \/><\/a><\/p>\n<p><a href=\"http:\/\/museumek.eu\/wp-content\/uploads\/2012\/11\/Museum-Europ\u00e4ischer-Keramikkunst-3544.jpg\"><img loading=\"lazy\" src=\"http:\/\/museumek.eu\/wp-content\/uploads\/2012\/11\/Museum-Europ\u00e4ischer-Keramikkunst-3544-300x218.jpg\" alt=\"\" title=\"Museum Europ\u00e4ischer Keramikkunst 3544\" width=\"300\" height=\"218\" class=\"alignnone size-medium wp-image-17053\" srcset=\"http:\/\/museumek.eu\/wp-content\/uploads\/2012\/11\/Museum-Europ\u00e4ischer-Keramikkunst-3544-300x218.jpg 300w, http:\/\/museumek.eu\/wp-content\/uploads\/2012\/11\/Museum-Europ\u00e4ischer-Keramikkunst-3544-412x300.jpg 412w, http:\/\/museumek.eu\/wp-content\/uploads\/2012\/11\/Museum-Europ\u00e4ischer-Keramikkunst-3544.jpg 647w\" sizes=\"(max-width: 300px) 100vw, 300px\" \/><\/a><\/p>\n","protected":false},"excerpt":{"rendered":"<p>Abteilung England, Keramik 1860 \u2013 1960, Inventarnummer E\/XVIII\/1 Manufaktur Royal Aller Vale &#038; Watcombe Pottery Co., England, Torquay, South Devon, 1906, Vase, K\u00fcnstler unbekannt, Werks.-Nr. ohne, Exemplar Nr. ohne, gemarkt Watcombe Torquay sowie Made in England unter Glasur gepresst, 1906 &hellip; <a href=\"http:\/\/museumek.eu\/?page_id=17051\">Weiterlesen <span class=\"meta-nav\">&rarr;<\/span><\/a><\/p>\n","protected":false},"author":1,"featured_media":0,"parent":17048,"menu_order":1,"comment_status":"closed","ping_status":"open","template":"","meta":[],"_links":{"self":[{"href":"http:\/\/museumek.eu\/index.php?rest_route=\/wp\/v2\/pages\/17051"}],"collection":[{"href":"http:\/\/museumek.eu\/index.php?rest_route=\/wp\/v2\/pages"}],"about":[{"href":"http:\/\/museumek.eu\/index.php?rest_route=\/wp\/v2\/types\/page"}],"author":[{"embeddable":true,"href":"http:\/\/museumek.eu\/index.php?rest_route=\/wp\/v2\/users\/1"}],"replies":[{"embeddable":true,"href":"http:\/\/museumek.eu\/index.php?rest_route=%2Fwp%2Fv2%2Fcomments&post=17051"}],"version-history":[{"count":3,"href":"http:\/\/museumek.eu\/index.php?rest_route=\/wp\/v2\/pages\/17051\/revisions"}],"predecessor-version":[{"id":17056,"href":"http:\/\/museumek.eu\/index.php?rest_route=\/wp\/v2\/pages\/17051\/revisions\/17056"}],"up":[{"embeddable":true,"href":"http:\/\/museumek.eu\/index.php?rest_route=\/wp\/v2\/pages\/17048"}],"wp:attachment":[{"href":"http:\/\/museumek.eu\/index.php?rest_route=%2Fwp%2Fv2%2Fmedia&parent=17051"}],"curies":[{"name":"wp","href":"https:\/\/api.w.org\/{rel}","templated":true}]}}