{"id":17434,"date":"2013-01-19T20:23:52","date_gmt":"2013-01-19T19:23:52","guid":{"rendered":"http:\/\/museumek.eu\/?page_id=17434"},"modified":"2013-05-10T20:45:18","modified_gmt":"2013-05-10T18:45:18","slug":"kurzbiografie-und-inventar-zum-kunstler","status":"publish","type":"page","link":"http:\/\/museumek.eu\/?page_id=17434","title":{"rendered":"Kurzbiografie und Inventar zum K\u00fcnstler"},"content":{"rendered":"<p><strong>Abteilung Austria\/Ungarn\/B\u00f6hmen, Keramik 1860 \u2013 1960, Inventarnummer A\/X\/3<\/strong><\/p>\n<p>Gmundner Keramik GES.M.B.H., Austria, Gmunden, 1920 &#8211; 1950, Figuren Zwei Pferde als Buchst\u00fctzen, K\u00fcnstler Michael Powolny, Werks.-Nr. 1284, Exemplar Nr. ohne, gemarkt keine Firmenmarke, 1284 gepresst, nicht signiert, Literatur: Original Verkaufskatalog um 1920 (MEK Inventar), dort mit vollst\u00e4ndiger Werks.-Nr. 1284 abgebildet, weitere Literatur: Elisabeth Frottier, Michael Powolny, Keramik und Glas aus Wien 1900 bis 1950, Werksverzeichnis WV 122, dort beschrieben: Pferd, 1910 urspr\u00fcnglich als Modell der Wiener Keramik, um 1920 von der Gmundner Keramik als Buchst\u00fctze verwendet, siehe auch Quittenbaum Kunstauktionen, M\u00fcnchen, Auktion vom 20.04.2010, Lot 464 (ein Pferd in der Auktion, Werks.-Nr. dort  wohl mangels nicht mit gepresster oder nicht erkannter Zahl 1 als 284 statt 1284 angegeben),<br \/>\nH\u00f6he 23 cm, Breite 21 cm<\/p>\n<p><a href=\"http:\/\/museumek.eu\/wp-content\/uploads\/2011\/08\/Museum-Europ\u00e4ischer-Keramikkunst-Qualit\u00e4tsfotos-1941.jpg\"><img loading=\"lazy\" src=\"http:\/\/museumek.eu\/wp-content\/uploads\/2011\/08\/Museum-Europ\u00e4ischer-Keramikkunst-Qualit\u00e4tsfotos-1941-300x174.jpg\" alt=\"\" title=\"Museum Europ\u00e4ischer Keramikkunst Qualit\u00e4tsfotos 194\" width=\"300\" height=\"174\" class=\"alignnone size-medium wp-image-906\" srcset=\"http:\/\/museumek.eu\/wp-content\/uploads\/2011\/08\/Museum-Europ\u00e4ischer-Keramikkunst-Qualit\u00e4tsfotos-1941-300x174.jpg 300w, http:\/\/museumek.eu\/wp-content\/uploads\/2011\/08\/Museum-Europ\u00e4ischer-Keramikkunst-Qualit\u00e4tsfotos-1941-500x290.jpg 500w, http:\/\/museumek.eu\/wp-content\/uploads\/2011\/08\/Museum-Europ\u00e4ischer-Keramikkunst-Qualit\u00e4tsfotos-1941.jpg 983w\" sizes=\"(max-width: 300px) 100vw, 300px\" \/><\/a><\/p>\n<p><a href=\"http:\/\/museumek.eu\/wp-content\/uploads\/2011\/08\/Museum-Europ\u00e4ischer-Keramikkunst-549.jpg\"><img loading=\"lazy\" src=\"http:\/\/museumek.eu\/wp-content\/uploads\/2011\/08\/Museum-Europ\u00e4ischer-Keramikkunst-549-300x242.jpg\" alt=\"\" title=\"Museum Europ\u00e4ischer Keramikkunst 549\" width=\"300\" height=\"242\" class=\"alignnone size-medium wp-image-909\" srcset=\"http:\/\/museumek.eu\/wp-content\/uploads\/2011\/08\/Museum-Europ\u00e4ischer-Keramikkunst-549-300x242.jpg 300w, http:\/\/museumek.eu\/wp-content\/uploads\/2011\/08\/Museum-Europ\u00e4ischer-Keramikkunst-549-371x300.jpg 371w, http:\/\/museumek.eu\/wp-content\/uploads\/2011\/08\/Museum-Europ\u00e4ischer-Keramikkunst-549.jpg 375w\" sizes=\"(max-width: 300px) 100vw, 300px\" \/><\/a><\/p>\n<p><a href=\"http:\/\/museumek.eu\/wp-content\/uploads\/2011\/08\/Museum-Europ\u00e4ischer-Keramikkunst-551.jpg\"><img loading=\"lazy\" src=\"http:\/\/museumek.eu\/wp-content\/uploads\/2011\/08\/Museum-Europ\u00e4ischer-Keramikkunst-551-300x201.jpg\" alt=\"\" title=\"Museum Europ\u00e4ischer Keramikkunst 551\" width=\"300\" height=\"201\" class=\"alignnone size-medium wp-image-913\" srcset=\"http:\/\/museumek.eu\/wp-content\/uploads\/2011\/08\/Museum-Europ\u00e4ischer-Keramikkunst-551-300x201.jpg 300w, http:\/\/museumek.eu\/wp-content\/uploads\/2011\/08\/Museum-Europ\u00e4ischer-Keramikkunst-551-447x300.jpg 447w, http:\/\/museumek.eu\/wp-content\/uploads\/2011\/08\/Museum-Europ\u00e4ischer-Keramikkunst-551.jpg 876w\" sizes=\"(max-width: 300px) 100vw, 300px\" \/><\/a><\/p>\n<p><a href=\"http:\/\/museumek.eu\/wp-content\/uploads\/2011\/08\/Powolny-Pferd-Quittenbaum.jpg\"><img loading=\"lazy\" src=\"http:\/\/museumek.eu\/wp-content\/uploads\/2011\/08\/Powolny-Pferd-Quittenbaum-300x139.jpg\" alt=\"\" title=\"Powolny Pferd Quittenbaum\" width=\"300\" height=\"139\" class=\"alignnone size-medium wp-image-1271\" srcset=\"http:\/\/museumek.eu\/wp-content\/uploads\/2011\/08\/Powolny-Pferd-Quittenbaum-300x139.jpg 300w, http:\/\/museumek.eu\/wp-content\/uploads\/2011\/08\/Powolny-Pferd-Quittenbaum.jpg 407w\" sizes=\"(max-width: 300px) 100vw, 300px\" \/><\/a><\/p>\n<p><a href=\"http:\/\/museumek.eu\/wp-content\/uploads\/2011\/08\/Museum-Europ\u00e4ischer-Keramikkunst-8721.jpg\"><img loading=\"lazy\" src=\"http:\/\/museumek.eu\/wp-content\/uploads\/2011\/08\/Museum-Europ\u00e4ischer-Keramikkunst-8721-300x88.jpg\" alt=\"\" title=\"Museum Europ\u00e4ischer Keramikkunst 872\" width=\"300\" height=\"88\" class=\"alignnone size-medium wp-image-2394\" srcset=\"http:\/\/museumek.eu\/wp-content\/uploads\/2011\/08\/Museum-Europ\u00e4ischer-Keramikkunst-8721-300x88.jpg 300w, http:\/\/museumek.eu\/wp-content\/uploads\/2011\/08\/Museum-Europ\u00e4ischer-Keramikkunst-8721-500x147.jpg 500w, http:\/\/museumek.eu\/wp-content\/uploads\/2011\/08\/Museum-Europ\u00e4ischer-Keramikkunst-8721.jpg 936w\" sizes=\"(max-width: 300px) 100vw, 300px\" \/><\/a><\/p>\n<p><a href=\"http:\/\/museumek.eu\/wp-content\/uploads\/2011\/08\/Museum-Europ\u00e4ischer-Keramikkunst-873.jpg\"><img loading=\"lazy\" src=\"http:\/\/museumek.eu\/wp-content\/uploads\/2011\/08\/Museum-Europ\u00e4ischer-Keramikkunst-873-300x173.jpg\" alt=\"\" title=\"Museum Europ\u00e4ischer Keramikkunst 873\" width=\"300\" height=\"173\" class=\"alignnone size-medium wp-image-2395\" srcset=\"http:\/\/museumek.eu\/wp-content\/uploads\/2011\/08\/Museum-Europ\u00e4ischer-Keramikkunst-873-300x173.jpg 300w, http:\/\/museumek.eu\/wp-content\/uploads\/2011\/08\/Museum-Europ\u00e4ischer-Keramikkunst-873-500x289.jpg 500w, http:\/\/museumek.eu\/wp-content\/uploads\/2011\/08\/Museum-Europ\u00e4ischer-Keramikkunst-873.jpg 859w\" sizes=\"(max-width: 300px) 100vw, 300px\" \/><\/a><\/p>\n<p><strong>Abteilung Austria\/Ungarn\/B\u00f6hmen, Keramik 1860 \u2013 1960, Inventarnummer A\/X\/8<\/strong><\/p>\n<p>Gmundner Keramik GES.M.B.H., Austria, Gmunden,1920 &#8211; 1950, Figur Pferd, K\u00fcnstler Michael Powolny, Werksnummer 284, Exemplar Nr. ohne, gemarkt ohne Firmenmarke, nicht signiert, Literatur: Original Verkaufskatalog um 1920 (MEK Inventar), dort mit Werks.-Nr. 284 abgebildet, weitere Literatur: Elisabeth Frottier, Michael Powolny, Keramik und Glas aus Wien 1900 bis 1950, Werksverzeichnis WV 122 (1910 urspr\u00fcnglich Modell der Wiener Keramik), H\u00f6he 23,5 cm, Breite 18 cm<\/p>\n<p><a href=\"http:\/\/museumek.eu\/wp-content\/uploads\/2011\/08\/Museum-Europ\u00e4ischer-Keramikkunst-Qualit\u00e4tsfotos-175.jpg\"><img loading=\"lazy\" src=\"http:\/\/museumek.eu\/wp-content\/uploads\/2011\/08\/Museum-Europ\u00e4ischer-Keramikkunst-Qualit\u00e4tsfotos-175-224x300.jpg\" alt=\"\" title=\"Museum Europ\u00e4ischer Keramikkunst Qualit\u00e4tsfotos 175\" width=\"224\" height=\"300\" class=\"alignnone size-medium wp-image-950\" srcset=\"http:\/\/museumek.eu\/wp-content\/uploads\/2011\/08\/Museum-Europ\u00e4ischer-Keramikkunst-Qualit\u00e4tsfotos-175-224x300.jpg 224w, http:\/\/museumek.eu\/wp-content\/uploads\/2011\/08\/Museum-Europ\u00e4ischer-Keramikkunst-Qualit\u00e4tsfotos-175.jpg 561w\" sizes=\"(max-width: 224px) 100vw, 224px\" \/><\/a><\/p>\n<p><a href=\"http:\/\/museumek.eu\/wp-content\/uploads\/2011\/08\/Museum-Europ\u00e4ischer-Keramikkunst-5511.jpg\"><img loading=\"lazy\" src=\"http:\/\/museumek.eu\/wp-content\/uploads\/2011\/08\/Museum-Europ\u00e4ischer-Keramikkunst-5511-300x201.jpg\" alt=\"\" title=\"Museum Europ\u00e4ischer Keramikkunst 551\" width=\"300\" height=\"201\" class=\"alignnone size-medium wp-image-951\" srcset=\"http:\/\/museumek.eu\/wp-content\/uploads\/2011\/08\/Museum-Europ\u00e4ischer-Keramikkunst-5511-300x201.jpg 300w, http:\/\/museumek.eu\/wp-content\/uploads\/2011\/08\/Museum-Europ\u00e4ischer-Keramikkunst-5511-447x300.jpg 447w, http:\/\/museumek.eu\/wp-content\/uploads\/2011\/08\/Museum-Europ\u00e4ischer-Keramikkunst-5511.jpg 876w\" sizes=\"(max-width: 300px) 100vw, 300px\" \/><\/a><\/p>\n<p><a href=\"http:\/\/museumek.eu\/wp-content\/uploads\/2011\/08\/Museum-Europ\u00e4ischer-Keramikkunst-8722.jpg\"><img loading=\"lazy\" src=\"http:\/\/museumek.eu\/wp-content\/uploads\/2011\/08\/Museum-Europ\u00e4ischer-Keramikkunst-8722-300x88.jpg\" alt=\"\" title=\"Museum Europ\u00e4ischer Keramikkunst 872\" width=\"300\" height=\"88\" class=\"alignnone size-medium wp-image-2408\" srcset=\"http:\/\/museumek.eu\/wp-content\/uploads\/2011\/08\/Museum-Europ\u00e4ischer-Keramikkunst-8722-300x88.jpg 300w, http:\/\/museumek.eu\/wp-content\/uploads\/2011\/08\/Museum-Europ\u00e4ischer-Keramikkunst-8722-500x147.jpg 500w, http:\/\/museumek.eu\/wp-content\/uploads\/2011\/08\/Museum-Europ\u00e4ischer-Keramikkunst-8722.jpg 936w\" sizes=\"(max-width: 300px) 100vw, 300px\" \/><\/a><\/p>\n<p><a href=\"http:\/\/museumek.eu\/wp-content\/uploads\/2011\/08\/Museum-Europ\u00e4ischer-Keramikkunst-875.jpg\"><img loading=\"lazy\" src=\"http:\/\/museumek.eu\/wp-content\/uploads\/2011\/08\/Museum-Europ\u00e4ischer-Keramikkunst-875-229x300.jpg\" alt=\"\" title=\"Museum Europ\u00e4ischer Keramikkunst 875\" width=\"229\" height=\"300\" class=\"alignnone size-medium wp-image-2409\" srcset=\"http:\/\/museumek.eu\/wp-content\/uploads\/2011\/08\/Museum-Europ\u00e4ischer-Keramikkunst-875-229x300.jpg 229w, http:\/\/museumek.eu\/wp-content\/uploads\/2011\/08\/Museum-Europ\u00e4ischer-Keramikkunst-875.jpg 495w\" sizes=\"(max-width: 229px) 100vw, 229px\" \/><\/a><\/p>\n<p><strong>Abteilung Austria\/Ungarn\/B\u00f6hmen, Keramik 1860 \u2013 1960, Inventarnummer A\/XI\/1<\/strong><\/p>\n<p>Wienerberger Ziegelfabriks- und Baugesellschaft, Austria, Wien, um 1920, Figur Schwarzer Panther auf Rechtecksockel, K\u00fcnstler Michael Powolny (attr.), Werks-Nr. 10027, Exemplar Nr. ohne, gemarkt Wienerberger sowie 10027 gepresst, signiert schwer lesbar MP, Literatur: Waltraud Neuwirth, Wiener Keramik, Seite 486, Marke 291 Wienerberger Ziegelfabriks- und Baugesellschaft, H\u00f6he 12 cm, Breite 38 cm<\/p>\n<p><a href=\"http:\/\/museumek.eu\/wp-content\/uploads\/2011\/08\/Museum-Europ\u00e4ischer-Keramikkunst-Qualit\u00e4tsfotos-179.jpg\"><img loading=\"lazy\" src=\"http:\/\/museumek.eu\/wp-content\/uploads\/2011\/08\/Museum-Europ\u00e4ischer-Keramikkunst-Qualit\u00e4tsfotos-179-300x188.jpg\" alt=\"\" title=\"Museum Europ\u00e4ischer Keramikkunst Qualit\u00e4tsfotos 179\" width=\"300\" height=\"188\" class=\"alignnone size-medium wp-image-972\" srcset=\"http:\/\/museumek.eu\/wp-content\/uploads\/2011\/08\/Museum-Europ\u00e4ischer-Keramikkunst-Qualit\u00e4tsfotos-179-300x188.jpg 300w, http:\/\/museumek.eu\/wp-content\/uploads\/2011\/08\/Museum-Europ\u00e4ischer-Keramikkunst-Qualit\u00e4tsfotos-179-477x300.jpg 477w, http:\/\/museumek.eu\/wp-content\/uploads\/2011\/08\/Museum-Europ\u00e4ischer-Keramikkunst-Qualit\u00e4tsfotos-179.jpg 816w\" sizes=\"(max-width: 300px) 100vw, 300px\" \/><\/a><\/p>\n<p><a href=\"http:\/\/museumek.eu\/wp-content\/uploads\/2011\/08\/Panther-I.jpg\"><img loading=\"lazy\" src=\"http:\/\/museumek.eu\/wp-content\/uploads\/2011\/08\/Panther-I-300x209.jpg\" alt=\"\" title=\"Panther I\" width=\"300\" height=\"209\" class=\"alignnone size-medium wp-image-973\" srcset=\"http:\/\/museumek.eu\/wp-content\/uploads\/2011\/08\/Panther-I-300x209.jpg 300w, http:\/\/museumek.eu\/wp-content\/uploads\/2011\/08\/Panther-I-430x300.jpg 430w, http:\/\/museumek.eu\/wp-content\/uploads\/2011\/08\/Panther-I.jpg 658w\" sizes=\"(max-width: 300px) 100vw, 300px\" \/><\/a><\/p>\n<p><a href=\"http:\/\/museumek.eu\/wp-content\/uploads\/2011\/08\/Panther.jpg\"><img loading=\"lazy\" src=\"http:\/\/museumek.eu\/wp-content\/uploads\/2011\/08\/Panther-300x209.jpg\" alt=\"\" title=\"Panther\" width=\"300\" height=\"209\" class=\"alignnone size-medium wp-image-974\" srcset=\"http:\/\/museumek.eu\/wp-content\/uploads\/2011\/08\/Panther-300x209.jpg 300w, http:\/\/museumek.eu\/wp-content\/uploads\/2011\/08\/Panther-430x300.jpg 430w, http:\/\/museumek.eu\/wp-content\/uploads\/2011\/08\/Panther.jpg 658w\" sizes=\"(max-width: 300px) 100vw, 300px\" \/><\/a><\/p>\n<p><strong>Abteilung Austria\/Ungarn\/B\u00f6hmen, Keramik 1860 \u2013 1960, Inventarnummer A\/XI\/2<\/strong><\/p>\n<p>Wienerberger Ziegelfabriks- und Baugesellschaft, Austria, Wien, um 1920, Figur L\u00f6we auf Felssockel, K\u00fcnstler Michael Powolny (attr.), Werks.- Nr. ohne, Exemplar Nr. ohne,  gemarkt Wienerberger, Wien gestempelt, signiert schwer lesbar MP gemalt, Literatur: Waltraud Neuwirth, \u00d6sterreichische Keramik des Jugendstils, Seite 413, Marke 191 Wienerberger Ziegelfabriks- und Baugesellschaft, <strong>metallische Reduktionsl\u00fcsterglasur<\/strong>, H\u00f6he 22 cm, Breite 34 cm<\/p>\n<p><a href=\"http:\/\/museumek.eu\/wp-content\/uploads\/2011\/08\/Museum-Europ\u00e4ischer-Keramikkunst-Qualit\u00e4tsfotos-1821.jpg\"><img loading=\"lazy\" src=\"http:\/\/museumek.eu\/wp-content\/uploads\/2011\/08\/Museum-Europ\u00e4ischer-Keramikkunst-Qualit\u00e4tsfotos-1821-300x250.jpg\" alt=\"\" title=\"Museum Europ\u00e4ischer Keramikkunst Qualit\u00e4tsfotos 182\" width=\"300\" height=\"250\" class=\"alignnone size-medium wp-image-980\" srcset=\"http:\/\/museumek.eu\/wp-content\/uploads\/2011\/08\/Museum-Europ\u00e4ischer-Keramikkunst-Qualit\u00e4tsfotos-1821-300x250.jpg 300w, http:\/\/museumek.eu\/wp-content\/uploads\/2011\/08\/Museum-Europ\u00e4ischer-Keramikkunst-Qualit\u00e4tsfotos-1821-359x300.jpg 359w, http:\/\/museumek.eu\/wp-content\/uploads\/2011\/08\/Museum-Europ\u00e4ischer-Keramikkunst-Qualit\u00e4tsfotos-1821.jpg 801w\" sizes=\"(max-width: 300px) 100vw, 300px\" \/><\/a><\/p>\n<p><a href=\"http:\/\/museumek.eu\/wp-content\/uploads\/2011\/08\/L\u00f6we.jpg\"><img loading=\"lazy\" src=\"http:\/\/museumek.eu\/wp-content\/uploads\/2011\/08\/L\u00f6we-295x300.jpg\" alt=\"\" title=\"L\u00f6we\" width=\"295\" height=\"300\" class=\"alignnone size-medium wp-image-981\" srcset=\"http:\/\/museumek.eu\/wp-content\/uploads\/2011\/08\/L\u00f6we-295x300.jpg 295w, http:\/\/museumek.eu\/wp-content\/uploads\/2011\/08\/L\u00f6we.jpg 486w\" sizes=\"(max-width: 295px) 100vw, 295px\" \/><\/a><\/p>\n","protected":false},"excerpt":{"rendered":"<p>Abteilung Austria\/Ungarn\/B\u00f6hmen, Keramik 1860 \u2013 1960, Inventarnummer A\/X\/3 Gmundner Keramik GES.M.B.H., Austria, Gmunden, 1920 &#8211; 1950, Figuren Zwei Pferde als Buchst\u00fctzen, K\u00fcnstler Michael Powolny, Werks.-Nr. 1284, Exemplar Nr. ohne, gemarkt keine Firmenmarke, 1284 gepresst, nicht signiert, Literatur: Original Verkaufskatalog um &hellip; <a href=\"http:\/\/museumek.eu\/?page_id=17434\">Weiterlesen <span class=\"meta-nav\">&rarr;<\/span><\/a><\/p>\n","protected":false},"author":1,"featured_media":0,"parent":1629,"menu_order":1,"comment_status":"closed","ping_status":"open","template":"","meta":[],"_links":{"self":[{"href":"http:\/\/museumek.eu\/index.php?rest_route=\/wp\/v2\/pages\/17434"}],"collection":[{"href":"http:\/\/museumek.eu\/index.php?rest_route=\/wp\/v2\/pages"}],"about":[{"href":"http:\/\/museumek.eu\/index.php?rest_route=\/wp\/v2\/types\/page"}],"author":[{"embeddable":true,"href":"http:\/\/museumek.eu\/index.php?rest_route=\/wp\/v2\/users\/1"}],"replies":[{"embeddable":true,"href":"http:\/\/museumek.eu\/index.php?rest_route=%2Fwp%2Fv2%2Fcomments&post=17434"}],"version-history":[{"count":8,"href":"http:\/\/museumek.eu\/index.php?rest_route=\/wp\/v2\/pages\/17434\/revisions"}],"predecessor-version":[{"id":21656,"href":"http:\/\/museumek.eu\/index.php?rest_route=\/wp\/v2\/pages\/17434\/revisions\/21656"}],"up":[{"embeddable":true,"href":"http:\/\/museumek.eu\/index.php?rest_route=\/wp\/v2\/pages\/1629"}],"wp:attachment":[{"href":"http:\/\/museumek.eu\/index.php?rest_route=%2Fwp%2Fv2%2Fmedia&parent=17434"}],"curies":[{"name":"wp","href":"https:\/\/api.w.org\/{rel}","templated":true}]}}