{"id":17734,"date":"2013-02-01T20:40:19","date_gmt":"2013-02-01T19:40:19","guid":{"rendered":"http:\/\/museumek.eu\/?page_id=17734"},"modified":"2014-06-07T00:47:57","modified_gmt":"2014-06-06T22:47:57","slug":"dlxix1","status":"publish","type":"page","link":"http:\/\/museumek.eu\/?page_id=17734","title":{"rendered":"D\/LXX\/1"},"content":{"rendered":"<p><strong>Abteilung Deutschland, Keramik 1860 \u2013 1960, Inventarnummer D\/LXX\/1<\/strong><\/p>\n<p>Reinhold Hanke Fabrik fein verzierter Steinzeugwaaren, vormals Reinhold Hanke Fabrik altdeutscher Steinzeug-Kr\u00fcge, Deutschland, H\u00f6hr, um 1910, Flasche, K\u00fcnstler Albin M\u00fcller, Werks.-Nr. ohne, Exemplar Nr. ohne, nicht gemarkt, nicht signiert, Literatur: J\u00fcrgen Schimanski und J\u00fcrgen Erlebach, Westerw\u00e4lder Steinzeug, Die Neue \u00c4ra, Seite 60, Fabrikbeschreibung sowie Seite 62, Abbildung 76, identische Flasche (7,5 cm gr\u00f6\u00dfere Variante) Entwurf Albin M\u00fcller f\u00fcr die Firma Carl Mampe in Berlin, dort au\u00dferdem beschrieben, dass Albin M\u00fcller Exemplare dieser Flasche in seinem Haushalt in Darmstadt (Darmst\u00e4dter K\u00fcnstlerkolonnie) hatte, weitere Literatur: J\u00fcrgen Schimanski, Braun geflammt und grau gesalzen, Seite 202, Beschreibung der Fabrik, Seite 76 ff., Biografie Albin M\u00fcller sowie Seite 80, Abbildung 92, identische Flasche (7,5 cm gr\u00f6\u00dfere Variante) Entwurf Albin M\u00fcller, weitere Literatur: Wolfgang Venzmer, Jugendstil im Landesmuseum Mainz, Seite 342, Beschreibung der Fabrik sowie Abbildung 444, identische Flasche (7,5 cm gr\u00f6\u00dfere Variante und mit Flaschenstopfen) Entwurf Albin M\u00fcller, erworben aus Privatbesitz, Inventar Nr. 89\/67, au\u00dferdem dort beschrieben, dass von dieser Flasche auch eine etwas kleinere Variante bekannt ist, mit Verweis auf das Auktionshaus Ketterer, Auktion Nr. 131, Jahr 1988, Lot Nr. 570, weitere Literatur: Institut Mathildenh\u00f6he Darmstadt, Katalog Museum K\u00fcnstlerkolonie Darmstadt, Seite 164, Abbildung 235, identische Flasche (7,5 cm gr\u00f6\u00dfere Variante) Entwurf Albin M\u00fcller, weitere Literatur: Johannes und Peter Vogt, Alte Bierkr\u00fcge, Von der Renaissance bis zum Jugendstil, Seite 14, Fabrikbeschreibung und Benennung des Fabriknamens Reinhold Hanke Fabrik altdeutscher Steinzeug-Kr\u00fcge, siehe auch Auktionshaus von Zezschwitz, M\u00fcnchen, Auktion 62 vom 14.10.2010, Angewandte Kunst des 20. Jahrhunderts, Lot Nr. 131 A, identische Flasche (7 cm gr\u00f6\u00dfere Variante) mit einer wertmindernden Ausplatzung (Scharte), Verkaufserl\u00f6s 200 \u20ac + ca. 20 % Zuschlagskosten, 1864 gr\u00fcndete der aus B\u00f6hmen (Ausbildung bei Maresch, Siderolithsteinzeug) zugewanderte Reinhold Hanke zusammen mit Ottmar Speyser eine Siderolithwaarenfabrik in H\u00f6hr, 1868 trennte sich Reinhold Hanke von Ottmar Speyser (ob dieser die Siderlithwaarenfabrik allein weiterf\u00fchrte oder ob diese in Konkurs ging ist noch nicht gekl\u00e4rt) und gr\u00fcndete seine eigene Fabrik, die als Fabrik altdeutscher Steinzeug-Kr\u00fcge firmierte, 1876 wurde die Fabrik von Kaiserin Augusta, Gattin Kaiser Wilhelm des I. zum Hoflieferanten ernannt, bis 1882 wurde ausschlie\u00dflich graues Steinzeug produziert, welches blau bemalt wurde, ab 1883 wurde auch Elfenbeinsteinzeug produziert, Reinhold Hanke starb am 22.06.1886 und seine Witwe Maria Hanke f\u00fchrte die Fabrik fort, gem\u00e4\u00df des Musterbuches von ca. 1888 firmierte die Fabrik ab ca. 1888 als Reinhold Hanke Fabrik feinverzierter Steinzeugwaaren, ab 1901 f\u00fchrten die S\u00f6hne August und Carl Hanke die Fabrik, 1911 bis 1918 schloss sich die Fabrik mit den Fabriken Reinhold Merkelbach, Walter M\u00fcller und S. P. Gerz vertriebstechnisch zu der Steinzeugwerke H\u00f6hr-Grenzhausen GmbH zusammen, Hanke schied aber bereits vor 1918 wieder aus der GmbH aus, 1921 wurden bei einem Brand die Fabrikgeb\u00e4ude zerst\u00f6rt und danach in kleinerem Umfang wieder aufgebaut, 1938, zum Tode von August Hanke wurde die Hank\u2019sche Fabrik endg\u00fcltig stillgelegt, das Fabrikgel\u00e4nde und die Fabrikgeb\u00e4ude wurden aber bis 1983 noch zur Erzeugung keramischer Produkte wohl unter Pacht von den Hank\u2018schen Erben von anderen Fabrikanten zum Beispiel Jean Maas genutzt, Ausf\u00fchrung als Steinzeug grau-blau salzglasiert, zylindrischer Gef\u00e4\u00dfk\u00f6rper mit ausgew\u00f6lbter Schulter, die sich zum Hals hin stark verj\u00fcngt, auf zylindrischer Wandung umlaufende, reliefierte Wellenb\u00e4nder in Blau auf grauem Grund, blau bemalte Schulter mit Nuppendekor und reliefierten Medaillons, H\u00f6he 15,5 cm, Breite 7 cm<\/p>\n<p><a href=\"http:\/\/museumek.eu\/wp-content\/uploads\/2013\/02\/Museum-Europ\u00e4ischer-Keramikkunst-3907.jpg\"><img loading=\"lazy\" src=\"http:\/\/museumek.eu\/wp-content\/uploads\/2013\/02\/Museum-Europ\u00e4ischer-Keramikkunst-3907-161x300.jpg\" alt=\"\" title=\"Museum Europ\u00e4ischer Keramikkunst 3907\" width=\"161\" height=\"300\" class=\"alignnone size-medium wp-image-17735\" srcset=\"http:\/\/museumek.eu\/wp-content\/uploads\/2013\/02\/Museum-Europ\u00e4ischer-Keramikkunst-3907-161x300.jpg 161w, http:\/\/museumek.eu\/wp-content\/uploads\/2013\/02\/Museum-Europ\u00e4ischer-Keramikkunst-3907.jpg 508w\" sizes=\"(max-width: 161px) 100vw, 161px\" \/><\/a><\/p>\n<p><a href=\"http:\/\/museumek.eu\/wp-content\/uploads\/2013\/02\/Zezschwitz-4.jpg\"><img loading=\"lazy\" src=\"http:\/\/museumek.eu\/wp-content\/uploads\/2013\/02\/Zezschwitz-4-300x148.jpg\" alt=\"\" title=\"Zezschwitz 4\" width=\"300\" height=\"148\" class=\"alignnone size-medium wp-image-17736\" srcset=\"http:\/\/museumek.eu\/wp-content\/uploads\/2013\/02\/Zezschwitz-4-300x148.jpg 300w, http:\/\/museumek.eu\/wp-content\/uploads\/2013\/02\/Zezschwitz-4-500x247.jpg 500w, http:\/\/museumek.eu\/wp-content\/uploads\/2013\/02\/Zezschwitz-4.jpg 590w\" sizes=\"(max-width: 300px) 100vw, 300px\" \/><\/a><\/p>\n","protected":false},"excerpt":{"rendered":"<p>Abteilung Deutschland, Keramik 1860 \u2013 1960, Inventarnummer D\/LXX\/1 Reinhold Hanke Fabrik fein verzierter Steinzeugwaaren, vormals Reinhold Hanke Fabrik altdeutscher Steinzeug-Kr\u00fcge, Deutschland, H\u00f6hr, um 1910, Flasche, K\u00fcnstler Albin M\u00fcller, Werks.-Nr. ohne, Exemplar Nr. ohne, nicht gemarkt, nicht signiert, Literatur: J\u00fcrgen Schimanski &hellip; <a href=\"http:\/\/museumek.eu\/?page_id=17734\">Weiterlesen <span class=\"meta-nav\">&rarr;<\/span><\/a><\/p>\n","protected":false},"author":1,"featured_media":0,"parent":17731,"menu_order":1,"comment_status":"closed","ping_status":"open","template":"","meta":[],"_links":{"self":[{"href":"http:\/\/museumek.eu\/index.php?rest_route=\/wp\/v2\/pages\/17734"}],"collection":[{"href":"http:\/\/museumek.eu\/index.php?rest_route=\/wp\/v2\/pages"}],"about":[{"href":"http:\/\/museumek.eu\/index.php?rest_route=\/wp\/v2\/types\/page"}],"author":[{"embeddable":true,"href":"http:\/\/museumek.eu\/index.php?rest_route=\/wp\/v2\/users\/1"}],"replies":[{"embeddable":true,"href":"http:\/\/museumek.eu\/index.php?rest_route=%2Fwp%2Fv2%2Fcomments&post=17734"}],"version-history":[{"count":6,"href":"http:\/\/museumek.eu\/index.php?rest_route=\/wp\/v2\/pages\/17734\/revisions"}],"predecessor-version":[{"id":31472,"href":"http:\/\/museumek.eu\/index.php?rest_route=\/wp\/v2\/pages\/17734\/revisions\/31472"}],"up":[{"embeddable":true,"href":"http:\/\/museumek.eu\/index.php?rest_route=\/wp\/v2\/pages\/17731"}],"wp:attachment":[{"href":"http:\/\/museumek.eu\/index.php?rest_route=%2Fwp%2Fv2%2Fmedia&parent=17734"}],"curies":[{"name":"wp","href":"https:\/\/api.w.org\/{rel}","templated":true}]}}