{"id":1889,"date":"2011-08-19T23:04:17","date_gmt":"2011-08-19T21:04:17","guid":{"rendered":"http:\/\/museumek.eu\/?page_id=1889"},"modified":"2021-01-30T18:38:45","modified_gmt":"2021-01-30T17:38:45","slug":"diii3","status":"publish","type":"page","link":"http:\/\/museumek.eu\/?page_id=1889","title":{"rendered":"D\/III\/3"},"content":{"rendered":"<p><strong>Abteilung Deutschland, Keramik 1860 \u2013 1960, Inventarnummer D\/III\/3<\/strong><\/p>\n<p>Porzellanfabrik Zeh, Scherzer &#038; Cie. und Nachfolger Zeh, Scherzer &#038; Cie. AG, Deutschland, Rehau, um 1900, Tasse aus dem Service Vineta, K\u00fcnstler unbekannt, Werks.-Nr. 7368 (Dekornummer), Exemplar Nr. ohne, gemarkt Firmenmarke mit Z.S. &#038; Cie., Wellenlinie, BAVARIA dar\u00fcber VINETA (Dekorname) gr\u00fcne Stempel unter Glasur, Muster gesch\u00fctzt sowie 7368 blaue Stempel unter Glasur, nicht signiert, Literatur: J. G. Th. Graesse und E. Jaenicke, F\u00fchrer f\u00fcr Sammler von Porzellan und Fayence, Steinzeug, Steingut usw., Seite 503, Marke Nr. 3 identisch, weitere Literatur: Emanuel Poche, Porzellanmarken aus aller Welt, Marke 605 identisch, weitere Literatur: Dieter Z\u00fchlsdorff, Markenlexikon Band 1, Porzellan und Keramik Report 1885 &#8211; 1935, Seite 75, Werk-Teil Nr. 1., Gruppennummer des Werkteils 1., laufende Nummer innerhalb der Gruppe 1466, identische Marke (dort f\u00fcr die Zeit 1880 bis nach 1910) sowie Seite 592, Werk-Teil 3., laufende Nummer des Werkteils 1053, dort Fabrikbeschreibung, weitere Literatur: Robert E. R\u00f6ntgen, Deutsche Porzellanmarken von 1710 bis heute, Seite 286, Marke Nr. 2231 identisch (dort f\u00fcr die Zeit 1880 bis ca. 1882, Anm. MEK: das folgt Z\u00fchlsdorff, dass die Marke bis nach 1910 verwendet worden ist), die Fabrik wurde am 02.11.1880 von einem Konsortium gegr\u00fcndet, die Gr\u00fcndungmitglieder waren: Johann Michael Scherzer jun., Georg Adam Winterling, Johan Nicol. Jakob jun., Hans Zeh, Johann-Andreas Karl W\u00f6lfel, Johann Paulus Hertel, Josef Zapf, Ernst W\u00f6lfel und Nicol. W\u00f6lfel, es wurde \u00fcberwiegend in die USA exportiert, dort erfolgte die Einfuhr \u00fcber den Hauptabnehmer Borgfeldt &#038; Co. New York, Firmierung als Porzellanfabrik Zeh, Scherzer &#038; Cie., 1910 erfolgte die Umwandlung in eine AG, Firmierung nun Zeh, Scherzer &#038; Cie. AG, die Fabrik bestand \u00fcber 100 Jahre, weitere Teile des Service siehe MEK D\/III\/1, MEK D\/III\/2 sowie MEK D\/III\/4, H\u00f6he 6 cm, Breite 10 cm<\/p>\n<p><a href=\"http:\/\/museumek.eu\/wp-content\/uploads\/2011\/08\/Museum-Europ\u00e4ischer-Keramikkunst-2741.jpg\"><img loading=\"lazy\" src=\"http:\/\/museumek.eu\/wp-content\/uploads\/2011\/08\/Museum-Europ\u00e4ischer-Keramikkunst-2741-300x233.jpg\" alt=\"\" title=\"Museum Europ\u00e4ischer Keramikkunst 2741\" width=\"300\" height=\"233\" class=\"alignnone size-medium wp-image-13000\" srcset=\"http:\/\/museumek.eu\/wp-content\/uploads\/2011\/08\/Museum-Europ\u00e4ischer-Keramikkunst-2741-300x233.jpg 300w, http:\/\/museumek.eu\/wp-content\/uploads\/2011\/08\/Museum-Europ\u00e4ischer-Keramikkunst-2741-385x300.jpg 385w, http:\/\/museumek.eu\/wp-content\/uploads\/2011\/08\/Museum-Europ\u00e4ischer-Keramikkunst-2741.jpg 734w\" sizes=\"(max-width: 300px) 100vw, 300px\" \/><\/a><\/p>\n<p><a href=\"http:\/\/museumek.eu\/wp-content\/uploads\/2011\/08\/Museum-Europ\u00e4ischer-Keramikkunst-2742.jpg\"><img loading=\"lazy\" src=\"http:\/\/museumek.eu\/wp-content\/uploads\/2011\/08\/Museum-Europ\u00e4ischer-Keramikkunst-2742-211x300.jpg\" alt=\"\" title=\"Museum Europ\u00e4ischer Keramikkunst 2742\" width=\"211\" height=\"300\" class=\"alignnone size-medium wp-image-13001\" srcset=\"http:\/\/museumek.eu\/wp-content\/uploads\/2011\/08\/Museum-Europ\u00e4ischer-Keramikkunst-2742-211x300.jpg 211w, http:\/\/museumek.eu\/wp-content\/uploads\/2011\/08\/Museum-Europ\u00e4ischer-Keramikkunst-2742.jpg 270w\" sizes=\"(max-width: 211px) 100vw, 211px\" \/><\/a><\/p>\n<p><a href=\"http:\/\/museumek.eu\/wp-content\/uploads\/2011\/08\/Museum-Europ\u00e4ischer-Keramikkunst-2743.jpg\"><img loading=\"lazy\" src=\"http:\/\/museumek.eu\/wp-content\/uploads\/2011\/08\/Museum-Europ\u00e4ischer-Keramikkunst-2743-296x300.jpg\" alt=\"\" title=\"Museum Europ\u00e4ischer Keramikkunst 2743\" width=\"296\" height=\"300\" class=\"alignnone size-medium wp-image-13003\" srcset=\"http:\/\/museumek.eu\/wp-content\/uploads\/2011\/08\/Museum-Europ\u00e4ischer-Keramikkunst-2743-296x300.jpg 296w, http:\/\/museumek.eu\/wp-content\/uploads\/2011\/08\/Museum-Europ\u00e4ischer-Keramikkunst-2743.jpg 359w\" sizes=\"(max-width: 296px) 100vw, 296px\" \/><\/a><\/p>\n","protected":false},"excerpt":{"rendered":"<p>Abteilung Deutschland, Keramik 1860 \u2013 1960, Inventarnummer D\/III\/3 Porzellanfabrik Zeh, Scherzer &#038; Cie. und Nachfolger Zeh, Scherzer &#038; Cie. AG, Deutschland, Rehau, um 1900, Tasse aus dem Service Vineta, K\u00fcnstler unbekannt, Werks.-Nr. 7368 (Dekornummer), Exemplar Nr. ohne, gemarkt Firmenmarke mit &hellip; <a href=\"http:\/\/museumek.eu\/?page_id=1889\">Weiterlesen <span class=\"meta-nav\">&rarr;<\/span><\/a><\/p>\n","protected":false},"author":1,"featured_media":0,"parent":1875,"menu_order":3,"comment_status":"open","ping_status":"open","template":"","meta":[],"_links":{"self":[{"href":"http:\/\/museumek.eu\/index.php?rest_route=\/wp\/v2\/pages\/1889"}],"collection":[{"href":"http:\/\/museumek.eu\/index.php?rest_route=\/wp\/v2\/pages"}],"about":[{"href":"http:\/\/museumek.eu\/index.php?rest_route=\/wp\/v2\/types\/page"}],"author":[{"embeddable":true,"href":"http:\/\/museumek.eu\/index.php?rest_route=\/wp\/v2\/users\/1"}],"replies":[{"embeddable":true,"href":"http:\/\/museumek.eu\/index.php?rest_route=%2Fwp%2Fv2%2Fcomments&post=1889"}],"version-history":[{"count":10,"href":"http:\/\/museumek.eu\/index.php?rest_route=\/wp\/v2\/pages\/1889\/revisions"}],"predecessor-version":[{"id":52865,"href":"http:\/\/museumek.eu\/index.php?rest_route=\/wp\/v2\/pages\/1889\/revisions\/52865"}],"up":[{"embeddable":true,"href":"http:\/\/museumek.eu\/index.php?rest_route=\/wp\/v2\/pages\/1875"}],"wp:attachment":[{"href":"http:\/\/museumek.eu\/index.php?rest_route=%2Fwp%2Fv2%2Fmedia&parent=1889"}],"curies":[{"name":"wp","href":"https:\/\/api.w.org\/{rel}","templated":true}]}}