{"id":19345,"date":"2013-04-05T20:26:36","date_gmt":"2013-04-05T18:26:36","guid":{"rendered":"http:\/\/museumek.eu\/?page_id=19345"},"modified":"2013-04-05T20:26:36","modified_gmt":"2013-04-05T18:26:36","slug":"ai108","status":"publish","type":"page","link":"http:\/\/museumek.eu\/?page_id=19345","title":{"rendered":"A\/I\/108"},"content":{"rendered":"<p><strong>Abteilung Austria\/Ungarn\/B\u00f6hmen, Keramik 1860 \u2013 1960, Inventarnummer A\/I\/108<\/strong><\/p>\n<p>Manufaktur Friedrich Goldscheider Erste Wiener Kunst-Terracotta-Fabrik und kunstgewerbliche Ateliers (attr.), Austria, Wien, 1895 &#8211; 1905, B\u00fcste Richard Wagner, K\u00fcnstler unbekannt, Werks.-Nr. ohne\/Exemplar Nr. ohne\/Modelleur Nr. ohne, nicht gemarkt, nicht signiert, Literatur: Robert E. Dechant\/Filipp Goldscheider, Firmengeschichte und Werkverzeichnis, dort diverse unvollst\u00e4ndig beschriebene und ohne Foto erfasste Wagner B\u00fcsten aus der o. g. Zeit verzeichnet, so dass eine genaue Zuordnung und Pr\u00fcfung nicht m\u00f6glich ist, Zuschreibung: hochwertiger K\u00fcnstlerentwurf, hochwertige Ausf\u00fchrung, Farbgebung von Goldscheider verwendet, typische Sockelform, dabei besonders typisch die Formgestaltung der R\u00fcckseite des Sockels, typische helle Keramik, die in dieser Zeit von Goldscheider verwendet wurde, typischer Hohlguss, typische nicht nachvollziehbare Bleistiftnotizen im inneren der Keramik (wohl technische Notizen), sinngem\u00e4\u00dfe Verzierung der Sockelvorderseite, hier Komponist Wagner, sinngem\u00e4ss dazu 3 Putti  mit Musikinstrumenten, H\u00f6he 30,5 cm, Breite 21 cm<\/p>\n<p><a href=\"http:\/\/museumek.eu\/wp-content\/uploads\/2013\/04\/SAM_9984.jpg\"><img loading=\"lazy\" src=\"http:\/\/museumek.eu\/wp-content\/uploads\/2013\/04\/SAM_9984-197x300.jpg\" alt=\"\" title=\"SAM_9984\" width=\"197\" height=\"300\" class=\"alignnone size-medium wp-image-19346\" srcset=\"http:\/\/museumek.eu\/wp-content\/uploads\/2013\/04\/SAM_9984-197x300.jpg 197w, http:\/\/museumek.eu\/wp-content\/uploads\/2013\/04\/SAM_9984.jpg 526w\" sizes=\"(max-width: 197px) 100vw, 197px\" \/><\/a><\/p>\n<p><a href=\"http:\/\/museumek.eu\/wp-content\/uploads\/2013\/04\/SAM_9995.jpg\"><img loading=\"lazy\" src=\"http:\/\/museumek.eu\/wp-content\/uploads\/2013\/04\/SAM_9995-225x300.jpg\" alt=\"\" title=\"SAM_9995\" width=\"225\" height=\"300\" class=\"alignnone size-medium wp-image-19347\" srcset=\"http:\/\/museumek.eu\/wp-content\/uploads\/2013\/04\/SAM_9995-225x300.jpg 225w, http:\/\/museumek.eu\/wp-content\/uploads\/2013\/04\/SAM_9995.jpg 600w\" sizes=\"(max-width: 225px) 100vw, 225px\" \/><\/a><\/p>\n<p><a href=\"http:\/\/museumek.eu\/wp-content\/uploads\/2013\/04\/SAM_9986.jpg\"><img loading=\"lazy\" src=\"http:\/\/museumek.eu\/wp-content\/uploads\/2013\/04\/SAM_9986-165x300.jpg\" alt=\"\" title=\"SAM_9986\" width=\"165\" height=\"300\" class=\"alignnone size-medium wp-image-19348\" srcset=\"http:\/\/museumek.eu\/wp-content\/uploads\/2013\/04\/SAM_9986-165x300.jpg 165w, http:\/\/museumek.eu\/wp-content\/uploads\/2013\/04\/SAM_9986.jpg 441w\" sizes=\"(max-width: 165px) 100vw, 165px\" \/><\/a><\/p>\n<p><a href=\"http:\/\/museumek.eu\/wp-content\/uploads\/2013\/04\/SAM_9987.jpg\"><img loading=\"lazy\" src=\"http:\/\/museumek.eu\/wp-content\/uploads\/2013\/04\/SAM_9987-138x300.jpg\" alt=\"\" title=\"SAM_9987\" width=\"138\" height=\"300\" class=\"alignnone size-medium wp-image-19349\" srcset=\"http:\/\/museumek.eu\/wp-content\/uploads\/2013\/04\/SAM_9987-138x300.jpg 138w, http:\/\/museumek.eu\/wp-content\/uploads\/2013\/04\/SAM_9987.jpg 368w\" sizes=\"(max-width: 138px) 100vw, 138px\" \/><\/a><\/p>\n<p><a href=\"http:\/\/museumek.eu\/wp-content\/uploads\/2013\/04\/SAM_9988.jpg\"><img loading=\"lazy\" src=\"http:\/\/museumek.eu\/wp-content\/uploads\/2013\/04\/SAM_9988-209x300.jpg\" alt=\"\" title=\"SAM_9988\" width=\"209\" height=\"300\" class=\"alignnone size-medium wp-image-19350\" srcset=\"http:\/\/museumek.eu\/wp-content\/uploads\/2013\/04\/SAM_9988-209x300.jpg 209w, http:\/\/museumek.eu\/wp-content\/uploads\/2013\/04\/SAM_9988.jpg 559w\" sizes=\"(max-width: 209px) 100vw, 209px\" \/><\/a><\/p>\n<p><a href=\"http:\/\/museumek.eu\/wp-content\/uploads\/2013\/04\/SAM_9991.jpg\"><img loading=\"lazy\" src=\"http:\/\/museumek.eu\/wp-content\/uploads\/2013\/04\/SAM_9991-131x300.jpg\" alt=\"\" title=\"SAM_9991\" width=\"131\" height=\"300\" class=\"alignnone size-medium wp-image-19351\" srcset=\"http:\/\/museumek.eu\/wp-content\/uploads\/2013\/04\/SAM_9991-131x300.jpg 131w, http:\/\/museumek.eu\/wp-content\/uploads\/2013\/04\/SAM_9991.jpg 350w\" sizes=\"(max-width: 131px) 100vw, 131px\" \/><\/a><\/p>\n<p><a href=\"http:\/\/museumek.eu\/wp-content\/uploads\/2013\/04\/SAM_9989.jpg\"><img loading=\"lazy\" src=\"http:\/\/museumek.eu\/wp-content\/uploads\/2013\/04\/SAM_9989-235x300.jpg\" alt=\"\" title=\"SAM_9989\" width=\"235\" height=\"300\" class=\"alignnone size-medium wp-image-19353\" srcset=\"http:\/\/museumek.eu\/wp-content\/uploads\/2013\/04\/SAM_9989-235x300.jpg 235w, http:\/\/museumek.eu\/wp-content\/uploads\/2013\/04\/SAM_9989.jpg 600w\" sizes=\"(max-width: 235px) 100vw, 235px\" \/><\/a><\/p>\n<p><a href=\"http:\/\/museumek.eu\/wp-content\/uploads\/2013\/04\/SAM_9990.jpg\"><img loading=\"lazy\" src=\"http:\/\/museumek.eu\/wp-content\/uploads\/2013\/04\/SAM_9990-225x300.jpg\" alt=\"\" title=\"SAM_9990\" width=\"225\" height=\"300\" class=\"alignnone size-medium wp-image-19354\" srcset=\"http:\/\/museumek.eu\/wp-content\/uploads\/2013\/04\/SAM_9990-225x300.jpg 225w, http:\/\/museumek.eu\/wp-content\/uploads\/2013\/04\/SAM_9990.jpg 600w\" sizes=\"(max-width: 225px) 100vw, 225px\" \/><\/a><\/p>\n<p><a href=\"http:\/\/museumek.eu\/wp-content\/uploads\/2013\/04\/SAM_9992.jpg\"><img loading=\"lazy\" src=\"http:\/\/museumek.eu\/wp-content\/uploads\/2013\/04\/SAM_9992-300x286.jpg\" alt=\"\" title=\"SAM_9992\" width=\"300\" height=\"286\" class=\"alignnone size-medium wp-image-19355\" srcset=\"http:\/\/museumek.eu\/wp-content\/uploads\/2013\/04\/SAM_9992-300x286.jpg 300w, http:\/\/museumek.eu\/wp-content\/uploads\/2013\/04\/SAM_9992-314x300.jpg 314w, http:\/\/museumek.eu\/wp-content\/uploads\/2013\/04\/SAM_9992.jpg 628w\" sizes=\"(max-width: 300px) 100vw, 300px\" \/><\/a><\/p>\n<p><a href=\"http:\/\/museumek.eu\/wp-content\/uploads\/2013\/04\/SAM_9993.jpg\"><img loading=\"lazy\" src=\"http:\/\/museumek.eu\/wp-content\/uploads\/2013\/04\/SAM_9993-300x203.jpg\" alt=\"\" title=\"SAM_9993\" width=\"300\" height=\"203\" class=\"alignnone size-medium wp-image-19356\" srcset=\"http:\/\/museumek.eu\/wp-content\/uploads\/2013\/04\/SAM_9993-300x203.jpg 300w, http:\/\/museumek.eu\/wp-content\/uploads\/2013\/04\/SAM_9993-442x300.jpg 442w, http:\/\/museumek.eu\/wp-content\/uploads\/2013\/04\/SAM_9993.jpg 800w\" sizes=\"(max-width: 300px) 100vw, 300px\" \/><\/a><\/p>\n","protected":false},"excerpt":{"rendered":"<p>Abteilung Austria\/Ungarn\/B\u00f6hmen, Keramik 1860 \u2013 1960, Inventarnummer A\/I\/108 Manufaktur Friedrich Goldscheider Erste Wiener Kunst-Terracotta-Fabrik und kunstgewerbliche Ateliers (attr.), Austria, Wien, 1895 &#8211; 1905, B\u00fcste Richard Wagner, K\u00fcnstler unbekannt, Werks.-Nr. ohne\/Exemplar Nr. ohne\/Modelleur Nr. ohne, nicht gemarkt, nicht signiert, Literatur: Robert &hellip; <a href=\"http:\/\/museumek.eu\/?page_id=19345\">Weiterlesen <span class=\"meta-nav\">&rarr;<\/span><\/a><\/p>\n","protected":false},"author":1,"featured_media":0,"parent":17344,"menu_order":108,"comment_status":"closed","ping_status":"open","template":"","meta":[],"_links":{"self":[{"href":"http:\/\/museumek.eu\/index.php?rest_route=\/wp\/v2\/pages\/19345"}],"collection":[{"href":"http:\/\/museumek.eu\/index.php?rest_route=\/wp\/v2\/pages"}],"about":[{"href":"http:\/\/museumek.eu\/index.php?rest_route=\/wp\/v2\/types\/page"}],"author":[{"embeddable":true,"href":"http:\/\/museumek.eu\/index.php?rest_route=\/wp\/v2\/users\/1"}],"replies":[{"embeddable":true,"href":"http:\/\/museumek.eu\/index.php?rest_route=%2Fwp%2Fv2%2Fcomments&post=19345"}],"version-history":[{"count":2,"href":"http:\/\/museumek.eu\/index.php?rest_route=\/wp\/v2\/pages\/19345\/revisions"}],"predecessor-version":[{"id":19358,"href":"http:\/\/museumek.eu\/index.php?rest_route=\/wp\/v2\/pages\/19345\/revisions\/19358"}],"up":[{"embeddable":true,"href":"http:\/\/museumek.eu\/index.php?rest_route=\/wp\/v2\/pages\/17344"}],"wp:attachment":[{"href":"http:\/\/museumek.eu\/index.php?rest_route=%2Fwp%2Fv2%2Fmedia&parent=19345"}],"curies":[{"name":"wp","href":"https:\/\/api.w.org\/{rel}","templated":true}]}}