{"id":19410,"date":"2013-04-06T21:22:27","date_gmt":"2013-04-06T19:22:27","guid":{"rendered":"http:\/\/museumek.eu\/?page_id=19410"},"modified":"2015-02-07T19:15:04","modified_gmt":"2015-02-07T18:15:04","slug":"dxxxvii4","status":"publish","type":"page","link":"http:\/\/museumek.eu\/?page_id=19410","title":{"rendered":"D\/XXXVII\/4"},"content":{"rendered":"<p><strong>Abteilung Deutschland, Keramik 1860 \u2013 1960, Inventarnummer D\/XXXVII\/4<\/strong><\/p>\n<p>Thonwaaren \u2013 Fabrik Marzi &#038; Remy, Deutschland, H\u00f6hr, um 1910, Seidel, K\u00fcnstler unbekannt, Werks.-Nr. ohne, Exemplar Nr. ohne, gemarkt Firmenmarke als stilisierte T\u00f6pfermarke, bestehend aus Mittelachse, daran Antriebstretscheibe, diese immer in einem quadratischen oder trapezf\u00f6rmigen Rahmen, manchmal auch mit M links neben der Mittelachse und R rechts neben der Mittelachse (f\u00fcr Marzi &#038; Remy), Drehscheibe \u00fcber dem Rahmen, darauf eine Vase gepresst, 2 schwarze x gemalt, 0\/5 L \u00fcber Eichstrich schwarz gemalt, nicht signiert, Literatur: J\u00fcrgen Erlebach, J\u00fcrgen Schimanski, Westerw\u00e4lder Steinzeug, Die Neue \u00c4ra 1900 \u2013 1930, Jugendstil und Werkbund, Seite 72, Marke Nr. 17 identisch, weitere Literatur: Gisela Reineking von Bock, Meister der deutschen Keramik, Seite 329, Marke Nr. 218 identisch (dort noch als unbekannte Marke gef\u00fchrt), weitere Literatur: J\u00fcrgen Schimanski, Braun geflammt und grau gesalzen, Seite 203, Beschreibung der Fabrik sowie Marke Nr. 17 identisch, au\u00dferdem dort beschrieben, dass eine eigene Firmenmarke erst Anfang der 1920\u2018 Jahre eingef\u00fchrt worden ist und dass Erzeugnisse der fr\u00fcheren Jahre oft mit dem Schriftzug \u201eGesetzl. Gesch\u00fctzt\u201c gemarkt sind, diese Beschreibung stellt das MEK bez\u00fcglich der Fabrikmarke in Frage, da unter http:\/\/www.steinmarks.co.uk\/pages\/pv.asp?p=stein164, verschiedene Fabrikmarken mit fr\u00fchen Werksnummern aus dem 1900 Jahrhundert abgebildet sind, eine Fabrikmarke sogar mit dem Zusatz Gesetzl. Gesch\u00fctzt, die Fabrik wurde 1879 von Anton Marzi und seinem Schwager Simon Peter Remy in H\u00f6hr gegr\u00fcndet und firmierte als Thonwaaren \u2013 Fabrik Marzi &#038; Remy, ab 1881 wurde eine eigene Zinngie\u00dferei angeschafft und ab 1883 neben dem grau \u2013 blau salzglasiertem Steinzeug auch Elfenbeinsteinzeug produziert, Simon Peter Remy verstarb 1919 und sein Sohn Werner Remy trat in die Fabrik ein, 1924 verstarb Anton Marzi und sein Schwiegersohn Johann Otto B\u00fchler trat in die Fabrik ein, Werner Remy verlie\u00df 1931 die Fabrik, 1941 trat Johann Otto B\u00fchlers Sohn Otto B\u00fchler in die Fabrik ein und 1953 dessen Sohn Otto Georg B\u00fchler, die Fabrik war bis zum Konkurs in den 1990\u2018 Jahren immer in Familienbesitz,<br \/>\nH\u00f6he 13 cm, Breite 14 cm (nur die Keramik)<\/p>\n<p><a href=\"http:\/\/museumek.eu\/wp-content\/uploads\/2013\/04\/SAM_9976.jpg\"><img loading=\"lazy\" src=\"http:\/\/museumek.eu\/wp-content\/uploads\/2013\/04\/SAM_9976-195x300.jpg\" alt=\"\" title=\"SAM_9976\" width=\"195\" height=\"300\" class=\"alignnone size-medium wp-image-19411\" srcset=\"http:\/\/museumek.eu\/wp-content\/uploads\/2013\/04\/SAM_9976-195x300.jpg 195w, http:\/\/museumek.eu\/wp-content\/uploads\/2013\/04\/SAM_9976.jpg 521w\" sizes=\"(max-width: 195px) 100vw, 195px\" \/><\/a><\/p>\n<p><a href=\"http:\/\/museumek.eu\/wp-content\/uploads\/2013\/04\/SAM_9977.jpg\"><img loading=\"lazy\" src=\"http:\/\/museumek.eu\/wp-content\/uploads\/2013\/04\/SAM_9977-198x300.jpg\" alt=\"\" title=\"SAM_9977\" width=\"198\" height=\"300\" class=\"alignnone size-medium wp-image-19412\" srcset=\"http:\/\/museumek.eu\/wp-content\/uploads\/2013\/04\/SAM_9977-198x300.jpg 198w, http:\/\/museumek.eu\/wp-content\/uploads\/2013\/04\/SAM_9977.jpg 528w\" sizes=\"(max-width: 198px) 100vw, 198px\" \/><\/a><\/p>\n<p><a href=\"http:\/\/museumek.eu\/wp-content\/uploads\/2013\/04\/SAM_9978.jpg\"><img loading=\"lazy\" src=\"http:\/\/museumek.eu\/wp-content\/uploads\/2013\/04\/SAM_9978-184x300.jpg\" alt=\"\" title=\"SAM_9978\" width=\"184\" height=\"300\" class=\"alignnone size-medium wp-image-19413\" srcset=\"http:\/\/museumek.eu\/wp-content\/uploads\/2013\/04\/SAM_9978-184x300.jpg 184w, http:\/\/museumek.eu\/wp-content\/uploads\/2013\/04\/SAM_9978.jpg 493w\" sizes=\"(max-width: 184px) 100vw, 184px\" \/><\/a><\/p>\n<p><a href=\"http:\/\/museumek.eu\/wp-content\/uploads\/2013\/04\/SAM_9980.jpg\"><img loading=\"lazy\" src=\"http:\/\/museumek.eu\/wp-content\/uploads\/2013\/04\/SAM_9980-300x246.jpg\" alt=\"\" title=\"SAM_9980\" width=\"300\" height=\"246\" class=\"alignnone size-medium wp-image-19414\" srcset=\"http:\/\/museumek.eu\/wp-content\/uploads\/2013\/04\/SAM_9980-300x246.jpg 300w, http:\/\/museumek.eu\/wp-content\/uploads\/2013\/04\/SAM_9980-365x300.jpg 365w, http:\/\/museumek.eu\/wp-content\/uploads\/2013\/04\/SAM_9980.jpg 731w\" sizes=\"(max-width: 300px) 100vw, 300px\" \/><\/a><\/p>\n<p><a href=\"http:\/\/museumek.eu\/wp-content\/uploads\/2013\/04\/SAM_9979.jpg\"><img loading=\"lazy\" src=\"http:\/\/museumek.eu\/wp-content\/uploads\/2013\/04\/SAM_9979-300x231.jpg\" alt=\"\" title=\"SAM_9979\" width=\"300\" height=\"231\" class=\"alignnone size-medium wp-image-19415\" srcset=\"http:\/\/museumek.eu\/wp-content\/uploads\/2013\/04\/SAM_9979-300x231.jpg 300w, http:\/\/museumek.eu\/wp-content\/uploads\/2013\/04\/SAM_9979-388x300.jpg 388w, http:\/\/museumek.eu\/wp-content\/uploads\/2013\/04\/SAM_9979.jpg 777w\" sizes=\"(max-width: 300px) 100vw, 300px\" \/><\/a><\/p>\n","protected":false},"excerpt":{"rendered":"<p>Abteilung Deutschland, Keramik 1860 \u2013 1960, Inventarnummer D\/XXXVII\/4 Thonwaaren \u2013 Fabrik Marzi &#038; Remy, Deutschland, H\u00f6hr, um 1910, Seidel, K\u00fcnstler unbekannt, Werks.-Nr. ohne, Exemplar Nr. ohne, gemarkt Firmenmarke als stilisierte T\u00f6pfermarke, bestehend aus Mittelachse, daran Antriebstretscheibe, diese immer in einem &hellip; <a href=\"http:\/\/museumek.eu\/?page_id=19410\">Weiterlesen <span class=\"meta-nav\">&rarr;<\/span><\/a><\/p>\n","protected":false},"author":1,"featured_media":0,"parent":9016,"menu_order":4,"comment_status":"closed","ping_status":"open","template":"","meta":[],"_links":{"self":[{"href":"http:\/\/museumek.eu\/index.php?rest_route=\/wp\/v2\/pages\/19410"}],"collection":[{"href":"http:\/\/museumek.eu\/index.php?rest_route=\/wp\/v2\/pages"}],"about":[{"href":"http:\/\/museumek.eu\/index.php?rest_route=\/wp\/v2\/types\/page"}],"author":[{"embeddable":true,"href":"http:\/\/museumek.eu\/index.php?rest_route=\/wp\/v2\/users\/1"}],"replies":[{"embeddable":true,"href":"http:\/\/museumek.eu\/index.php?rest_route=%2Fwp%2Fv2%2Fcomments&post=19410"}],"version-history":[{"count":9,"href":"http:\/\/museumek.eu\/index.php?rest_route=\/wp\/v2\/pages\/19410\/revisions"}],"predecessor-version":[{"id":36295,"href":"http:\/\/museumek.eu\/index.php?rest_route=\/wp\/v2\/pages\/19410\/revisions\/36295"}],"up":[{"embeddable":true,"href":"http:\/\/museumek.eu\/index.php?rest_route=\/wp\/v2\/pages\/9016"}],"wp:attachment":[{"href":"http:\/\/museumek.eu\/index.php?rest_route=%2Fwp%2Fv2%2Fmedia&parent=19410"}],"curies":[{"name":"wp","href":"https:\/\/api.w.org\/{rel}","templated":true}]}}