{"id":19841,"date":"2013-04-16T14:32:10","date_gmt":"2013-04-16T12:32:10","guid":{"rendered":"http:\/\/museumek.eu\/?page_id=19841"},"modified":"2013-04-16T14:32:10","modified_gmt":"2013-04-16T12:32:10","slug":"dxxi9","status":"publish","type":"page","link":"http:\/\/museumek.eu\/?page_id=19841","title":{"rendered":"D\/XXI\/9"},"content":{"rendered":"<p><strong>Abteilung Deutschland, Keramik 1860 \u2013 1960, Inventarnummer D\/XXI\/9<\/strong><\/p>\n<p>Manufaktur Ludwig Wessel Actiengesellschaft f\u00fcr Porzellan- und Steingutfabrikation, Deutschland, Bonn-Poppelsdorf, um 1890, Teller, K\u00fcnstler unbekannt, Werks.-Nr. ohne, Exemplar Nr. ohne, gemarkt Firmenmarke mit Krone, L (f\u00fcr Ludwig), W (f\u00fcr Wessel) sowie CA (f\u00fcr Kurf\u00fcrst Clement August, wobei das CA, mit welchem die Produkte aus der Anfangszeit der Manufaktur gemarkt worden sind, durch vielfache Voluten in seiner Gestaltung symmetrisch geworden ist und nur noch identifiziert werden kann, wenn man den historischen Zusammenhang kennt) zus\u00e4tzlich Imperial, Bonn sowie Germany roter Stempel unter Glasur, 3954 sowie 31 (?) rotbraun unter Glasur gemalt, unbekanntes Zeichen in Gold auf Glasur gemalt (Vergolderzeichen?), nicht signiert, Literatur: Michael Weisser, Porzellan- und Steingutfabrik Ludwig Wessel Bonn-Poppelsdorf, Katalog 2 zur Ausstellung Volkskunst im Wandel, Seite 170, Marke Nr. 5 identisch sowie Seite 224, Abbildung Nr. 116, Form identische Teller aus der gleichen Zeit, mit gleicher Firmenmarke, die Manufaktur hatte folgende unterschiedliche Firmenbezeichnungen: Porzellan- und Steingutfabrik Ludwig Wessel (1840 \u2013 1888), Ludwig Wessel Actiengesellschaft f\u00fcr Porzellan- und Steingutfabrikation (1888 \u2013 1929), Wessel Keramische Werke Aktiengesellschaft (1929 \u2013 1969), siehe auch MEK D\/XXI\/8, identischer 2. Teller, gewellte und muschelf\u00f6rmige reliefierte Fahne, Tellerrand goldfiletiert und Streugold, Durchmesser 16,5 cm<\/p>\n<p><a href=\"http:\/\/museumek.eu\/wp-content\/uploads\/2013\/04\/Museum-Europ\u00e4ischer-Keramikkunst-3599.jpg\"><img loading=\"lazy\" src=\"http:\/\/museumek.eu\/wp-content\/uploads\/2013\/04\/Museum-Europ\u00e4ischer-Keramikkunst-3599-300x291.jpg\" alt=\"\" title=\"Museum Europ\u00e4ischer Keramikkunst 3599\" width=\"300\" height=\"291\" class=\"alignnone size-medium wp-image-19842\" srcset=\"http:\/\/museumek.eu\/wp-content\/uploads\/2013\/04\/Museum-Europ\u00e4ischer-Keramikkunst-3599-300x291.jpg 300w, http:\/\/museumek.eu\/wp-content\/uploads\/2013\/04\/Museum-Europ\u00e4ischer-Keramikkunst-3599-309x300.jpg 309w, http:\/\/museumek.eu\/wp-content\/uploads\/2013\/04\/Museum-Europ\u00e4ischer-Keramikkunst-3599.jpg 707w\" sizes=\"(max-width: 300px) 100vw, 300px\" \/><\/a><\/p>\n<p><a href=\"http:\/\/museumek.eu\/wp-content\/uploads\/2013\/04\/Museum-Europ\u00e4ischer-Keramikkunst-3600.jpg\"><img loading=\"lazy\" src=\"http:\/\/museumek.eu\/wp-content\/uploads\/2013\/04\/Museum-Europ\u00e4ischer-Keramikkunst-3600-253x300.jpg\" alt=\"\" title=\"Museum Europ\u00e4ischer Keramikkunst 3600\" width=\"253\" height=\"300\" class=\"alignnone size-medium wp-image-19843\" srcset=\"http:\/\/museumek.eu\/wp-content\/uploads\/2013\/04\/Museum-Europ\u00e4ischer-Keramikkunst-3600-253x300.jpg 253w, http:\/\/museumek.eu\/wp-content\/uploads\/2013\/04\/Museum-Europ\u00e4ischer-Keramikkunst-3600.jpg 431w\" sizes=\"(max-width: 253px) 100vw, 253px\" \/><\/a><\/p>\n<p><a href=\"http:\/\/museumek.eu\/wp-content\/uploads\/2013\/04\/Museum-Europ\u00e4ischer-Keramikkunst-3601.jpg\"><img loading=\"lazy\" src=\"http:\/\/museumek.eu\/wp-content\/uploads\/2013\/04\/Museum-Europ\u00e4ischer-Keramikkunst-3601.jpg\" alt=\"\" title=\"Museum Europ\u00e4ischer Keramikkunst 3601\" width=\"160\" height=\"139\" class=\"alignnone size-full wp-image-19844\" \/><\/a><\/p>\n","protected":false},"excerpt":{"rendered":"<p>Abteilung Deutschland, Keramik 1860 \u2013 1960, Inventarnummer D\/XXI\/9 Manufaktur Ludwig Wessel Actiengesellschaft f\u00fcr Porzellan- und Steingutfabrikation, Deutschland, Bonn-Poppelsdorf, um 1890, Teller, K\u00fcnstler unbekannt, Werks.-Nr. ohne, Exemplar Nr. ohne, gemarkt Firmenmarke mit Krone, L (f\u00fcr Ludwig), W (f\u00fcr Wessel) sowie CA &hellip; <a href=\"http:\/\/museumek.eu\/?page_id=19841\">Weiterlesen <span class=\"meta-nav\">&rarr;<\/span><\/a><\/p>\n","protected":false},"author":1,"featured_media":0,"parent":3462,"menu_order":9,"comment_status":"closed","ping_status":"open","template":"","meta":[],"_links":{"self":[{"href":"http:\/\/museumek.eu\/index.php?rest_route=\/wp\/v2\/pages\/19841"}],"collection":[{"href":"http:\/\/museumek.eu\/index.php?rest_route=\/wp\/v2\/pages"}],"about":[{"href":"http:\/\/museumek.eu\/index.php?rest_route=\/wp\/v2\/types\/page"}],"author":[{"embeddable":true,"href":"http:\/\/museumek.eu\/index.php?rest_route=\/wp\/v2\/users\/1"}],"replies":[{"embeddable":true,"href":"http:\/\/museumek.eu\/index.php?rest_route=%2Fwp%2Fv2%2Fcomments&post=19841"}],"version-history":[{"count":2,"href":"http:\/\/museumek.eu\/index.php?rest_route=\/wp\/v2\/pages\/19841\/revisions"}],"predecessor-version":[{"id":19846,"href":"http:\/\/museumek.eu\/index.php?rest_route=\/wp\/v2\/pages\/19841\/revisions\/19846"}],"up":[{"embeddable":true,"href":"http:\/\/museumek.eu\/index.php?rest_route=\/wp\/v2\/pages\/3462"}],"wp:attachment":[{"href":"http:\/\/museumek.eu\/index.php?rest_route=%2Fwp%2Fv2%2Fmedia&parent=19841"}],"curies":[{"name":"wp","href":"https:\/\/api.w.org\/{rel}","templated":true}]}}