{"id":20180,"date":"2013-04-21T17:16:39","date_gmt":"2013-04-21T15:16:39","guid":{"rendered":"http:\/\/museumek.eu\/?page_id=20180"},"modified":"2013-05-09T17:19:48","modified_gmt":"2013-05-09T15:19:48","slug":"fotos-und-beschreibung","status":"publish","type":"page","link":"http:\/\/museumek.eu\/?page_id=20180","title":{"rendered":"Fotos und Beschreibung"},"content":{"rendered":"<p><strong>Abteilung Deutschland, Keramik 1860 \u2013 1960, Inventarnummer D\/LXXVII\/1<\/strong><\/p>\n<p>Porzellanwarenfabrik Sch\u00e4fer &#038; Vater, Deutschland, Rudolstadt, um 1920, Figur Auerhahn, K\u00fcnstler unbekannt, Werks.-Nr. ohne, Exemplar Nr. ohne, gemarkt Firmenmarke mit Krone sowie R (f\u00fcr Rudolstadt) in einem Stern mit 9 Zacken gr\u00fcner Stempel unter Glasur, Literatur: Kyle Husfloen, Antique Trader, Pottery &#038; Porcelain, Ceramics, Price Guide 5th. Edition, Seite 631, Beschreibung der Fabrik sowie Abbildung der identischen Marke, weitere Literatur: Gustav Wei\u00df, Ullstein Porzellanbuch, Seite 313, Marke Nr. 2 identisch, die Fabrik wurde 1890 von Gustav Sch\u00e4fer und Gunther Vater als Porzellanwarenfabrik Sch\u00e4fer &#038; Vater gegr\u00fcndet, die Fabrik bestand bis 1974, H\u00f6he 26,9 cm, Breite 25,5 cm<\/p>\n<p><a href=\"http:\/\/museumek.eu\/wp-content\/uploads\/2013\/04\/Museum-Europ\u00e4ischer-Keramikkunst-3624.jpg\"><img loading=\"lazy\" src=\"http:\/\/museumek.eu\/wp-content\/uploads\/2013\/04\/Museum-Europ\u00e4ischer-Keramikkunst-3624-270x300.jpg\" alt=\"\" title=\"Museum Europ\u00e4ischer Keramikkunst 3624\" width=\"270\" height=\"300\" class=\"alignnone size-medium wp-image-20171\" srcset=\"http:\/\/museumek.eu\/wp-content\/uploads\/2013\/04\/Museum-Europ\u00e4ischer-Keramikkunst-3624-270x300.jpg 270w, http:\/\/museumek.eu\/wp-content\/uploads\/2013\/04\/Museum-Europ\u00e4ischer-Keramikkunst-3624.jpg 684w\" sizes=\"(max-width: 270px) 100vw, 270px\" \/><\/a><\/p>\n<p><a href=\"http:\/\/museumek.eu\/wp-content\/uploads\/2013\/04\/Museum-Europ\u00e4ischer-Keramikkunst-3625.jpg\"><img loading=\"lazy\" src=\"http:\/\/museumek.eu\/wp-content\/uploads\/2013\/04\/Museum-Europ\u00e4ischer-Keramikkunst-3625-232x300.jpg\" alt=\"\" title=\"Museum Europ\u00e4ischer Keramikkunst 3625\" width=\"232\" height=\"300\" class=\"alignnone size-medium wp-image-20172\" srcset=\"http:\/\/museumek.eu\/wp-content\/uploads\/2013\/04\/Museum-Europ\u00e4ischer-Keramikkunst-3625-232x300.jpg 232w, http:\/\/museumek.eu\/wp-content\/uploads\/2013\/04\/Museum-Europ\u00e4ischer-Keramikkunst-3625.jpg 246w\" sizes=\"(max-width: 232px) 100vw, 232px\" \/><\/a><\/p>\n<p><strong>Abteilung Deutschland, Keramik 1860 \u2013 1960, Inventarnummer D\/LXXVII\/2<\/strong><\/p>\n<p>Porzellanwarenfabrik Sch\u00e4fer &#038; Vater, Deutschland, Rudolstadt, um 1920, kleiner Wandteller, K\u00fcnstler unbekannt, Werks.-Nr. 5592, Exemplar Nr. ohne, gemarkt Firmenmarke mit Krone sowie R (f\u00fcr Rudolstadt) in einem Stern mit 9 Zacken sowie 5592 gepresst, Literatur: Kyle Husfloen, Antique Trader, Pottery &#038; Porcelain, Ceramics, Price Guide 5th. Edition, Seite 631, Beschreibung der Fabrik sowie Abbildung der identischen Marke, weitere Literatur: Gustav Wei\u00df, Ullstein Porzellanbuch, Seite 313, Marke Nr. 2 identisch, die Fabrik wurde 1890 von Gustav Sch\u00e4fer und Gunther Vater als Porzellanwarenfabrik Sch\u00e4fer &#038; Vater gegr\u00fcndet, die Fabrik bestand bis 1974, Ausf\u00fchrung als sogenannte Jasper Ware in Nachahmung des mit diesem Namen bezeichneten Wedgewood Porzellans, Durchmesser 11,7 cm<\/p>\n<p><a href=\"http:\/\/museumek.eu\/wp-content\/uploads\/2013\/04\/Museum-Europ\u00e4ischer-Keramikkunst-2706.jpg\"><img loading=\"lazy\" src=\"http:\/\/museumek.eu\/wp-content\/uploads\/2013\/04\/Museum-Europ\u00e4ischer-Keramikkunst-2706-300x293.jpg\" alt=\"\" title=\"Museum Europ\u00e4ischer Keramikkunst 2706\" width=\"300\" height=\"293\" class=\"alignnone size-medium wp-image-20199\" srcset=\"http:\/\/museumek.eu\/wp-content\/uploads\/2013\/04\/Museum-Europ\u00e4ischer-Keramikkunst-2706-300x293.jpg 300w, http:\/\/museumek.eu\/wp-content\/uploads\/2013\/04\/Museum-Europ\u00e4ischer-Keramikkunst-2706-306x300.jpg 306w, http:\/\/museumek.eu\/wp-content\/uploads\/2013\/04\/Museum-Europ\u00e4ischer-Keramikkunst-2706.jpg 715w\" sizes=\"(max-width: 300px) 100vw, 300px\" \/><\/a><\/p>\n<p><a href=\"http:\/\/museumek.eu\/wp-content\/uploads\/2013\/04\/5059.jpg\"><img loading=\"lazy\" src=\"http:\/\/museumek.eu\/wp-content\/uploads\/2013\/04\/5059-119x300.jpg\" alt=\"\" title=\"5059\" width=\"119\" height=\"300\" class=\"alignnone size-medium wp-image-20200\" \/><\/a><\/p>\n<p><a href=\"http:\/\/museumek.eu\/wp-content\/uploads\/2013\/04\/5060.jpg\"><img loading=\"lazy\" src=\"http:\/\/museumek.eu\/wp-content\/uploads\/2013\/04\/5060-300x142.jpg\" alt=\"\" title=\"5060\" width=\"300\" height=\"142\" class=\"alignnone size-medium wp-image-20201\" srcset=\"http:\/\/museumek.eu\/wp-content\/uploads\/2013\/04\/5060-300x142.jpg 300w, http:\/\/museumek.eu\/wp-content\/uploads\/2013\/04\/5060.jpg 484w\" sizes=\"(max-width: 300px) 100vw, 300px\" \/><\/a><\/p>\n","protected":false},"excerpt":{"rendered":"<p>Abteilung Deutschland, Keramik 1860 \u2013 1960, Inventarnummer D\/LXXVII\/1 Porzellanwarenfabrik Sch\u00e4fer &#038; Vater, Deutschland, Rudolstadt, um 1920, Figur Auerhahn, K\u00fcnstler unbekannt, Werks.-Nr. ohne, Exemplar Nr. ohne, gemarkt Firmenmarke mit Krone sowie R (f\u00fcr Rudolstadt) in einem Stern mit 9 Zacken gr\u00fcner &hellip; <a href=\"http:\/\/museumek.eu\/?page_id=20180\">Weiterlesen <span class=\"meta-nav\">&rarr;<\/span><\/a><\/p>\n","protected":false},"author":1,"featured_media":0,"parent":20176,"menu_order":1,"comment_status":"closed","ping_status":"open","template":"","meta":[],"_links":{"self":[{"href":"http:\/\/museumek.eu\/index.php?rest_route=\/wp\/v2\/pages\/20180"}],"collection":[{"href":"http:\/\/museumek.eu\/index.php?rest_route=\/wp\/v2\/pages"}],"about":[{"href":"http:\/\/museumek.eu\/index.php?rest_route=\/wp\/v2\/types\/page"}],"author":[{"embeddable":true,"href":"http:\/\/museumek.eu\/index.php?rest_route=\/wp\/v2\/users\/1"}],"replies":[{"embeddable":true,"href":"http:\/\/museumek.eu\/index.php?rest_route=%2Fwp%2Fv2%2Fcomments&post=20180"}],"version-history":[{"count":8,"href":"http:\/\/museumek.eu\/index.php?rest_route=\/wp\/v2\/pages\/20180\/revisions"}],"predecessor-version":[{"id":59523,"href":"http:\/\/museumek.eu\/index.php?rest_route=\/wp\/v2\/pages\/20180\/revisions\/59523"}],"up":[{"embeddable":true,"href":"http:\/\/museumek.eu\/index.php?rest_route=\/wp\/v2\/pages\/20176"}],"wp:attachment":[{"href":"http:\/\/museumek.eu\/index.php?rest_route=%2Fwp%2Fv2%2Fmedia&parent=20180"}],"curies":[{"name":"wp","href":"https:\/\/api.w.org\/{rel}","templated":true}]}}