{"id":21459,"date":"2013-05-07T00:00:28","date_gmt":"2013-05-06T22:00:28","guid":{"rendered":"http:\/\/museumek.eu\/?page_id=21459"},"modified":"2021-07-09T20:00:22","modified_gmt":"2021-07-09T18:00:22","slug":"axvii13","status":"publish","type":"page","link":"http:\/\/museumek.eu\/?page_id=21459","title":{"rendered":"A\/XVII\/13"},"content":{"rendered":"<p><strong>Abteilung Austria\/Ungarn\/B\u00f6hmen, Keramik 1860 \u2013 1960, Inventarnummer A\/XVII\/13<\/strong><\/p>\n<p>Wilhelm Schiller &#038; Sohn, Fabrikm\u00e4\u00dfige Erzeugung von Siderolith Thonwaaren, vormals Schiller, W &#038; Sohn, Fayence-, Majolika- und Terracottafabrik, B\u00f6hmen\/Austria, Nieder Grund\/Horni Grundt, vor\/um 1900, Kutsche, K\u00fcnstler unbekannt, Werks.-Nr. 3494, Exemplar Nr. ohne, gemarkt Firmenmarke verziertes Rechteck mit WS &#038; S aufgelegt, 3494 sowie W gepresst, nicht signiert, Literatur: Jeffrey B. Snyder and Leslie Bockol, Majolica, British, American &#038; European Wares, Seite 154, Beschreibung der Manufaktur und Beschreibung der Marke, weitere Literatur: Volker M\u00f6lle Riessner, Amphora Die Porzellan- und Keramik- Manufaktur in Nordb\u00f6hmen, Seite 180, Beschreibung der Fabrik sowie Seite 194, Marke Nr. 25 identisch, weitere Literatur: Ludwig Danckert, Handbuch des Europ\u00e4ischen Porzellans, 7.Auflage, Seite 70, kurze unvollst\u00e4ndige Beschreibung der Fabrik und eine der abgebildeten Marken identisch, Dieter Z\u00fchlsdorff, Markenlexikon, Porzellan und Keramik Report 1885 &#8211; 1935, Band 1, Seite 121, Werk-Teil 1., Gruppennummer des Werkteils 1., laufende Nummer innerhalb der Gruppe 2613 identische Marke (dort beschrieben verwendet bis 1910) sowie Seite 476, Werk-Teil 3., laufende Nummer des Werkteils 127., kurze, unvollst\u00e4ndige und teilweise falsche Beschreibung der Fabrik, die Fabrik wurde 1851 von Wilhelm Schiller und seinem Sohn Eduard gegr\u00fcndet, sie firmierte als Schiller, W &#038; Sohn, Fayence-, Majolika- und Terracottafabrik, 1868 Firmierung als Wilhelm Schiller &#038; Sohn, Fabrikm\u00e4\u00dfige Erzeugung von Siderolith Thonwaaren, Schlie\u00dfung wohl 1910, es ist davon auszugehen, dass \u00fcber die gesamte Fabrikationszeit immer die gleiche Fabrikmarke verwendet worden ist, au\u00dferdem ist davon auszugehen, dass \u00fcber den gesamten Fabrikationszeitraum Fayencen-, Majolika- und Siderolithwaren produziert worden sind, auch wenn sich die Fabrikbezeichnung ab 1868 nur noch auf Siderolithwaren bezieht, das MEK hat Keramiken der Fabrik im Bestand, die aus anderen Tongemischen als Siderolith bestehen, aber bezogen auf den sichtbaren Alterungszustand sicher nicht vor 1868 produziert worden sind, da es au\u00dfer der Fabrikmarke keine weiteren Hinweise gibt, ist eine genaue zeitliche Zuordnung, zumindest der Siderolithwaren, nicht m\u00f6glich,<br \/>\nH\u00f6he 36 cm, Breite 44 cm<\/p>\n<p><a href=\"http:\/\/museumek.eu\/?attachment_id=58280\" rel=\"attachment wp-att-58280\"><img loading=\"lazy\" src=\"http:\/\/museumek.eu\/wp-content\/uploads\/2011\/10\/Museum-Europ\u00e4ischer-Keramikkunst-4220-300x265.jpg\" alt=\"\" title=\"Museum Europ\u00e4ischer Keramikkunst 4220\" width=\"300\" height=\"265\" class=\"alignnone size-medium wp-image-58280\" srcset=\"http:\/\/museumek.eu\/wp-content\/uploads\/2011\/10\/Museum-Europ\u00e4ischer-Keramikkunst-4220-300x265.jpg 300w, http:\/\/museumek.eu\/wp-content\/uploads\/2011\/10\/Museum-Europ\u00e4ischer-Keramikkunst-4220-150x132.jpg 150w, http:\/\/museumek.eu\/wp-content\/uploads\/2011\/10\/Museum-Europ\u00e4ischer-Keramikkunst-4220-338x300.jpg 338w, http:\/\/museumek.eu\/wp-content\/uploads\/2011\/10\/Museum-Europ\u00e4ischer-Keramikkunst-4220.jpg 542w\" sizes=\"(max-width: 300px) 100vw, 300px\" \/><\/a><\/p>\n<p><a href=\"http:\/\/museumek.eu\/?attachment_id=58281\" rel=\"attachment wp-att-58281\"><img loading=\"lazy\" src=\"http:\/\/museumek.eu\/wp-content\/uploads\/2011\/10\/Museum-Europ\u00e4ischer-Keramikkunst-4231-194x300.jpg\" alt=\"\" title=\"Museum Europ\u00e4ischer Keramikkunst 4231\" width=\"194\" height=\"300\" class=\"alignnone size-medium wp-image-58281\" srcset=\"http:\/\/museumek.eu\/wp-content\/uploads\/2011\/10\/Museum-Europ\u00e4ischer-Keramikkunst-4231-194x300.jpg 194w, http:\/\/museumek.eu\/wp-content\/uploads\/2011\/10\/Museum-Europ\u00e4ischer-Keramikkunst-4231-97x150.jpg 97w, http:\/\/museumek.eu\/wp-content\/uploads\/2011\/10\/Museum-Europ\u00e4ischer-Keramikkunst-4231.jpg 415w\" sizes=\"(max-width: 194px) 100vw, 194px\" \/><\/a><\/p>\n<p><a href=\"http:\/\/museumek.eu\/?attachment_id=58282\" rel=\"attachment wp-att-58282\"><img loading=\"lazy\" src=\"http:\/\/museumek.eu\/wp-content\/uploads\/2011\/10\/Museum-Europ\u00e4ischer-Keramikkunst-4221-300x262.jpg\" alt=\"\" title=\"Museum Europ\u00e4ischer Keramikkunst 4221\" width=\"300\" height=\"262\" class=\"alignnone size-medium wp-image-58282\" srcset=\"http:\/\/museumek.eu\/wp-content\/uploads\/2011\/10\/Museum-Europ\u00e4ischer-Keramikkunst-4221-300x262.jpg 300w, http:\/\/museumek.eu\/wp-content\/uploads\/2011\/10\/Museum-Europ\u00e4ischer-Keramikkunst-4221-150x131.jpg 150w, http:\/\/museumek.eu\/wp-content\/uploads\/2011\/10\/Museum-Europ\u00e4ischer-Keramikkunst-4221-342x300.jpg 342w, http:\/\/museumek.eu\/wp-content\/uploads\/2011\/10\/Museum-Europ\u00e4ischer-Keramikkunst-4221.jpg 548w\" sizes=\"(max-width: 300px) 100vw, 300px\" \/><\/a><\/p>\n<p><a href=\"http:\/\/museumek.eu\/?attachment_id=58283\" rel=\"attachment wp-att-58283\"><img loading=\"lazy\" src=\"http:\/\/museumek.eu\/wp-content\/uploads\/2011\/10\/Museum-Europ\u00e4ischer-Keramikkunst-4222-217x300.jpg\" alt=\"\" title=\"Museum Europ\u00e4ischer Keramikkunst 4222\" width=\"217\" height=\"300\" class=\"alignnone size-medium wp-image-58283\" srcset=\"http:\/\/museumek.eu\/wp-content\/uploads\/2011\/10\/Museum-Europ\u00e4ischer-Keramikkunst-4222-217x300.jpg 217w, http:\/\/museumek.eu\/wp-content\/uploads\/2011\/10\/Museum-Europ\u00e4ischer-Keramikkunst-4222-108x150.jpg 108w, http:\/\/museumek.eu\/wp-content\/uploads\/2011\/10\/Museum-Europ\u00e4ischer-Keramikkunst-4222.jpg 463w\" sizes=\"(max-width: 217px) 100vw, 217px\" \/><\/a><\/p>\n<p><a href=\"http:\/\/museumek.eu\/?attachment_id=58284\" rel=\"attachment wp-att-58284\"><img loading=\"lazy\" src=\"http:\/\/museumek.eu\/wp-content\/uploads\/2011\/10\/Museum-Europ\u00e4ischer-Keramikkunst-4224-300x250.jpg\" alt=\"\" title=\"Museum Europ\u00e4ischer Keramikkunst 4224\" width=\"300\" height=\"250\" class=\"alignnone size-medium wp-image-58284\" srcset=\"http:\/\/museumek.eu\/wp-content\/uploads\/2011\/10\/Museum-Europ\u00e4ischer-Keramikkunst-4224-300x250.jpg 300w, http:\/\/museumek.eu\/wp-content\/uploads\/2011\/10\/Museum-Europ\u00e4ischer-Keramikkunst-4224-150x125.jpg 150w, http:\/\/museumek.eu\/wp-content\/uploads\/2011\/10\/Museum-Europ\u00e4ischer-Keramikkunst-4224-358x300.jpg 358w, http:\/\/museumek.eu\/wp-content\/uploads\/2011\/10\/Museum-Europ\u00e4ischer-Keramikkunst-4224.jpg 574w\" sizes=\"(max-width: 300px) 100vw, 300px\" \/><\/a><\/p>\n<p><a href=\"http:\/\/museumek.eu\/?attachment_id=58285\" rel=\"attachment wp-att-58285\"><img loading=\"lazy\" src=\"http:\/\/museumek.eu\/wp-content\/uploads\/2011\/10\/Museum-Europ\u00e4ischer-Keramikkunst-4225-180x300.jpg\" alt=\"\" title=\"Museum Europ\u00e4ischer Keramikkunst 4225\" width=\"180\" height=\"300\" class=\"alignnone size-medium wp-image-58285\" srcset=\"http:\/\/museumek.eu\/wp-content\/uploads\/2011\/10\/Museum-Europ\u00e4ischer-Keramikkunst-4225-180x300.jpg 180w, http:\/\/museumek.eu\/wp-content\/uploads\/2011\/10\/Museum-Europ\u00e4ischer-Keramikkunst-4225-90x150.jpg 90w, http:\/\/museumek.eu\/wp-content\/uploads\/2011\/10\/Museum-Europ\u00e4ischer-Keramikkunst-4225.jpg 385w\" sizes=\"(max-width: 180px) 100vw, 180px\" \/><\/a><\/p>\n<p><a href=\"http:\/\/museumek.eu\/?attachment_id=58286\" rel=\"attachment wp-att-58286\"><img loading=\"lazy\" src=\"http:\/\/museumek.eu\/wp-content\/uploads\/2011\/10\/Museum-Europ\u00e4ischer-Keramikkunst-4226-300x268.jpg\" alt=\"\" title=\"Museum Europ\u00e4ischer Keramikkunst 4226\" width=\"300\" height=\"268\" class=\"alignnone size-medium wp-image-58286\" srcset=\"http:\/\/museumek.eu\/wp-content\/uploads\/2011\/10\/Museum-Europ\u00e4ischer-Keramikkunst-4226-300x268.jpg 300w, http:\/\/museumek.eu\/wp-content\/uploads\/2011\/10\/Museum-Europ\u00e4ischer-Keramikkunst-4226-150x134.jpg 150w, http:\/\/museumek.eu\/wp-content\/uploads\/2011\/10\/Museum-Europ\u00e4ischer-Keramikkunst-4226-335x300.jpg 335w, http:\/\/museumek.eu\/wp-content\/uploads\/2011\/10\/Museum-Europ\u00e4ischer-Keramikkunst-4226.jpg 536w\" sizes=\"(max-width: 300px) 100vw, 300px\" \/><\/a><\/p>\n<p><a href=\"http:\/\/museumek.eu\/?attachment_id=58287\" rel=\"attachment wp-att-58287\"><img loading=\"lazy\" src=\"http:\/\/museumek.eu\/wp-content\/uploads\/2011\/10\/Museum-Europ\u00e4ischer-Keramikkunst-4227-300x225.jpg\" alt=\"\" title=\"Museum Europ\u00e4ischer Keramikkunst 4227\" width=\"300\" height=\"225\" class=\"alignnone size-medium wp-image-58287\" srcset=\"http:\/\/museumek.eu\/wp-content\/uploads\/2011\/10\/Museum-Europ\u00e4ischer-Keramikkunst-4227-300x225.jpg 300w, http:\/\/museumek.eu\/wp-content\/uploads\/2011\/10\/Museum-Europ\u00e4ischer-Keramikkunst-4227-150x112.jpg 150w, http:\/\/museumek.eu\/wp-content\/uploads\/2011\/10\/Museum-Europ\u00e4ischer-Keramikkunst-4227-400x300.jpg 400w, http:\/\/museumek.eu\/wp-content\/uploads\/2011\/10\/Museum-Europ\u00e4ischer-Keramikkunst-4227.jpg 640w\" sizes=\"(max-width: 300px) 100vw, 300px\" \/><\/a><\/p>\n<p><a href=\"http:\/\/museumek.eu\/?attachment_id=58288\" rel=\"attachment wp-att-58288\"><img loading=\"lazy\" src=\"http:\/\/museumek.eu\/wp-content\/uploads\/2011\/10\/Museum-Europ\u00e4ischer-Keramikkunst-4228-205x300.jpg\" alt=\"\" title=\"Museum Europ\u00e4ischer Keramikkunst 4228\" width=\"205\" height=\"300\" class=\"alignnone size-medium wp-image-58288\" srcset=\"http:\/\/museumek.eu\/wp-content\/uploads\/2011\/10\/Museum-Europ\u00e4ischer-Keramikkunst-4228-205x300.jpg 205w, http:\/\/museumek.eu\/wp-content\/uploads\/2011\/10\/Museum-Europ\u00e4ischer-Keramikkunst-4228-102x150.jpg 102w, http:\/\/museumek.eu\/wp-content\/uploads\/2011\/10\/Museum-Europ\u00e4ischer-Keramikkunst-4228.jpg 438w\" sizes=\"(max-width: 205px) 100vw, 205px\" \/><\/a><\/p>\n<p><a href=\"http:\/\/museumek.eu\/?attachment_id=58289\" rel=\"attachment wp-att-58289\"><img loading=\"lazy\" src=\"http:\/\/museumek.eu\/wp-content\/uploads\/2011\/10\/Museum-Europ\u00e4ischer-Keramikkunst-4229-225x300.jpg\" alt=\"\" title=\"Museum Europ\u00e4ischer Keramikkunst 4229\" width=\"225\" height=\"300\" class=\"alignnone size-medium wp-image-58289\" srcset=\"http:\/\/museumek.eu\/wp-content\/uploads\/2011\/10\/Museum-Europ\u00e4ischer-Keramikkunst-4229-225x300.jpg 225w, http:\/\/museumek.eu\/wp-content\/uploads\/2011\/10\/Museum-Europ\u00e4ischer-Keramikkunst-4229-112x150.jpg 112w, http:\/\/museumek.eu\/wp-content\/uploads\/2011\/10\/Museum-Europ\u00e4ischer-Keramikkunst-4229.jpg 480w\" sizes=\"(max-width: 225px) 100vw, 225px\" \/><\/a><\/p>\n<p><a href=\"http:\/\/museumek.eu\/?attachment_id=58290\" rel=\"attachment wp-att-58290\"><img loading=\"lazy\" src=\"http:\/\/museumek.eu\/wp-content\/uploads\/2011\/10\/Museum-Europ\u00e4ischer-Keramikkunst-4230-300x243.jpg\" alt=\"\" title=\"Museum Europ\u00e4ischer Keramikkunst 4230\" width=\"300\" height=\"243\" class=\"alignnone size-medium wp-image-58290\" srcset=\"http:\/\/museumek.eu\/wp-content\/uploads\/2011\/10\/Museum-Europ\u00e4ischer-Keramikkunst-4230-300x243.jpg 300w, http:\/\/museumek.eu\/wp-content\/uploads\/2011\/10\/Museum-Europ\u00e4ischer-Keramikkunst-4230-150x121.jpg 150w, http:\/\/museumek.eu\/wp-content\/uploads\/2011\/10\/Museum-Europ\u00e4ischer-Keramikkunst-4230-369x300.jpg 369w, http:\/\/museumek.eu\/wp-content\/uploads\/2011\/10\/Museum-Europ\u00e4ischer-Keramikkunst-4230.jpg 591w\" sizes=\"(max-width: 300px) 100vw, 300px\" \/><\/a><\/p>\n","protected":false},"excerpt":{"rendered":"<p>Abteilung Austria\/Ungarn\/B\u00f6hmen, Keramik 1860 \u2013 1960, Inventarnummer A\/XVII\/13 Wilhelm Schiller &#038; Sohn, Fabrikm\u00e4\u00dfige Erzeugung von Siderolith Thonwaaren, vormals Schiller, W &#038; Sohn, Fayence-, Majolika- und Terracottafabrik, B\u00f6hmen\/Austria, Nieder Grund\/Horni Grundt, vor\/um 1900, Kutsche, K\u00fcnstler unbekannt, Werks.-Nr. 3494, Exemplar Nr. ohne, &hellip; <a href=\"http:\/\/museumek.eu\/?page_id=21459\">Weiterlesen <span class=\"meta-nav\">&rarr;<\/span><\/a><\/p>\n","protected":false},"author":1,"featured_media":0,"parent":12812,"menu_order":13,"comment_status":"closed","ping_status":"open","template":"","meta":[],"_links":{"self":[{"href":"http:\/\/museumek.eu\/index.php?rest_route=\/wp\/v2\/pages\/21459"}],"collection":[{"href":"http:\/\/museumek.eu\/index.php?rest_route=\/wp\/v2\/pages"}],"about":[{"href":"http:\/\/museumek.eu\/index.php?rest_route=\/wp\/v2\/types\/page"}],"author":[{"embeddable":true,"href":"http:\/\/museumek.eu\/index.php?rest_route=\/wp\/v2\/users\/1"}],"replies":[{"embeddable":true,"href":"http:\/\/museumek.eu\/index.php?rest_route=%2Fwp%2Fv2%2Fcomments&post=21459"}],"version-history":[{"count":5,"href":"http:\/\/museumek.eu\/index.php?rest_route=\/wp\/v2\/pages\/21459\/revisions"}],"predecessor-version":[{"id":58325,"href":"http:\/\/museumek.eu\/index.php?rest_route=\/wp\/v2\/pages\/21459\/revisions\/58325"}],"up":[{"embeddable":true,"href":"http:\/\/museumek.eu\/index.php?rest_route=\/wp\/v2\/pages\/12812"}],"wp:attachment":[{"href":"http:\/\/museumek.eu\/index.php?rest_route=%2Fwp%2Fv2%2Fmedia&parent=21459"}],"curies":[{"name":"wp","href":"https:\/\/api.w.org\/{rel}","templated":true}]}}