{"id":23071,"date":"2013-06-01T13:39:23","date_gmt":"2013-06-01T11:39:23","guid":{"rendered":"http:\/\/museumek.eu\/?page_id=23071"},"modified":"2021-05-22T19:02:57","modified_gmt":"2021-05-22T17:02:57","slug":"dlxxxiv1","status":"publish","type":"page","link":"http:\/\/museumek.eu\/?page_id=23071","title":{"rendered":"D\/LXXXIV\/1"},"content":{"rendered":"<p><strong>Abteilung Deutschland, Keramik 1860 \u2013 1960, Inventarnummer D\/LXXXIV\/\/1<\/strong><\/p>\n<p>Hansa-Gotha-Keramik Wilhelm Diebener, vormals Th\u00fcringer Ofen- und Wandplatten-Fabrik Hilmar Merten, vormals Th\u00fcringer Ofen- und Wandplatten-Fabrik Carl Merten und Nachf. Gotha-Keramik Wilh. Diebener, Deutschland, Gotha, um 1937, Schale, K\u00fcnstler Wilhelm Diebner (attr.), Werks.-Nr. ohne, Exemplar Nr. ohne, gemarkt Firmenmarke mit drei stilisierten nebeneinander stehenden Tannen gepresst, nicht signiert, die Firmenmarke gibt es auch noch in zwei anderen Versionen, erstens, dass den Tannen links ein G (f\u00fcr Gotha) und rechts ein K (f\u00fcr Keramik) beigef\u00fcgt ist und zweitens, die drei Tannen befinden sich innerhalb eines Dreieck oder l\u00e4nglichen Ovals, weiterhin gibt es auch noch einen gr\u00fcnen Firmenmarken Aufkleber, dort befinden sich die drei Tannen in einem l\u00e4nglichen Oval, unter den Tannen ist ein waagerechter Strich, darunter die Buchstaben HG (f\u00fcr Hansa Gotha), siehe MEK D\/LXXXIV\/\/3, dort dieser Aufkleber, Literatur: Dieter Z\u00fchlsdorff, Markenlexikon, Porzellan und Keramikreport 1885 &#8211; 1935, Seite 332, Werkteil 1., Gruppennummer des Werkteils 12., laufende Nummer der Gruppe 193, Marke identisch (dort befinden sich die drei Tannen in einem Dreieck, dort f\u00fcr die Zeit vor 1920 und dort geschrieben: ab 1934 von W. Diebener weiterbenutzt) sowie Seite 509, Werkteil 3., laufende Nummer des Werkteils 428, dort kurze unvollst\u00e4ndige Beschreibung der Fabrik und unter Nummer 433, kurze unvollst\u00e4ndige Beschreibung der Merten&#8216; schen Ofenfabrik, die Gothaer Ofenfabrik wurde bereits 1850 gegr\u00fcndet, \u00fcber die ersten Jahrzehnte der Historie der Fabrik ist nichts bekannt, bekannt ist, dass Carl Merten 1909 im Besitz der Ofenfabrik war, Firmierung wohl Th\u00fcringer Ofen- und Wandplatten-Fabrik Carl Merten, 1918 \u00fcbernimmt Carl Mertens Bruder Hilmar Merten (geb. 08.Juli 1868 in Stadtilm, gest. 27.04.1949, wohl in Gotha) die Fabrik, Firmierung nun Th\u00fcringer Ofen- und Wandplatten-Fabrik Hilmar Merten, 1937 \u00fcbernimmt Wilhelm Diebener (geb. 1898, gest. 1947 in Kriegsgefangenschaft), Schwiegersohn von Wilhelm Merten, zusammen mit Mertens Tochter Elsa (wohl die Ehefrau von Wilhelm Diebener) die Fabrik, Firmierung Hansa-Gotha-Keramik Wilhelm Diebener, zu einem nicht bekannten Zeitpunkt, wohl nach WK II, evtl. nach Diebeners Tod 1947, \u00e4ndert sich die Firmierung in Gotha-Keramik Wilh. Diebener, nach WK II verstaatlicht, Anm. MEK: die Firmenmarke mit den 3 Tannen, wurde bereits von Hilmar Merten benutzt (evtl. auch Carl Merten) und von Diebener weiter verwendet, H\u00f6he 6 cm, Breite 18,7 cm<\/p>\n<p><a href=\"http:\/\/museumek.eu\/?attachment_id=23072\" rel=\"attachment wp-att-23072\"><img loading=\"lazy\" src=\"http:\/\/museumek.eu\/wp-content\/uploads\/2013\/06\/Museum-Europ\u00e4ischer-Keramikkunst-4334-300x154.jpg\" alt=\"\" title=\"Museum Europ\u00e4ischer Keramikkunst 4334\" width=\"300\" height=\"154\" class=\"alignnone size-medium wp-image-23072\" srcset=\"http:\/\/museumek.eu\/wp-content\/uploads\/2013\/06\/Museum-Europ\u00e4ischer-Keramikkunst-4334-300x154.jpg 300w, http:\/\/museumek.eu\/wp-content\/uploads\/2013\/06\/Museum-Europ\u00e4ischer-Keramikkunst-4334-150x77.jpg 150w, http:\/\/museumek.eu\/wp-content\/uploads\/2013\/06\/Museum-Europ\u00e4ischer-Keramikkunst-4334-500x256.jpg 500w, http:\/\/museumek.eu\/wp-content\/uploads\/2013\/06\/Museum-Europ\u00e4ischer-Keramikkunst-4334.jpg 800w\" sizes=\"(max-width: 300px) 100vw, 300px\" \/><\/a><\/p>\n<p><a href=\"http:\/\/museumek.eu\/?attachment_id=23073\" rel=\"attachment wp-att-23073\"><img loading=\"lazy\" src=\"http:\/\/museumek.eu\/wp-content\/uploads\/2013\/06\/Museum-Europ\u00e4ischer-Keramikkunst-4335-300x300.jpg\" alt=\"\" title=\"Museum Europ\u00e4ischer Keramikkunst 4335\" width=\"300\" height=\"300\" class=\"alignnone size-medium wp-image-23073\" srcset=\"http:\/\/museumek.eu\/wp-content\/uploads\/2013\/06\/Museum-Europ\u00e4ischer-Keramikkunst-4335-300x300.jpg 300w, http:\/\/museumek.eu\/wp-content\/uploads\/2013\/06\/Museum-Europ\u00e4ischer-Keramikkunst-4335-150x150.jpg 150w, http:\/\/museumek.eu\/wp-content\/uploads\/2013\/06\/Museum-Europ\u00e4ischer-Keramikkunst-4335-299x300.jpg 299w, http:\/\/museumek.eu\/wp-content\/uploads\/2013\/06\/Museum-Europ\u00e4ischer-Keramikkunst-4335.jpg 600w\" sizes=\"(max-width: 300px) 100vw, 300px\" \/><\/a><\/p>\n<p><a href=\"http:\/\/museumek.eu\/?attachment_id=23074\" rel=\"attachment wp-att-23074\"><img loading=\"lazy\" src=\"http:\/\/museumek.eu\/wp-content\/uploads\/2013\/06\/Museum-Europ\u00e4ischer-Keramikkunst-4336-300x289.jpg\" alt=\"\" title=\"Museum Europ\u00e4ischer Keramikkunst 4336\" width=\"300\" height=\"289\" class=\"alignnone size-medium wp-image-23074\" srcset=\"http:\/\/museumek.eu\/wp-content\/uploads\/2013\/06\/Museum-Europ\u00e4ischer-Keramikkunst-4336-300x289.jpg 300w, http:\/\/museumek.eu\/wp-content\/uploads\/2013\/06\/Museum-Europ\u00e4ischer-Keramikkunst-4336-150x144.jpg 150w, http:\/\/museumek.eu\/wp-content\/uploads\/2013\/06\/Museum-Europ\u00e4ischer-Keramikkunst-4336-310x300.jpg 310w, http:\/\/museumek.eu\/wp-content\/uploads\/2013\/06\/Museum-Europ\u00e4ischer-Keramikkunst-4336.jpg 621w\" sizes=\"(max-width: 300px) 100vw, 300px\" \/><\/a><\/p>\n","protected":false},"excerpt":{"rendered":"<p>Abteilung Deutschland, Keramik 1860 \u2013 1960, Inventarnummer D\/LXXXIV\/\/1 Hansa-Gotha-Keramik Wilhelm Diebener, vormals Th\u00fcringer Ofen- und Wandplatten-Fabrik Hilmar Merten, vormals Th\u00fcringer Ofen- und Wandplatten-Fabrik Carl Merten und Nachf. Gotha-Keramik Wilh. Diebener, Deutschland, Gotha, um 1937, Schale, K\u00fcnstler Wilhelm Diebner (attr.), Werks.-Nr. &hellip; <a href=\"http:\/\/museumek.eu\/?page_id=23071\">Weiterlesen <span class=\"meta-nav\">&rarr;<\/span><\/a><\/p>\n","protected":false},"author":1,"featured_media":0,"parent":23068,"menu_order":1,"comment_status":"closed","ping_status":"open","template":"","meta":[],"_links":{"self":[{"href":"http:\/\/museumek.eu\/index.php?rest_route=\/wp\/v2\/pages\/23071"}],"collection":[{"href":"http:\/\/museumek.eu\/index.php?rest_route=\/wp\/v2\/pages"}],"about":[{"href":"http:\/\/museumek.eu\/index.php?rest_route=\/wp\/v2\/types\/page"}],"author":[{"embeddable":true,"href":"http:\/\/museumek.eu\/index.php?rest_route=\/wp\/v2\/users\/1"}],"replies":[{"embeddable":true,"href":"http:\/\/museumek.eu\/index.php?rest_route=%2Fwp%2Fv2%2Fcomments&post=23071"}],"version-history":[{"count":10,"href":"http:\/\/museumek.eu\/index.php?rest_route=\/wp\/v2\/pages\/23071\/revisions"}],"predecessor-version":[{"id":57079,"href":"http:\/\/museumek.eu\/index.php?rest_route=\/wp\/v2\/pages\/23071\/revisions\/57079"}],"up":[{"embeddable":true,"href":"http:\/\/museumek.eu\/index.php?rest_route=\/wp\/v2\/pages\/23068"}],"wp:attachment":[{"href":"http:\/\/museumek.eu\/index.php?rest_route=%2Fwp%2Fv2%2Fmedia&parent=23071"}],"curies":[{"name":"wp","href":"https:\/\/api.w.org\/{rel}","templated":true}]}}