{"id":2339,"date":"2011-08-22T00:25:25","date_gmt":"2011-08-21T22:25:25","guid":{"rendered":"http:\/\/museumek.eu\/?page_id=2339"},"modified":"2012-01-10T23:38:05","modified_gmt":"2012-01-10T22:38:05","slug":"fv5","status":"publish","type":"page","link":"http:\/\/museumek.eu\/?page_id=2339","title":{"rendered":"F\/V\/5"},"content":{"rendered":"<p><strong>Abteilung Frankreich, Keramik 1860 \u2013 1960, Inventarnummer F\/V\/5<\/strong><\/p>\n<p>Manufaktur Massier, Frankreich, Golfe Juan, um 1900, Vase, K\u00fcnstler Cl\u00e9ment Massier, Werks.-Nr. ohne, Exemplar Nr. ohne, gemarkt Cl\u00e9ment Massier sowie Golfe Juan gepresst, nicht signiert, Literatur: Edgar Pelichet, Jugendstil Keramik, Seite 149\/150 fast identische Vase in anderer Farbgebung sowie Literatur: Dieter Z\u00fchlsdorf, Keramik-Marken-Lexikon, Nr. 1303, weitere Literatur: Hessisches Landesmuseum Darmstadt, Europ\u00e4ische Keramik 1880 &#8211; 1930, Sammlung Silzer, Seite 211, Marke 151 fast identisch,<br \/>\nH\u00f6he 33 cm, Breite 18 cm<\/p>\n<p><a href=\"http:\/\/museumek.eu\/wp-content\/uploads\/2011\/08\/Museum-Europ\u00e4ischer-Keramikkunst-835.jpg\"><img loading=\"lazy\" src=\"http:\/\/museumek.eu\/wp-content\/uploads\/2011\/08\/Museum-Europ\u00e4ischer-Keramikkunst-835-157x300.jpg\" alt=\"\" title=\"Museum Europ\u00e4ischer Keramikkunst 835\" width=\"157\" height=\"300\" class=\"alignnone size-medium wp-image-2340\" srcset=\"http:\/\/museumek.eu\/wp-content\/uploads\/2011\/08\/Museum-Europ\u00e4ischer-Keramikkunst-835-157x300.jpg 157w, http:\/\/museumek.eu\/wp-content\/uploads\/2011\/08\/Museum-Europ\u00e4ischer-Keramikkunst-835.jpg 447w\" sizes=\"(max-width: 157px) 100vw, 157px\" \/><\/a><\/p>\n<p><a href=\"http:\/\/museumek.eu\/wp-content\/uploads\/2011\/08\/Museum-Europ\u00e4ischer-Keramikkunst-838.jpg\"><img loading=\"lazy\" src=\"http:\/\/museumek.eu\/wp-content\/uploads\/2011\/08\/Museum-Europ\u00e4ischer-Keramikkunst-838-300x210.jpg\" alt=\"\" title=\"Museum Europ\u00e4ischer Keramikkunst 838\" width=\"300\" height=\"210\" class=\"alignnone size-medium wp-image-2341\" srcset=\"http:\/\/museumek.eu\/wp-content\/uploads\/2011\/08\/Museum-Europ\u00e4ischer-Keramikkunst-838-300x210.jpg 300w, http:\/\/museumek.eu\/wp-content\/uploads\/2011\/08\/Museum-Europ\u00e4ischer-Keramikkunst-838-427x300.jpg 427w, http:\/\/museumek.eu\/wp-content\/uploads\/2011\/08\/Museum-Europ\u00e4ischer-Keramikkunst-838.jpg 729w\" sizes=\"(max-width: 300px) 100vw, 300px\" \/><\/a><\/p>\n<p><a href=\"http:\/\/museumek.eu\/wp-content\/uploads\/2011\/08\/Museum-Europ\u00e4ischer-Keramikkunst-847.jpg\"><img loading=\"lazy\" src=\"http:\/\/museumek.eu\/wp-content\/uploads\/2011\/08\/Museum-Europ\u00e4ischer-Keramikkunst-847-300x59.jpg\" alt=\"\" title=\"Museum Europ\u00e4ischer Keramikkunst 847\" width=\"300\" height=\"59\" class=\"alignnone size-medium wp-image-2342\" srcset=\"http:\/\/museumek.eu\/wp-content\/uploads\/2011\/08\/Museum-Europ\u00e4ischer-Keramikkunst-847-300x59.jpg 300w, http:\/\/museumek.eu\/wp-content\/uploads\/2011\/08\/Museum-Europ\u00e4ischer-Keramikkunst-847-500x99.jpg 500w, http:\/\/museumek.eu\/wp-content\/uploads\/2011\/08\/Museum-Europ\u00e4ischer-Keramikkunst-847.jpg 757w\" sizes=\"(max-width: 300px) 100vw, 300px\" \/><\/a><\/p>\n<p><a href=\"http:\/\/museumek.eu\/wp-content\/uploads\/2011\/08\/Museum-Europ\u00e4ischer-Keramikkunst-850.jpg\"><img loading=\"lazy\" src=\"http:\/\/museumek.eu\/wp-content\/uploads\/2011\/08\/Museum-Europ\u00e4ischer-Keramikkunst-850-160x300.jpg\" alt=\"\" title=\"Museum Europ\u00e4ischer Keramikkunst 850\" width=\"160\" height=\"300\" class=\"alignnone size-medium wp-image-2343\" srcset=\"http:\/\/museumek.eu\/wp-content\/uploads\/2011\/08\/Museum-Europ\u00e4ischer-Keramikkunst-850-160x300.jpg 160w, http:\/\/museumek.eu\/wp-content\/uploads\/2011\/08\/Museum-Europ\u00e4ischer-Keramikkunst-850.jpg 441w\" sizes=\"(max-width: 160px) 100vw, 160px\" \/><\/a><\/p>\n","protected":false},"excerpt":{"rendered":"<p>Abteilung Frankreich, Keramik 1860 \u2013 1960, Inventarnummer F\/V\/5 Manufaktur Massier, Frankreich, Golfe Juan, um 1900, Vase, K\u00fcnstler Cl\u00e9ment Massier, Werks.-Nr. ohne, Exemplar Nr. ohne, gemarkt Cl\u00e9ment Massier sowie Golfe Juan gepresst, nicht signiert, Literatur: Edgar Pelichet, Jugendstil Keramik, Seite 149\/150 &hellip; <a href=\"http:\/\/museumek.eu\/?page_id=2339\">Weiterlesen <span class=\"meta-nav\">&rarr;<\/span><\/a><\/p>\n","protected":false},"author":1,"featured_media":0,"parent":2309,"menu_order":5,"comment_status":"closed","ping_status":"closed","template":"","meta":[],"_links":{"self":[{"href":"http:\/\/museumek.eu\/index.php?rest_route=\/wp\/v2\/pages\/2339"}],"collection":[{"href":"http:\/\/museumek.eu\/index.php?rest_route=\/wp\/v2\/pages"}],"about":[{"href":"http:\/\/museumek.eu\/index.php?rest_route=\/wp\/v2\/types\/page"}],"author":[{"embeddable":true,"href":"http:\/\/museumek.eu\/index.php?rest_route=\/wp\/v2\/users\/1"}],"replies":[{"embeddable":true,"href":"http:\/\/museumek.eu\/index.php?rest_route=%2Fwp%2Fv2%2Fcomments&post=2339"}],"version-history":[{"count":7,"href":"http:\/\/museumek.eu\/index.php?rest_route=\/wp\/v2\/pages\/2339\/revisions"}],"predecessor-version":[{"id":7536,"href":"http:\/\/museumek.eu\/index.php?rest_route=\/wp\/v2\/pages\/2339\/revisions\/7536"}],"up":[{"embeddable":true,"href":"http:\/\/museumek.eu\/index.php?rest_route=\/wp\/v2\/pages\/2309"}],"wp:attachment":[{"href":"http:\/\/museumek.eu\/index.php?rest_route=%2Fwp%2Fv2%2Fmedia&parent=2339"}],"curies":[{"name":"wp","href":"https:\/\/api.w.org\/{rel}","templated":true}]}}