{"id":2371,"date":"2011-08-22T23:21:21","date_gmt":"2011-08-22T21:21:21","guid":{"rendered":"http:\/\/museumek.eu\/?page_id=2371"},"modified":"2013-05-10T21:05:13","modified_gmt":"2013-05-10T19:05:13","slug":"ax10","status":"publish","type":"page","link":"http:\/\/museumek.eu\/?page_id=2371","title":{"rendered":"A\/X\/10"},"content":{"rendered":"<p><strong>Abteilung Austria\/Ungarn\/B\u00f6hmen, Keramik 1860 \u2013 1960, Inventarnummer A\/X\/10<\/strong><\/p>\n<p>Gmundner Keramik GES.M.B.H., Austria, Gmunden, 1930 &#8211; 1950, Buchst\u00fctze mit Elefant, K\u00fcnstler unbekannt, Werksnummer 1216, Exemplar Nr. ohne, gemarkt ohne Firmenmarke, nicht signiert, Literatur: Original Verkaufskatalog um 1920 (MEK Inventar), dort mit Werks.-Nr. 1216 als Paar abgebildet, siehe auch Auktionshaus von Zezschwitz, Auktion 38 vom 19.10.2007, dort als Paar in blauer Version mit leichten Besch\u00e4digungen angeboten, K\u00fcnstler evtl. Walter Bosse, H\u00f6he 11,5 cm, Breite 15 cm<\/p>\n<p><a href=\"http:\/\/museumek.eu\/wp-content\/uploads\/2011\/08\/Museum-Europ\u00e4ischer-Keramikkunst-870.jpg\"><img loading=\"lazy\" src=\"http:\/\/museumek.eu\/wp-content\/uploads\/2011\/08\/Museum-Europ\u00e4ischer-Keramikkunst-870-300x249.jpg\" alt=\"\" title=\"Museum Europ\u00e4ischer Keramikkunst 870\" width=\"300\" height=\"249\" class=\"alignnone size-medium wp-image-2372\" srcset=\"http:\/\/museumek.eu\/wp-content\/uploads\/2011\/08\/Museum-Europ\u00e4ischer-Keramikkunst-870-300x249.jpg 300w, http:\/\/museumek.eu\/wp-content\/uploads\/2011\/08\/Museum-Europ\u00e4ischer-Keramikkunst-870-360x300.jpg 360w, http:\/\/museumek.eu\/wp-content\/uploads\/2011\/08\/Museum-Europ\u00e4ischer-Keramikkunst-870.jpg 667w\" sizes=\"(max-width: 300px) 100vw, 300px\" \/><\/a><\/p>\n<p><a href=\"http:\/\/museumek.eu\/wp-content\/uploads\/2011\/08\/Museum-Europ\u00e4ischer-Keramikkunst-872.jpg\"><img loading=\"lazy\" src=\"http:\/\/museumek.eu\/wp-content\/uploads\/2011\/08\/Museum-Europ\u00e4ischer-Keramikkunst-872-300x88.jpg\" alt=\"\" title=\"Museum Europ\u00e4ischer Keramikkunst 872\" width=\"300\" height=\"88\" class=\"alignnone size-medium wp-image-2373\" srcset=\"http:\/\/museumek.eu\/wp-content\/uploads\/2011\/08\/Museum-Europ\u00e4ischer-Keramikkunst-872-300x88.jpg 300w, http:\/\/museumek.eu\/wp-content\/uploads\/2011\/08\/Museum-Europ\u00e4ischer-Keramikkunst-872-500x147.jpg 500w, http:\/\/museumek.eu\/wp-content\/uploads\/2011\/08\/Museum-Europ\u00e4ischer-Keramikkunst-872.jpg 936w\" sizes=\"(max-width: 300px) 100vw, 300px\" \/><\/a><\/p>\n<p><a href=\"http:\/\/museumek.eu\/wp-content\/uploads\/2011\/08\/Museum-Europ\u00e4ischer-Keramikkunst-874.jpg\"><img loading=\"lazy\" src=\"http:\/\/museumek.eu\/wp-content\/uploads\/2011\/08\/Museum-Europ\u00e4ischer-Keramikkunst-874-300x182.jpg\" alt=\"\" title=\"Museum Europ\u00e4ischer Keramikkunst 874\" width=\"300\" height=\"182\" class=\"alignnone size-medium wp-image-2374\" srcset=\"http:\/\/museumek.eu\/wp-content\/uploads\/2011\/08\/Museum-Europ\u00e4ischer-Keramikkunst-874-300x182.jpg 300w, http:\/\/museumek.eu\/wp-content\/uploads\/2011\/08\/Museum-Europ\u00e4ischer-Keramikkunst-874-492x300.jpg 492w, http:\/\/museumek.eu\/wp-content\/uploads\/2011\/08\/Museum-Europ\u00e4ischer-Keramikkunst-874.jpg 936w\" sizes=\"(max-width: 300px) 100vw, 300px\" \/><\/a><\/p>\n<p><a href=\"http:\/\/museumek.eu\/wp-content\/uploads\/2011\/08\/Zezwitsch-Gmundner-Elefanten.jpg\"><img loading=\"lazy\" src=\"http:\/\/museumek.eu\/wp-content\/uploads\/2011\/08\/Zezwitsch-Gmundner-Elefanten-300x163.jpg\" alt=\"\" title=\"Zezwitsch Gmundner Elefanten\" width=\"300\" height=\"163\" class=\"alignnone size-medium wp-image-6451\" srcset=\"http:\/\/museumek.eu\/wp-content\/uploads\/2011\/08\/Zezwitsch-Gmundner-Elefanten-300x163.jpg 300w, http:\/\/museumek.eu\/wp-content\/uploads\/2011\/08\/Zezwitsch-Gmundner-Elefanten-500x272.jpg 500w, http:\/\/museumek.eu\/wp-content\/uploads\/2011\/08\/Zezwitsch-Gmundner-Elefanten.jpg 985w\" sizes=\"(max-width: 300px) 100vw, 300px\" \/><\/a><\/p>\n","protected":false},"excerpt":{"rendered":"<p>Abteilung Austria\/Ungarn\/B\u00f6hmen, Keramik 1860 \u2013 1960, Inventarnummer A\/X\/10 Gmundner Keramik GES.M.B.H., Austria, Gmunden, 1930 &#8211; 1950, Buchst\u00fctze mit Elefant, K\u00fcnstler unbekannt, Werksnummer 1216, Exemplar Nr. ohne, gemarkt ohne Firmenmarke, nicht signiert, Literatur: Original Verkaufskatalog um 1920 (MEK Inventar), dort mit &hellip; <a href=\"http:\/\/museumek.eu\/?page_id=2371\">Weiterlesen <span class=\"meta-nav\">&rarr;<\/span><\/a><\/p>\n","protected":false},"author":1,"featured_media":0,"parent":886,"menu_order":10,"comment_status":"closed","ping_status":"closed","template":"","meta":[],"_links":{"self":[{"href":"http:\/\/museumek.eu\/index.php?rest_route=\/wp\/v2\/pages\/2371"}],"collection":[{"href":"http:\/\/museumek.eu\/index.php?rest_route=\/wp\/v2\/pages"}],"about":[{"href":"http:\/\/museumek.eu\/index.php?rest_route=\/wp\/v2\/types\/page"}],"author":[{"embeddable":true,"href":"http:\/\/museumek.eu\/index.php?rest_route=\/wp\/v2\/users\/1"}],"replies":[{"embeddable":true,"href":"http:\/\/museumek.eu\/index.php?rest_route=%2Fwp%2Fv2%2Fcomments&post=2371"}],"version-history":[{"count":4,"href":"http:\/\/museumek.eu\/index.php?rest_route=\/wp\/v2\/pages\/2371\/revisions"}],"predecessor-version":[{"id":21670,"href":"http:\/\/museumek.eu\/index.php?rest_route=\/wp\/v2\/pages\/2371\/revisions\/21670"}],"up":[{"embeddable":true,"href":"http:\/\/museumek.eu\/index.php?rest_route=\/wp\/v2\/pages\/886"}],"wp:attachment":[{"href":"http:\/\/museumek.eu\/index.php?rest_route=%2Fwp%2Fv2%2Fmedia&parent=2371"}],"curies":[{"name":"wp","href":"https:\/\/api.w.org\/{rel}","templated":true}]}}