{"id":23788,"date":"2013-06-20T22:00:24","date_gmt":"2013-06-20T20:00:24","guid":{"rendered":"http:\/\/museumek.eu\/?page_id=23788"},"modified":"2015-08-22T22:57:36","modified_gmt":"2015-08-22T20:57:36","slug":"dlxxxix1","status":"publish","type":"page","link":"http:\/\/museumek.eu\/?page_id=23788","title":{"rendered":"D\/LXXXIX\/1"},"content":{"rendered":"<p><strong>Abteilung Deutschland, Keramik 1860 \u2013 1960, Inventarnummer D\/LXXXIX\/1<\/strong><\/p>\n<p>Porzellanfabrik Marktredewitz Thomas &#038; Ens und Nachfolger Philipp Rosenthal &#038; Co. AG, Zweigwerk Porzellanfabrik F. Thomas, Deutschland, Marktredewitz, um 1910, Souciere, K\u00fcnstler unbekannt, Werks.-Nr. ohne, Exemplar Nr. ohne, gemarkt Firmenmarke mit Thomas, Bayrisch Blau (Dekorbezeichnung), BAVARIA sowie 14 dunkelgr\u00fcne Stempel unter Glasur, nicht signiert, Literatur: Otto Pelka, Keramik der Neuzeit, Markentafel V, Markenkasten 86 identische Marke, Seite 211, Herstellerverzeichnis, Marktredewitz, Porzellanfabrik Fritz Thomas, Inh. Ph. Rosenthal &#038; Co. Nr. 86 sowie Seite 221, Namenverzeichnis, Thomas Fritz, M 86, weitere Literatur: J. G. Th. Graesse und E. Jaenicke, F\u00fchrer f\u00fcr Sammler von Porzellan und Fayence, Steinzeug, Steingut usw., Seite 513, Marken Nr. 20 und Nr. 21 identisch, weitere Literatur: Emanuel Poche, Porzellanmarken aus aller Welt, Marke Nr. 1604 identisch, weitere Literatur: Gustav Wei\u00df, Ullstein Porzellanbuch, Seite 278, Marke Nr. 13 identisch, 1903 gr\u00fcndete der ehemalige Mitinhaber der Porzellanfabrik J\u00e4ger, Thomas &#038; Co., Fritz Thomas sowie der ehemalige leitender Angestellte der Porzellanfabrik J\u00e4ger, Thomas &#038; Co., Paul Ens, die Porzellanfabrik Marktredewitz Thomas &#038; Ens, Ens schied 1907 aus, die Fabrik wurde 1908 an die Philipp Rosenthal &#038; Co. AG verkauft und firmierte als Philipp Rosenthal &#038; Co. AG, Zweigfabrik Porzellanfabrik F. Thomas, wobei Fritz Thomas noch bis 1915 die Leitung inne hatte, in o. g. Literatur wird die Thomas Firmenmarke unterschiedlichen Zeitr\u00e4umen zugeordnet, von 1903 bis 1939, richtig aber ist, dass die \u00e4ltere Firmenmarke der Zeit von 1903 bis 1908 die Buchstaben Th (f\u00fcr Thomas), E (f\u00fcr Ens) sowie MR (f\u00fcr Marktredewitz) beinhaltet, insofern lassen sich alle Firmenmarken ohne diese Buchstaben eindeutig zeitlich zuordnen und zwar ab 1909 zur Philipp Rosenthal &#038; Co. AG, Zweigfabrik Porzellanfabrik F. Thomas, Rosenthal verwendete f\u00fcr die Datierung seiner Fabrikate ein Punktesystem, verschiedene Punkte wurden um oder innerhalb der Marke angeordnet, dass gleiche System wurde sp\u00e4ter auch f\u00fcr die Zweigfabrik angewendet, deshalb finden sich Thomas Firmenmarken mit Punkten um und in der Marke, au\u00dferdem oft der Schtiftzug Bavaria, das MEK konnte das Punktesystem der Thomas Firmenmarke noch nicht aufl\u00f6sen, H\u00f6he 9 cm, Breite 24 cm<\/p>\n<p><a href=\"http:\/\/museumek.eu\/?attachment_id=23791\" rel=\"attachment wp-att-23791\"><img loading=\"lazy\" src=\"http:\/\/museumek.eu\/wp-content\/uploads\/2013\/06\/Museum-Europ\u00e4ischer-Keramikkunst-3507-300x169.jpg\" alt=\"\" title=\"Museum Europ\u00e4ischer Keramikkunst 3507\" width=\"300\" height=\"169\" class=\"alignnone size-medium wp-image-23791\" srcset=\"http:\/\/museumek.eu\/wp-content\/uploads\/2013\/06\/Museum-Europ\u00e4ischer-Keramikkunst-3507-300x169.jpg 300w, http:\/\/museumek.eu\/wp-content\/uploads\/2013\/06\/Museum-Europ\u00e4ischer-Keramikkunst-3507-150x84.jpg 150w, http:\/\/museumek.eu\/wp-content\/uploads\/2013\/06\/Museum-Europ\u00e4ischer-Keramikkunst-3507-500x282.jpg 500w, http:\/\/museumek.eu\/wp-content\/uploads\/2013\/06\/Museum-Europ\u00e4ischer-Keramikkunst-3507.jpg 896w\" sizes=\"(max-width: 300px) 100vw, 300px\" \/><\/a><\/p>\n<p><a href=\"http:\/\/museumek.eu\/?attachment_id=23797\" rel=\"attachment wp-att-23797\"><img loading=\"lazy\" src=\"http:\/\/museumek.eu\/wp-content\/uploads\/2013\/06\/Museum-Europ\u00e4ischer-Keramikkunst-3508-300x268.jpg\" alt=\"\" title=\"Museum Europ\u00e4ischer Keramikkunst 3508\" width=\"300\" height=\"268\" class=\"alignnone size-medium wp-image-23797\" srcset=\"http:\/\/museumek.eu\/wp-content\/uploads\/2013\/06\/Museum-Europ\u00e4ischer-Keramikkunst-3508-300x268.jpg 300w, http:\/\/museumek.eu\/wp-content\/uploads\/2013\/06\/Museum-Europ\u00e4ischer-Keramikkunst-3508-150x134.jpg 150w, http:\/\/museumek.eu\/wp-content\/uploads\/2013\/06\/Museum-Europ\u00e4ischer-Keramikkunst-3508.jpg 325w\" sizes=\"(max-width: 300px) 100vw, 300px\" \/><\/a><\/p>\n","protected":false},"excerpt":{"rendered":"<p>Abteilung Deutschland, Keramik 1860 \u2013 1960, Inventarnummer D\/LXXXIX\/1 Porzellanfabrik Marktredewitz Thomas &#038; Ens und Nachfolger Philipp Rosenthal &#038; Co. AG, Zweigwerk Porzellanfabrik F. Thomas, Deutschland, Marktredewitz, um 1910, Souciere, K\u00fcnstler unbekannt, Werks.-Nr. ohne, Exemplar Nr. ohne, gemarkt Firmenmarke mit Thomas, &hellip; <a href=\"http:\/\/museumek.eu\/?page_id=23788\">Weiterlesen <span class=\"meta-nav\">&rarr;<\/span><\/a><\/p>\n","protected":false},"author":1,"featured_media":0,"parent":23785,"menu_order":1,"comment_status":"closed","ping_status":"closed","template":"","meta":[],"_links":{"self":[{"href":"http:\/\/museumek.eu\/index.php?rest_route=\/wp\/v2\/pages\/23788"}],"collection":[{"href":"http:\/\/museumek.eu\/index.php?rest_route=\/wp\/v2\/pages"}],"about":[{"href":"http:\/\/museumek.eu\/index.php?rest_route=\/wp\/v2\/types\/page"}],"author":[{"embeddable":true,"href":"http:\/\/museumek.eu\/index.php?rest_route=\/wp\/v2\/users\/1"}],"replies":[{"embeddable":true,"href":"http:\/\/museumek.eu\/index.php?rest_route=%2Fwp%2Fv2%2Fcomments&post=23788"}],"version-history":[{"count":15,"href":"http:\/\/museumek.eu\/index.php?rest_route=\/wp\/v2\/pages\/23788\/revisions"}],"predecessor-version":[{"id":44371,"href":"http:\/\/museumek.eu\/index.php?rest_route=\/wp\/v2\/pages\/23788\/revisions\/44371"}],"up":[{"embeddable":true,"href":"http:\/\/museumek.eu\/index.php?rest_route=\/wp\/v2\/pages\/23785"}],"wp:attachment":[{"href":"http:\/\/museumek.eu\/index.php?rest_route=%2Fwp%2Fv2%2Fmedia&parent=23788"}],"curies":[{"name":"wp","href":"https:\/\/api.w.org\/{rel}","templated":true}]}}