{"id":23886,"date":"2013-06-21T16:50:46","date_gmt":"2013-06-21T14:50:46","guid":{"rendered":"http:\/\/museumek.eu\/?page_id=23886"},"modified":"2021-06-06T19:55:52","modified_gmt":"2021-06-06T17:55:52","slug":"dxc2","status":"publish","type":"page","link":"http:\/\/museumek.eu\/?page_id=23886","title":{"rendered":"D\/XC\/2"},"content":{"rendered":"<p><strong>Abteilung Deutschland, Keramik 1860 \u2013 1960, Inventarnummer D\/XC\/2<\/strong><\/p>\n<p>Porzellanfabrik Marktredewitz J\u00e4ger &#038; Co., vormals Porzellanfabrik Marktredewitz J\u00e4ger, Thomas &#038; Co., Deutschland, Marktredewitz, um 1955, Zierteller, K\u00fcnstler unbekannt, Werks.-Nr. ohne, Exemplar Nr. ohne, gemarkt Firmenmarke mit Pfau, darunter J\u00e4ger, darunter BAVARIA-GERMANY sowie ungedeutetes Zeichen gr\u00fcne Stempel unter Glasur (Marke verwendet zwischen 1950 \u2013 1960), nicht signiert, 1898 gr\u00fcndeten die Br\u00fcder Christoph und Wilhelm J\u00e4ger sowie Friedrich (Fritz) Thomas die Porzellanfabrik J\u00e4ger, Thomas &#038; Co., Baubeginn ab 1897 unter Leitung von Fritz Thomas (geb. 28.05.1965, gest. 12.10.1940), Anm. MEK: es gibt Darstellungen, dass die Fabrik bereits 1872 gegr\u00fcndet worden sein soll und Thomas bereits vor 1998 ausgeschieden ist, da Thomas im Jahre 1872 erst sieben Jahre alt war, ist diese Fabrikdarstellung falsch, m\u00f6glich ist, dass die Fabrik auf einem Gel\u00e4nde und unter evtl. Mitnutzung bereits vorhandener Geb\u00e4ude einer kleineren Porzellandekorations Firma gegr\u00fcndet worden ist, unter Leitung des fachkundigen Thomas, wurden nachweislich neue Fabrikgeb\u00e4ude und Brenn\u00f6fen gebaut und Maschinen angeschafft, die Fabrik war ebenso nachweislich die erste Porzellanfabrik in Marktredewitz, 1902 schied Fritz Thomas aus und gr\u00fcndete mit Karl Ens in Martkredewitz eine Porzellanfabrik (siehe dort), die Br\u00fcder J\u00e4ger f\u00fchrten die Fabrik weiter, sie \u00e4nderten die Firmierung in Porzellanfabrik Marktredewitz J\u00e4ger &#038; Co., in der Zeit von 1905 bis 1936 leitete Friedrich (Fritz) J\u00e4ger, Sohn von Wilhelm J\u00e4ger die Fabrik, ab 1936 leitete der Sohn von Fritz J\u00e4ger, Heinz J\u00e4ger die Fabrik, dieser fiel 1944 an der Ostfront und seine Witwe Gerda J\u00e4ger \u00fcbernahm die Leitung der Fabrik, Anfang der 1920\u2018 Jahre er\u00f6ffnete die Fabrik in M\u00fcnchen-Nymphenburg ein k\u00fcnstlerisch betriebenes Atelier, in M\u00fcnchen lebten viele hervorragende Porzellanmaler und viele namhafte K\u00fcnstler, die M\u00fcnchner Dependance bestand bis ca. 1930, dort wurden auch die ber\u00fchmten Moccatassen dekoriert, einerseits mit herausragender Malerei andererseits nach Entw\u00fcrfen ber\u00fchmter K\u00fcnstler der Zeit, die Weissware kam stets vom Stammwerk in Marktredewitz, evtl. wurde ein Teil der Weissware auch in der Nymphenburger Porzellanmanufaktur dekoriert, die Fabrik wurde 1986 geschlossen,<br \/>\nDurchmesser 24 cm<\/p>\n<p><a href=\"http:\/\/museumek.eu\/?attachment_id=23887\" rel=\"attachment wp-att-23887\"><img loading=\"lazy\" src=\"http:\/\/museumek.eu\/wp-content\/uploads\/2013\/06\/Museum-Europ\u00e4ischer-Keramikkunst-4036-300x281.jpg\" alt=\"\" title=\"Museum Europ\u00e4ischer Keramikkunst 4036\" width=\"300\" height=\"281\" class=\"alignnone size-medium wp-image-23887\" srcset=\"http:\/\/museumek.eu\/wp-content\/uploads\/2013\/06\/Museum-Europ\u00e4ischer-Keramikkunst-4036-300x281.jpg 300w, http:\/\/museumek.eu\/wp-content\/uploads\/2013\/06\/Museum-Europ\u00e4ischer-Keramikkunst-4036-150x140.jpg 150w, http:\/\/museumek.eu\/wp-content\/uploads\/2013\/06\/Museum-Europ\u00e4ischer-Keramikkunst-4036-319x300.jpg 319w, http:\/\/museumek.eu\/wp-content\/uploads\/2013\/06\/Museum-Europ\u00e4ischer-Keramikkunst-4036.jpg 796w\" sizes=\"(max-width: 300px) 100vw, 300px\" \/><\/a><\/p>\n<p><a href=\"http:\/\/museumek.eu\/?attachment_id=43136\" rel=\"attachment wp-att-43136\"><img loading=\"lazy\" src=\"http:\/\/museumek.eu\/wp-content\/uploads\/2013\/06\/4430-300x297.jpg\" alt=\"\" title=\"4430\" width=\"300\" height=\"297\" class=\"alignnone size-medium wp-image-43136\" srcset=\"http:\/\/museumek.eu\/wp-content\/uploads\/2013\/06\/4430-300x297.jpg 300w, http:\/\/museumek.eu\/wp-content\/uploads\/2013\/06\/4430-150x148.jpg 150w, http:\/\/museumek.eu\/wp-content\/uploads\/2013\/06\/4430-302x300.jpg 302w, http:\/\/museumek.eu\/wp-content\/uploads\/2013\/06\/4430.jpg 605w\" sizes=\"(max-width: 300px) 100vw, 300px\" \/><\/a><\/p>\n<p><a href=\"http:\/\/museumek.eu\/?attachment_id=23888\" rel=\"attachment wp-att-23888\"><img loading=\"lazy\" src=\"http:\/\/museumek.eu\/wp-content\/uploads\/2013\/06\/Museum-Europ\u00e4ischer-Keramikkunst-4038.jpg\" alt=\"\" title=\"Museum Europ\u00e4ischer Keramikkunst 4038\" width=\"238\" height=\"281\" class=\"alignnone size-full wp-image-23888\" srcset=\"http:\/\/museumek.eu\/wp-content\/uploads\/2013\/06\/Museum-Europ\u00e4ischer-Keramikkunst-4038.jpg 238w, http:\/\/museumek.eu\/wp-content\/uploads\/2013\/06\/Museum-Europ\u00e4ischer-Keramikkunst-4038-127x150.jpg 127w\" sizes=\"(max-width: 238px) 100vw, 238px\" \/><\/a><\/p>\n","protected":false},"excerpt":{"rendered":"<p>Abteilung Deutschland, Keramik 1860 \u2013 1960, Inventarnummer D\/XC\/2 Porzellanfabrik Marktredewitz J\u00e4ger &#038; Co., vormals Porzellanfabrik Marktredewitz J\u00e4ger, Thomas &#038; Co., Deutschland, Marktredewitz, um 1955, Zierteller, K\u00fcnstler unbekannt, Werks.-Nr. ohne, Exemplar Nr. ohne, gemarkt Firmenmarke mit Pfau, darunter J\u00e4ger, darunter BAVARIA-GERMANY &hellip; <a href=\"http:\/\/museumek.eu\/?page_id=23886\">Weiterlesen <span class=\"meta-nav\">&rarr;<\/span><\/a><\/p>\n","protected":false},"author":1,"featured_media":0,"parent":23864,"menu_order":2,"comment_status":"closed","ping_status":"open","template":"","meta":[],"_links":{"self":[{"href":"http:\/\/museumek.eu\/index.php?rest_route=\/wp\/v2\/pages\/23886"}],"collection":[{"href":"http:\/\/museumek.eu\/index.php?rest_route=\/wp\/v2\/pages"}],"about":[{"href":"http:\/\/museumek.eu\/index.php?rest_route=\/wp\/v2\/types\/page"}],"author":[{"embeddable":true,"href":"http:\/\/museumek.eu\/index.php?rest_route=\/wp\/v2\/users\/1"}],"replies":[{"embeddable":true,"href":"http:\/\/museumek.eu\/index.php?rest_route=%2Fwp%2Fv2%2Fcomments&post=23886"}],"version-history":[{"count":8,"href":"http:\/\/museumek.eu\/index.php?rest_route=\/wp\/v2\/pages\/23886\/revisions"}],"predecessor-version":[{"id":57789,"href":"http:\/\/museumek.eu\/index.php?rest_route=\/wp\/v2\/pages\/23886\/revisions\/57789"}],"up":[{"embeddable":true,"href":"http:\/\/museumek.eu\/index.php?rest_route=\/wp\/v2\/pages\/23864"}],"wp:attachment":[{"href":"http:\/\/museumek.eu\/index.php?rest_route=%2Fwp%2Fv2%2Fmedia&parent=23886"}],"curies":[{"name":"wp","href":"https:\/\/api.w.org\/{rel}","templated":true}]}}

<p><strong>Abteilung Deutschland, Keramik 1860 – 1960, Inventarnummer D/XC/2</strong></p>
<p>Porzellanfabrik Marktredewitz Jäger &#038; Co., vormals Porzellanfabrik Marktredewitz Jäger, Thomas &#038; Co., Deutschland, Marktredewitz, um 1955, Zierteller, Künstler unbekannt, Werks.-Nr. ohne, Exemplar Nr. ohne, gemarkt Firmenmarke mit Pfau, darunter Jäger, darunter BAVARIA-GERMANY sowie ungedeutetes Zeichen grüne Stempel unter Glasur (Marke verwendet zwischen 1950 – 1960), nicht signiert, 1898 gründeten die Brüder Christoph und Wilhelm Jäger sowie Friedrich (Fritz) Thomas die Porzellanfabrik Jäger, Thomas &#038; Co., Baubeginn ab 1897 unter Leitung von Fritz Thomas (geb. 28.05.1965, gest. 12.10.1940), Anm. MEK: es gibt Darstellungen, dass die Fabrik bereits 1872 gegründet worden sein soll und Thomas bereits vor 1998 ausgeschieden ist, da Thomas im Jahre 1872 erst sieben Jahre alt war, ist diese Fabrikdarstellung falsch, möglich ist, dass die Fabrik auf einem Gelände und unter evtl. Mitnutzung bereits vorhandener Gebäude einer kleineren Porzellandekorations Firma gegründet worden ist, unter Leitung des fachkundigen Thomas, wurden nachweislich neue Fabrikgebäude und Brennöfen gebaut und Maschinen angeschafft, die Fabrik war ebenso nachweislich die erste Porzellanfabrik in Marktredewitz, 1902 schied Fritz Thomas aus und gründete mit Karl Ens in Martkredewitz eine Porzellanfabrik (siehe dort), die Brüder Jäger führten die Fabrik weiter, sie änderten die Firmierung in Porzellanfabrik Marktredewitz Jäger &#038; Co., in der Zeit von 1905 bis 1936 leitete Friedrich (Fritz) Jäger, Sohn von Wilhelm Jäger die Fabrik, ab 1936 leitete der Sohn von Fritz Jäger, Heinz Jäger die Fabrik, dieser fiel 1944 an der Ostfront und seine Witwe Gerda Jäger übernahm die Leitung der Fabrik, Anfang der 1920‘ Jahre eröffnete die Fabrik in München-Nymphenburg ein künstlerisch betriebenes Atelier, in München lebten viele hervorragende Porzellanmaler und viele namhafte Künstler, die Münchner Dependance bestand bis ca. 1930, dort wurden auch die berühmten Moccatassen dekoriert, einerseits mit herausragender Malerei andererseits nach Entwürfen berühmter Künstler der Zeit, die Weissware kam stets vom Stammwerk in Marktredewitz, evtl. wurde ein Teil der Weissware auch in der Nymphenburger Porzellanmanufaktur dekoriert, die Fabrik wurde 1986 geschlossen,<br />
Durchmesser 24 cm</p>
<p><a href="http://museumek.eu/?attachment_id=23887" rel="attachment wp-att-23887"><img loading="lazy" src="http://museumek.eu/wp-content/uploads/2013/06/Museum-Europäischer-Keramikkunst-4036-300x281.jpg" alt="" title="Museum Europäischer Keramikkunst 4036" width="300" height="281" class="alignnone size-medium wp-image-23887" srcset="http://museumek.eu/wp-content/uploads/2013/06/Museum-Europäischer-Keramikkunst-4036-300x281.jpg 300w, http://museumek.eu/wp-content/uploads/2013/06/Museum-Europäischer-Keramikkunst-4036-150x140.jpg 150w, http://museumek.eu/wp-content/uploads/2013/06/Museum-Europäischer-Keramikkunst-4036-319x300.jpg 319w, http://museumek.eu/wp-content/uploads/2013/06/Museum-Europäischer-Keramikkunst-4036.jpg 796w" sizes="(max-width: 300px) 100vw, 300px" /></a></p>
<p><a href="http://museumek.eu/?attachment_id=43136" rel="attachment wp-att-43136"><img loading="lazy" src="http://museumek.eu/wp-content/uploads/2013/06/4430-300x297.jpg" alt="" title="4430" width="300" height="297" class="alignnone size-medium wp-image-43136" srcset="http://museumek.eu/wp-content/uploads/2013/06/4430-300x297.jpg 300w, http://museumek.eu/wp-content/uploads/2013/06/4430-150x148.jpg 150w, http://museumek.eu/wp-content/uploads/2013/06/4430-302x300.jpg 302w, http://museumek.eu/wp-content/uploads/2013/06/4430.jpg 605w" sizes="(max-width: 300px) 100vw, 300px" /></a></p>
<p><a href="http://museumek.eu/?attachment_id=23888" rel="attachment wp-att-23888"><img loading="lazy" src="http://museumek.eu/wp-content/uploads/2013/06/Museum-Europäischer-Keramikkunst-4038.jpg" alt="" title="Museum Europäischer Keramikkunst 4038" width="238" height="281" class="alignnone size-full wp-image-23888" srcset="http://museumek.eu/wp-content/uploads/2013/06/Museum-Europäischer-Keramikkunst-4038.jpg 238w, http://museumek.eu/wp-content/uploads/2013/06/Museum-Europäischer-Keramikkunst-4038-127x150.jpg 127w" sizes="(max-width: 238px) 100vw, 238px" /></a></p>

<p>Abteilung Deutschland, Keramik 1860 – 1960, Inventarnummer D/XC/2 Porzellanfabrik Marktredewitz Jäger &#038; Co., vormals Porzellanfabrik Marktredewitz Jäger, Thomas &#038; Co., Deutschland, Marktredewitz, um 1955, Zierteller, Künstler unbekannt, Werks.-Nr. ohne, Exemplar Nr. ohne, gemarkt Firmenmarke mit Pfau, darunter Jäger, darunter BAVARIA-GERMANY &hellip; <a href="http://museumek.eu/?page_id=23886">Weiterlesen <span class="meta-nav">&rarr;</span></a></p>
