{"id":24175,"date":"2013-06-30T19:54:16","date_gmt":"2013-06-30T17:54:16","guid":{"rendered":"http:\/\/museumek.eu\/?page_id=24175"},"modified":"2013-06-30T19:54:16","modified_gmt":"2013-06-30T17:54:16","slug":"fotos-und-beschreibung","status":"publish","type":"page","link":"http:\/\/museumek.eu\/?page_id=24175","title":{"rendered":"Fotos und Beschreibung"},"content":{"rendered":"<p><strong>Abteilung Deutschland, Keramik 1860 \u2013 1960, Inventarnummer D\/XCIII\/1<\/strong><\/p>\n<p>Porzellanfabrik Oscar Schlegelmilch OHG, vormals Porzellanfabrik Oscar Schlegelmilch, Deutschland, Langewiesen, 1932 &#8211; 1960, Vase, K\u00fcnstler unbekannt, Werks.-Nr. 661 (?), Exemplar Nr. ohne, gemarkt Firmenmarke Kreismarke mit F\u00fcrstenhut darunter L (f\u00fcr Langewiesen) sowie Schriftzug Oscar Schlegelmilch blauer Stempel auf Glasur, Handgemalt blauer Stempel auf Glasur sowie 661 gepresst, nicht signiert, Literatur: Emanuel Poche, Porzellanmarken aus aller Welt, Marke Nr. 1512 identisch, weitere Literatur: Gustav Wei\u00df, Ullstein Porzellanbuch, Seite 272, Marke Nr. 5 identisch, am 11.03. 1892 gr\u00fcndet Oscar Schlegelmilch, Sohn des Suhler Porzellanfabrikanten Leonhard Schlegelmilch, in Langewiesen die Porzellanfabrik Oscar Schlegelmilch, am 01.01.1905 tritt der Kaufmann Theodor Conrad Hinrichs in die Fabrik ein und die Firmierung lautet ab da Porzellanfabrik Oscar Schlegelmilch OHG, 1934 tritt Hinrichs wieder aus und verkauft seine Anteile an Hans Schlegelmilch, den Neffen von Oscar Schlegelmilch, ab 1936 ist Hans Schlegelmilch alleiniger Inhaber,  am 08.10.1945 stirbt Hans und seine Witwe Christa Schlegelmilch f\u00fchrt die Fabrik fort, ab 1953 geht die Fabrik in die staatliche Verwaltung der DDR, ab 1958 ist die Fabrik eine KG, 1959 endg\u00fcltige Eingliederung in den VEB Porzellanwerk Graf von Henneberg, H\u00f6he 30 cm, Breite 13 cm<\/p>\n<p><a href=\"http:\/\/museumek.eu\/?attachment_id=24166\" rel=\"attachment wp-att-24166\"><img loading=\"lazy\" src=\"http:\/\/museumek.eu\/wp-content\/uploads\/2013\/06\/Museum-Europ\u00e4ischer-Keramikkunst-2091-198x300.jpg\" alt=\"\" title=\"Museum Europ\u00e4ischer Keramikkunst 2091\" width=\"198\" height=\"300\" class=\"alignnone size-medium wp-image-24166\" srcset=\"http:\/\/museumek.eu\/wp-content\/uploads\/2013\/06\/Museum-Europ\u00e4ischer-Keramikkunst-2091-198x300.jpg 198w, http:\/\/museumek.eu\/wp-content\/uploads\/2013\/06\/Museum-Europ\u00e4ischer-Keramikkunst-2091-99x150.jpg 99w, http:\/\/museumek.eu\/wp-content\/uploads\/2013\/06\/Museum-Europ\u00e4ischer-Keramikkunst-2091.jpg 529w\" sizes=\"(max-width: 198px) 100vw, 198px\" \/><\/a><\/p>\n<p><a href=\"http:\/\/museumek.eu\/?attachment_id=24167\" rel=\"attachment wp-att-24167\"><img loading=\"lazy\" src=\"http:\/\/museumek.eu\/wp-content\/uploads\/2013\/06\/Museum-Europ\u00e4ischer-Keramikkunst-2092-216x300.jpg\" alt=\"\" title=\"Museum Europ\u00e4ischer Keramikkunst 2092\" width=\"216\" height=\"300\" class=\"alignnone size-medium wp-image-24167\" srcset=\"http:\/\/museumek.eu\/wp-content\/uploads\/2013\/06\/Museum-Europ\u00e4ischer-Keramikkunst-2092-216x300.jpg 216w, http:\/\/museumek.eu\/wp-content\/uploads\/2013\/06\/Museum-Europ\u00e4ischer-Keramikkunst-2092-108x150.jpg 108w, http:\/\/museumek.eu\/wp-content\/uploads\/2013\/06\/Museum-Europ\u00e4ischer-Keramikkunst-2092.jpg 409w\" sizes=\"(max-width: 216px) 100vw, 216px\" \/><\/a><\/p>\n","protected":false},"excerpt":{"rendered":"<p>Abteilung Deutschland, Keramik 1860 \u2013 1960, Inventarnummer D\/XCIII\/1 Porzellanfabrik Oscar Schlegelmilch OHG, vormals Porzellanfabrik Oscar Schlegelmilch, Deutschland, Langewiesen, 1932 &#8211; 1960, Vase, K\u00fcnstler unbekannt, Werks.-Nr. 661 (?), Exemplar Nr. ohne, gemarkt Firmenmarke Kreismarke mit F\u00fcrstenhut darunter L (f\u00fcr Langewiesen) sowie &hellip; <a href=\"http:\/\/museumek.eu\/?page_id=24175\">Weiterlesen <span class=\"meta-nav\">&rarr;<\/span><\/a><\/p>\n","protected":false},"author":1,"featured_media":0,"parent":24172,"menu_order":1,"comment_status":"closed","ping_status":"open","template":"","meta":[],"_links":{"self":[{"href":"http:\/\/museumek.eu\/index.php?rest_route=\/wp\/v2\/pages\/24175"}],"collection":[{"href":"http:\/\/museumek.eu\/index.php?rest_route=\/wp\/v2\/pages"}],"about":[{"href":"http:\/\/museumek.eu\/index.php?rest_route=\/wp\/v2\/types\/page"}],"author":[{"embeddable":true,"href":"http:\/\/museumek.eu\/index.php?rest_route=\/wp\/v2\/users\/1"}],"replies":[{"embeddable":true,"href":"http:\/\/museumek.eu\/index.php?rest_route=%2Fwp%2Fv2%2Fcomments&post=24175"}],"version-history":[{"count":4,"href":"http:\/\/museumek.eu\/index.php?rest_route=\/wp\/v2\/pages\/24175\/revisions"}],"predecessor-version":[{"id":24179,"href":"http:\/\/museumek.eu\/index.php?rest_route=\/wp\/v2\/pages\/24175\/revisions\/24179"}],"up":[{"embeddable":true,"href":"http:\/\/museumek.eu\/index.php?rest_route=\/wp\/v2\/pages\/24172"}],"wp:attachment":[{"href":"http:\/\/museumek.eu\/index.php?rest_route=%2Fwp%2Fv2%2Fmedia&parent=24175"}],"curies":[{"name":"wp","href":"https:\/\/api.w.org\/{rel}","templated":true}]}}