{"id":24399,"date":"2013-07-05T19:26:23","date_gmt":"2013-07-05T17:26:23","guid":{"rendered":"http:\/\/museumek.eu\/?page_id=24399"},"modified":"2021-04-24T14:30:59","modified_gmt":"2021-04-24T12:30:59","slug":"staatlich-hohere-fachschule-fur-porzellan-vormals-koniglich-bayerische-fachschule-fur-porzellan-inv-nr-dxcvi1","status":"publish","type":"page","link":"http:\/\/museumek.eu\/?page_id=24399","title":{"rendered":"Staatlich H\u00f6here Fachschule f\u00fcr Porzellan, vormals K\u00f6niglich-Bayerische Fachschule f\u00fcr Porzellan &#8211; Inv.Nr. D\/XCVI\/1"},"content":{"rendered":"","protected":false},"excerpt":{"rendered":"","protected":false},"author":1,"featured_media":0,"parent":2810,"menu_order":104,"comment_status":"closed","ping_status":"open","template":"","meta":[],"_links":{"self":[{"href":"http:\/\/museumek.eu\/index.php?rest_route=\/wp\/v2\/pages\/24399"}],"collection":[{"href":"http:\/\/museumek.eu\/index.php?rest_route=\/wp\/v2\/pages"}],"about":[{"href":"http:\/\/museumek.eu\/index.php?rest_route=\/wp\/v2\/types\/page"}],"author":[{"embeddable":true,"href":"http:\/\/museumek.eu\/index.php?rest_route=\/wp\/v2\/users\/1"}],"replies":[{"embeddable":true,"href":"http:\/\/museumek.eu\/index.php?rest_route=%2Fwp%2Fv2%2Fcomments&post=24399"}],"version-history":[{"count":6,"href":"http:\/\/museumek.eu\/index.php?rest_route=\/wp\/v2\/pages\/24399\/revisions"}],"predecessor-version":[{"id":56087,"href":"http:\/\/museumek.eu\/index.php?rest_route=\/wp\/v2\/pages\/24399\/revisions\/56087"}],"up":[{"embeddable":true,"href":"http:\/\/museumek.eu\/index.php?rest_route=\/wp\/v2\/pages\/2810"}],"wp:attachment":[{"href":"http:\/\/museumek.eu\/index.php?rest_route=%2Fwp%2Fv2%2Fmedia&parent=24399"}],"curies":[{"name":"wp","href":"https:\/\/api.w.org\/{rel}","templated":true}]}}