{"id":24968,"date":"2013-07-15T22:50:02","date_gmt":"2013-07-15T20:50:02","guid":{"rendered":"http:\/\/museumek.eu\/?page_id=24968"},"modified":"2013-07-15T22:50:03","modified_gmt":"2013-07-15T20:50:03","slug":"axlv4","status":"publish","type":"page","link":"http:\/\/museumek.eu\/?page_id=24968","title":{"rendered":"A\/XLV\/4"},"content":{"rendered":"<p><strong>Abteilung Austria\/Ungarn\/B\u00f6hmen, Keramik 1860 \u2013 1960, Inventarnummer A\/XLV\/4<\/strong><\/p>\n<p>Porzellanfabrik Gie\u00dfh\u00fcbel Johann Schuldes, vormals K.K. privilegierte gr\u00e4flich Czernin\u2019sche Porzellanfabrik, Austria\/B\u00f6hmen, Gie\u00dfh\u00fcbel\/Kysibl, um 1910, Teller, K\u00fcnstler unbekannt, Werks.-Nr. 411, Exemplar Nr. ohne, gemarkt Firmenmarke Giesshuebl, 411 sowie XI gepresst, nicht signiert, Literatur: Gustav Wei\u00df, Ullstein Porzellanbuch, Seite 258, Beschreibung der Fabrik, 1803 gr\u00fcndeten Christian Nonne und Karl R\u00f6sch eine Porzellanfabrik in Gie\u00dfh\u00fcbel, Firmierung als Porzellanfabrik Nonne &#038; R\u00f6sch, 1810 wurde die Fabrik an Johann Anton Hladik verkauft, 1815 verpachtete Hladik die Fabrik an Benedikt Knaut und Josef Schmellowski, 1825 oder 1829 verkauft Hladik die Fabrik an Johann Ritter von Neuberg und desssen Frau, 1835 wird Franz Lehnert Mitp\u00e4chter und sp\u00e4ter Alleinp\u00e4chter, 1846 wird der Pachtvertrag nicht verl\u00e4ngert, insofern betrieb Ritter von Neuberg wohl die Fabrik allein, die Firmierung f\u00fcr die Zeit 1810 bis 1868 konnte nicht recherchiert werden, 1868 verkauft Ritter von Neuberg die Fabrik an Graf Hermann von Czernin, die Fiermierung lautet nun K.K. gr\u00e4flich Czernin\u2019sche Porzellanfabrik, 1892 verpachtet Graf Czernin die Fabrik an Adalbert Schuldes, wahrscheinlich bleibt die Firmierung gleich, 1902 kauft Johann Schuldes, ein Sohn von Adalbert Schuldes, die Fabrik, Firmierung als Porzellanfabrik Gie\u00dfh\u00fcbel Johann Schuldes, 1923 wird die Fabrik in eine Handelsgesellschaft umgewandelt und die Eigent\u00fcmer sind Hugo Schuldes und Frieda Schindler, geb. Schuldes, 1940 sind die Eigent\u00fcmer Frida Schindler, geb. Schuldes und Irma Eckl, 1945 wird die Fabrik verstaatlicht und geh\u00f6rte sp\u00e4ter zu Dallwitzer Porzellanfabrik und damit zur EPIAG, siehe auch weitere Teller dieses Service MEK A\/XLV\/1 bis MEK A\/XLV\/3, MEK A\/XLV\/5 sowie MEK A\/XLV\/6, Durchmesser 19 cm<\/p>\n<p><a href=\"http:\/\/museumek.eu\/?attachment_id=24969\" rel=\"attachment wp-att-24969\"><img loading=\"lazy\" src=\"http:\/\/museumek.eu\/wp-content\/uploads\/2013\/07\/Museum-Europ\u00e4ischer-Keramikkunst-2901-300x291.jpg\" alt=\"\" title=\"Museum Europ\u00e4ischer Keramikkunst 2901\" width=\"300\" height=\"291\" class=\"alignnone size-medium wp-image-24969\" srcset=\"http:\/\/museumek.eu\/wp-content\/uploads\/2013\/07\/Museum-Europ\u00e4ischer-Keramikkunst-2901-300x291.jpg 300w, http:\/\/museumek.eu\/wp-content\/uploads\/2013\/07\/Museum-Europ\u00e4ischer-Keramikkunst-2901-150x145.jpg 150w, http:\/\/museumek.eu\/wp-content\/uploads\/2013\/07\/Museum-Europ\u00e4ischer-Keramikkunst-2901-309x300.jpg 309w, http:\/\/museumek.eu\/wp-content\/uploads\/2013\/07\/Museum-Europ\u00e4ischer-Keramikkunst-2901.jpg 714w\" sizes=\"(max-width: 300px) 100vw, 300px\" \/><\/a><\/p>\n<p><a href=\"http:\/\/museumek.eu\/?attachment_id=24970\" rel=\"attachment wp-att-24970\"><img loading=\"lazy\" src=\"http:\/\/museumek.eu\/wp-content\/uploads\/2013\/07\/Museum-Europ\u00e4ischer-Keramikkunst-2904-161x300.jpg\" alt=\"\" title=\"Museum Europ\u00e4ischer Keramikkunst 2904\" width=\"161\" height=\"300\" class=\"alignnone size-medium wp-image-24970\" srcset=\"http:\/\/museumek.eu\/wp-content\/uploads\/2013\/07\/Museum-Europ\u00e4ischer-Keramikkunst-2904-161x300.jpg 161w, http:\/\/museumek.eu\/wp-content\/uploads\/2013\/07\/Museum-Europ\u00e4ischer-Keramikkunst-2904-80x150.jpg 80w, http:\/\/museumek.eu\/wp-content\/uploads\/2013\/07\/Museum-Europ\u00e4ischer-Keramikkunst-2904.jpg 343w\" sizes=\"(max-width: 161px) 100vw, 161px\" \/><\/a><\/p>\n","protected":false},"excerpt":{"rendered":"<p>Abteilung Austria\/Ungarn\/B\u00f6hmen, Keramik 1860 \u2013 1960, Inventarnummer A\/XLV\/4 Porzellanfabrik Gie\u00dfh\u00fcbel Johann Schuldes, vormals K.K. privilegierte gr\u00e4flich Czernin\u2019sche Porzellanfabrik, Austria\/B\u00f6hmen, Gie\u00dfh\u00fcbel\/Kysibl, um 1910, Teller, K\u00fcnstler unbekannt, Werks.-Nr. 411, Exemplar Nr. ohne, gemarkt Firmenmarke Giesshuebl, 411 sowie XI gepresst, nicht signiert, Literatur: &hellip; <a href=\"http:\/\/museumek.eu\/?page_id=24968\">Weiterlesen <span class=\"meta-nav\">&rarr;<\/span><\/a><\/p>\n","protected":false},"author":1,"featured_media":0,"parent":24899,"menu_order":4,"comment_status":"closed","ping_status":"open","template":"","meta":[],"_links":{"self":[{"href":"http:\/\/museumek.eu\/index.php?rest_route=\/wp\/v2\/pages\/24968"}],"collection":[{"href":"http:\/\/museumek.eu\/index.php?rest_route=\/wp\/v2\/pages"}],"about":[{"href":"http:\/\/museumek.eu\/index.php?rest_route=\/wp\/v2\/types\/page"}],"author":[{"embeddable":true,"href":"http:\/\/museumek.eu\/index.php?rest_route=\/wp\/v2\/users\/1"}],"replies":[{"embeddable":true,"href":"http:\/\/museumek.eu\/index.php?rest_route=%2Fwp%2Fv2%2Fcomments&post=24968"}],"version-history":[{"count":4,"href":"http:\/\/museumek.eu\/index.php?rest_route=\/wp\/v2\/pages\/24968\/revisions"}],"predecessor-version":[{"id":24974,"href":"http:\/\/museumek.eu\/index.php?rest_route=\/wp\/v2\/pages\/24968\/revisions\/24974"}],"up":[{"embeddable":true,"href":"http:\/\/museumek.eu\/index.php?rest_route=\/wp\/v2\/pages\/24899"}],"wp:attachment":[{"href":"http:\/\/museumek.eu\/index.php?rest_route=%2Fwp%2Fv2%2Fmedia&parent=24968"}],"curies":[{"name":"wp","href":"https:\/\/api.w.org\/{rel}","templated":true}]}}