{"id":25182,"date":"2013-07-18T22:07:24","date_gmt":"2013-07-18T20:07:24","guid":{"rendered":"http:\/\/museumek.eu\/?page_id=25182"},"modified":"2013-07-18T22:08:37","modified_gmt":"2013-07-18T20:08:37","slug":"ruiii1","status":"publish","type":"page","link":"http:\/\/museumek.eu\/?page_id=25182","title":{"rendered":"Ru\/III\/1"},"content":{"rendered":"<p><strong>Abteilung Russland, Keramik 1860 \u2013 1960, Inventarnummer Ru\/III\/1<\/strong><\/p>\n<p>Ohne Zuordnung, Ru\u00dfland, St. Petersburg oder Moskau, Vase, um 1900, K\u00fcnstler L. Kurakschik (wobei das L. vermutlich f\u00fcr Ludmilla steht), Werks.-Nr. ohne, Exemplar Nr. ohne, gemarkt keine Fabrikmarke aber L. Kurakschik geritzt, signiert L. Kurakschik, H\u00f6he 33,5 cm, Breite 17 cm<\/p>\n<p><a href=\"http:\/\/museumek.eu\/?attachment_id=25183\" rel=\"attachment wp-att-25183\"><img loading=\"lazy\" src=\"http:\/\/museumek.eu\/wp-content\/uploads\/2013\/07\/Museum-Europ\u00e4ischer-Keramikkunst-4188-153x300.jpg\" alt=\"\" title=\"Museum Europ\u00e4ischer Keramikkunst 4188\" width=\"153\" height=\"300\" class=\"alignnone size-medium wp-image-25183\" srcset=\"http:\/\/museumek.eu\/wp-content\/uploads\/2013\/07\/Museum-Europ\u00e4ischer-Keramikkunst-4188-153x300.jpg 153w, http:\/\/museumek.eu\/wp-content\/uploads\/2013\/07\/Museum-Europ\u00e4ischer-Keramikkunst-4188-76x150.jpg 76w\" sizes=\"(max-width: 153px) 100vw, 153px\" \/><\/a><\/p>\n<p><a href=\"http:\/\/museumek.eu\/?attachment_id=25184\" rel=\"attachment wp-att-25184\"><img loading=\"lazy\" src=\"http:\/\/museumek.eu\/wp-content\/uploads\/2013\/07\/Museum-Europ\u00e4ischer-Keramikkunst-4192-203x300.jpg\" alt=\"\" title=\"Museum Europ\u00e4ischer Keramikkunst 4192\" width=\"203\" height=\"300\" class=\"alignnone size-medium wp-image-25184\" srcset=\"http:\/\/museumek.eu\/wp-content\/uploads\/2013\/07\/Museum-Europ\u00e4ischer-Keramikkunst-4192-203x300.jpg 203w, http:\/\/museumek.eu\/wp-content\/uploads\/2013\/07\/Museum-Europ\u00e4ischer-Keramikkunst-4192-101x150.jpg 101w, http:\/\/museumek.eu\/wp-content\/uploads\/2013\/07\/Museum-Europ\u00e4ischer-Keramikkunst-4192.jpg 696w\" sizes=\"(max-width: 203px) 100vw, 203px\" \/><\/a><\/p>\n<p><a href=\"http:\/\/museumek.eu\/?attachment_id=25190\" rel=\"attachment wp-att-25190\"><img loading=\"lazy\" src=\"http:\/\/museumek.eu\/wp-content\/uploads\/2013\/07\/Museum-Europ\u00e4ischer-Keramikkunst-41931-300x170.jpg\" alt=\"\" title=\"Museum Europ\u00e4ischer Keramikkunst 4193\" width=\"300\" height=\"170\" class=\"alignnone size-medium wp-image-25190\" srcset=\"http:\/\/museumek.eu\/wp-content\/uploads\/2013\/07\/Museum-Europ\u00e4ischer-Keramikkunst-41931-300x170.jpg 300w, http:\/\/museumek.eu\/wp-content\/uploads\/2013\/07\/Museum-Europ\u00e4ischer-Keramikkunst-41931-150x85.jpg 150w, http:\/\/museumek.eu\/wp-content\/uploads\/2013\/07\/Museum-Europ\u00e4ischer-Keramikkunst-41931-500x284.jpg 500w, http:\/\/museumek.eu\/wp-content\/uploads\/2013\/07\/Museum-Europ\u00e4ischer-Keramikkunst-41931.jpg 771w\" sizes=\"(max-width: 300px) 100vw, 300px\" \/><\/a><\/p>\n","protected":false},"excerpt":{"rendered":"<p>Abteilung Russland, Keramik 1860 \u2013 1960, Inventarnummer Ru\/III\/1 Ohne Zuordnung, Ru\u00dfland, St. Petersburg oder Moskau, Vase, um 1900, K\u00fcnstler L. Kurakschik (wobei das L. vermutlich f\u00fcr Ludmilla steht), Werks.-Nr. ohne, Exemplar Nr. ohne, gemarkt keine Fabrikmarke aber L. Kurakschik geritzt, &hellip; <a href=\"http:\/\/museumek.eu\/?page_id=25182\">Weiterlesen <span class=\"meta-nav\">&rarr;<\/span><\/a><\/p>\n","protected":false},"author":1,"featured_media":0,"parent":25179,"menu_order":1,"comment_status":"closed","ping_status":"open","template":"","meta":[],"_links":{"self":[{"href":"http:\/\/museumek.eu\/index.php?rest_route=\/wp\/v2\/pages\/25182"}],"collection":[{"href":"http:\/\/museumek.eu\/index.php?rest_route=\/wp\/v2\/pages"}],"about":[{"href":"http:\/\/museumek.eu\/index.php?rest_route=\/wp\/v2\/types\/page"}],"author":[{"embeddable":true,"href":"http:\/\/museumek.eu\/index.php?rest_route=\/wp\/v2\/users\/1"}],"replies":[{"embeddable":true,"href":"http:\/\/museumek.eu\/index.php?rest_route=%2Fwp%2Fv2%2Fcomments&post=25182"}],"version-history":[{"count":6,"href":"http:\/\/museumek.eu\/index.php?rest_route=\/wp\/v2\/pages\/25182\/revisions"}],"predecessor-version":[{"id":25192,"href":"http:\/\/museumek.eu\/index.php?rest_route=\/wp\/v2\/pages\/25182\/revisions\/25192"}],"up":[{"embeddable":true,"href":"http:\/\/museumek.eu\/index.php?rest_route=\/wp\/v2\/pages\/25179"}],"wp:attachment":[{"href":"http:\/\/museumek.eu\/index.php?rest_route=%2Fwp%2Fv2%2Fmedia&parent=25182"}],"curies":[{"name":"wp","href":"https:\/\/api.w.org\/{rel}","templated":true}]}}