{"id":25539,"date":"2013-07-25T20:13:47","date_gmt":"2013-07-25T18:13:47","guid":{"rendered":"http:\/\/museumek.eu\/?page_id=25539"},"modified":"2013-07-25T20:13:47","modified_gmt":"2013-07-25T18:13:47","slug":"dxli16","status":"publish","type":"page","link":"http:\/\/museumek.eu\/?page_id=25539","title":{"rendered":"D\/XLI\/16"},"content":{"rendered":"<p><strong>Abteilung Deutschland, Keramik 1860 \u2013 1960, Inventarnummer D\/XLI\/16<\/strong><\/p>\n<p>W\u00e4chtersbacher Steingutfabrik, Deutschland, Schlierbach, 1896, Teller, K\u00fcnstler unbekannt, Werks.-Nr. ohne, Exemplar Nr. ohne, gemarkt Firmenmarke mit Schildmarke, 000 (f\u00fcr die Gr\u00f6\u00dfe) sowie BNCE (in der Buchstabenfolge steckt sicher eine Datierung, die aber nicht aufzul\u00f6sen ist), gepresst, nicht signiert, ein weiterer Teller dieses Service siehe MEK D\/XLI\/15, Fahne regelm\u00e4\u00dfig durchbrochen sowie blau aufgelegtes Band mit Zacken, die Datierung wurde von den sehr \u00e4hnlichen Tellern des MEK Inventars D\/XLI\/11 bis MEK D\/XLI\/14 abgeleitet, das MEK nimmt keine Fabrikbeschreibung vor und verweist auf die unter MEK D\/XLI\/1 genannte Literatur, Durchmesser 15 cm<\/p>\n<p><a href=\"http:\/\/museumek.eu\/?attachment_id=25540\" rel=\"attachment wp-att-25540\"><img loading=\"lazy\" src=\"http:\/\/museumek.eu\/wp-content\/uploads\/2013\/07\/5056-300x280.jpg\" alt=\"\" title=\"5056\" width=\"300\" height=\"280\" class=\"alignnone size-medium wp-image-25540\" srcset=\"http:\/\/museumek.eu\/wp-content\/uploads\/2013\/07\/5056-300x280.jpg 300w, http:\/\/museumek.eu\/wp-content\/uploads\/2013\/07\/5056-150x140.jpg 150w, http:\/\/museumek.eu\/wp-content\/uploads\/2013\/07\/5056-320x300.jpg 320w, http:\/\/museumek.eu\/wp-content\/uploads\/2013\/07\/5056.jpg 598w\" sizes=\"(max-width: 300px) 100vw, 300px\" \/><\/a><\/p>\n<p><a href=\"http:\/\/museumek.eu\/?attachment_id=25541\" rel=\"attachment wp-att-25541\"><img loading=\"lazy\" src=\"http:\/\/museumek.eu\/wp-content\/uploads\/2013\/07\/5057-224x300.jpg\" alt=\"\" title=\"5057\" width=\"224\" height=\"300\" class=\"alignnone size-medium wp-image-25541\" srcset=\"http:\/\/museumek.eu\/wp-content\/uploads\/2013\/07\/5057-224x300.jpg 224w, http:\/\/museumek.eu\/wp-content\/uploads\/2013\/07\/5057-112x150.jpg 112w, http:\/\/museumek.eu\/wp-content\/uploads\/2013\/07\/5057.jpg 251w\" sizes=\"(max-width: 224px) 100vw, 224px\" \/><\/a><\/p>\n<p><a href=\"http:\/\/museumek.eu\/?attachment_id=25542\" rel=\"attachment wp-att-25542\"><img loading=\"lazy\" src=\"http:\/\/museumek.eu\/wp-content\/uploads\/2013\/07\/5058-242x300.jpg\" alt=\"\" title=\"5058\" width=\"242\" height=\"300\" class=\"alignnone size-medium wp-image-25542\" srcset=\"http:\/\/museumek.eu\/wp-content\/uploads\/2013\/07\/5058-242x300.jpg 242w, http:\/\/museumek.eu\/wp-content\/uploads\/2013\/07\/5058-121x150.jpg 121w, http:\/\/museumek.eu\/wp-content\/uploads\/2013\/07\/5058.jpg 290w\" sizes=\"(max-width: 242px) 100vw, 242px\" \/><\/a><\/p>\n","protected":false},"excerpt":{"rendered":"<p>Abteilung Deutschland, Keramik 1860 \u2013 1960, Inventarnummer D\/XLI\/16 W\u00e4chtersbacher Steingutfabrik, Deutschland, Schlierbach, 1896, Teller, K\u00fcnstler unbekannt, Werks.-Nr. ohne, Exemplar Nr. ohne, gemarkt Firmenmarke mit Schildmarke, 000 (f\u00fcr die Gr\u00f6\u00dfe) sowie BNCE (in der Buchstabenfolge steckt sicher eine Datierung, die aber &hellip; <a href=\"http:\/\/museumek.eu\/?page_id=25539\">Weiterlesen <span class=\"meta-nav\">&rarr;<\/span><\/a><\/p>\n","protected":false},"author":1,"featured_media":0,"parent":25480,"menu_order":16,"comment_status":"closed","ping_status":"open","template":"","meta":[],"_links":{"self":[{"href":"http:\/\/museumek.eu\/index.php?rest_route=\/wp\/v2\/pages\/25539"}],"collection":[{"href":"http:\/\/museumek.eu\/index.php?rest_route=\/wp\/v2\/pages"}],"about":[{"href":"http:\/\/museumek.eu\/index.php?rest_route=\/wp\/v2\/types\/page"}],"author":[{"embeddable":true,"href":"http:\/\/museumek.eu\/index.php?rest_route=\/wp\/v2\/users\/1"}],"replies":[{"embeddable":true,"href":"http:\/\/museumek.eu\/index.php?rest_route=%2Fwp%2Fv2%2Fcomments&post=25539"}],"version-history":[{"count":4,"href":"http:\/\/museumek.eu\/index.php?rest_route=\/wp\/v2\/pages\/25539\/revisions"}],"predecessor-version":[{"id":25546,"href":"http:\/\/museumek.eu\/index.php?rest_route=\/wp\/v2\/pages\/25539\/revisions\/25546"}],"up":[{"embeddable":true,"href":"http:\/\/museumek.eu\/index.php?rest_route=\/wp\/v2\/pages\/25480"}],"wp:attachment":[{"href":"http:\/\/museumek.eu\/index.php?rest_route=%2Fwp%2Fv2%2Fmedia&parent=25539"}],"curies":[{"name":"wp","href":"https:\/\/api.w.org\/{rel}","templated":true}]}}