{"id":27138,"date":"2014-02-14T20:21:51","date_gmt":"2014-02-14T19:21:51","guid":{"rendered":"http:\/\/museumek.eu\/?page_id=27138"},"modified":"2014-05-08T23:30:01","modified_gmt":"2014-05-08T21:30:01","slug":"ai114","status":"publish","type":"page","link":"http:\/\/museumek.eu\/?page_id=27138","title":{"rendered":"A\/I\/114"},"content":{"rendered":"<p><strong>Abteilung Austria\/Ungarn\/B\u00f6hmen, Keramik 1860 &#8211; 1960, Inventarnummer A\/I\/114<\/strong><\/p>\n<p>Friedrich Goldscheider Erste Wiener Terrakottafabrik, Austria, Wien, ca. 1899, B\u00fcste Le Defi (die Herausforderung), K\u00fcnstler Jean Barnab\u00e9 Amy, Werks.-Nr. 1884, Exemplar Nr. 302, Modelleur Nr. 19, gemarkt Firmenmarke als Sculpture Marke aufgelegt oder mit gegossen, Reproduction Reservee, 1884, 302 sowie 19 alles gepresst, Amy geritzt, signiert Amy, Literatur: Robert E. Dechant\/Filipp Goldscheider, Goldscheider Firmengeschichte und Werkverzeichnis, Seite 336, dort noch unvollst\u00e4ndig sowie ohne Foto erfasst (weltweit kein Exemplar nachweisbar) sowie Seite 604, Firmenmarke Nr. GS 13 (f\u00fcr die Zeit 1900 \u2013 1920) identisch, weitere Literatur: Rosa Neuwirth, Wiener Keramik, Seite 59, dort gelistet: Jean Barnab\u00e9 Amy, Goldscheider Modell: B\u00fcste Defi, die Urspr\u00fcnge der Firma gehen zur\u00fcck auf das Pilsener Handelsunternehmen Moritz Goldscheider der 1860\u2018 Jahre, nach dem Tode von Moritz Goldscheider werden die Br\u00fcder Eduard und Friedrich Goldscheider Eigent\u00fcmer und firmieren ab 1877 als M. Goldscheider\u2019s Erben, Thon-und Kunststeinmanufactur Werk Moldau und ab 1878 als Br\u00fcder Goldscheider, im Jahre 1878 wandert Friedrich Goldscheider nach Wien aus und Eduard f\u00fchrt die Firma in Pilsen bis zum Konkurs 1892 allein weiter, Friedrich Goldscheider firmiert in Wien ab 1880 als Goldscheider\u2019sche Porzellan-Manufaktur und Porzellanmalerei, neben Handelsgesch\u00e4ften betreibt die Firma vorwiegend die Porzellanmalerei, das Porzellan wird von b\u00f6hmischen Manufakturen bezogen und teilweise auch in B\u00f6hmen bemalt, ab 1885 \u00e4ndert sich die Firmierung in Goldscheider\u2019sche Porzellan-Manufaktur und Majolicafabrik, das Jahr 1885 gilt als das offizielle Gr\u00fcndungsjahr, ab 1887 bezeichnet Friedrich Goldscheider seine Fabrik als Erste Wiener Terracotta- und Majolika-Fabrik Friedrich Goldscheider oder als Erste Wiener Kunst-Terracotta-Fabrik und kunstgewerbliche Ateliers Friedrich Goldscheider und offiziell ab 1894 als Friedrich Goldscheider Erste Wiener Terrakottafabrik, Friedrich Goldscheider stirbt im Jahre 1897, seine Ehefrau Regine Goldscheider wird Alleineigent\u00fcmer und firmiert ab 1899 als Friedrich Goldscheider in Wien, Berlin und Leipzig, ab 1907 firmiert die Firma als Erste Wiener Terrakottafabrik und Atelier f\u00fcr k\u00fcnstlerische Fayencen Friedrich Goldscheider, im Jahre 1918 stirbt Regine und die S\u00f6hne Walter und Marcell Goldscheider werden Inhaber, ab 1921 \u00e4ndert sich die Firmierung in Wiener Manufaktur Friedrich Goldscheider, 1928 scheidet Marcell Goldscheider aus und gr\u00fcndet seine eigene Firma in Wien, 1939 wird die Firma arisiert und Josef Schuster wird Inhaber, Firmierung ab 1939, Wiener Manufaktur Friedrich Goldscheider Nachf., Inhaber Josef Schuster, ab 1941 lautet die Firmierung Wiener Manufaktur Josef Schuster, vorm. Friedrich Goldscheider, nach dem WK II erh\u00e4lt Friedrich Goldscheider seine Firma zur\u00fcck und firmiert ab 1950 wieder als Wiener Manufaktur Friedrich Goldscheider, in dieser Zeit verkauft er die Firma an die Majolikafabrik Carstens, in Fredelsloh, die in Fredelsloh Wiederauflagen alter Modelle in minderwertigem braunem Ton aber auch neue Modelle ebenfalls in dieser Tonart produziert, ab 1953 firmiert die Firma als Kunstkeramische Manufaktur Goldscheider GmbH und 1960 wird die Produktion in Fredelsloh eingestellt, die Datierung, ca. 1899, wurde vom Werkverzeichnis \u00fcbernommen, es besteht insofern kein Widerspruch zur Datierung der Sculpture Firmenmarke, da diese bereits vor 1900 in Frankreich von Goldscheider verwendet worden ist und das MEK Exemplar mit hoher Wahrscheinlichkeit in Paris produziert worden ist, <strong>das MEK Exemplar dieser B\u00fcste ist eines der Wenigen, wenn nicht das Letzte weltweit erhalten gebliebene Exemplar, insbesondere mit der Signatur Amy<\/strong>, H\u00f6he 34 cm, Breite 27 cm<\/p>\n<p><a href=\"http:\/\/museumek.eu\/?attachment_id=27139\" rel=\"attachment wp-att-27139\"><img loading=\"lazy\" src=\"http:\/\/museumek.eu\/wp-content\/uploads\/2014\/02\/102-208x300.jpg\" alt=\"\" title=\"102\" width=\"208\" height=\"300\" class=\"alignnone size-medium wp-image-27139\" srcset=\"http:\/\/museumek.eu\/wp-content\/uploads\/2014\/02\/102-208x300.jpg 208w, http:\/\/museumek.eu\/wp-content\/uploads\/2014\/02\/102-104x150.jpg 104w, http:\/\/museumek.eu\/wp-content\/uploads\/2014\/02\/102.jpg 518w\" sizes=\"(max-width: 208px) 100vw, 208px\" \/><\/a><\/p>\n<p><a href=\"http:\/\/museumek.eu\/?attachment_id=27145\" rel=\"attachment wp-att-27145\"><img loading=\"lazy\" src=\"http:\/\/museumek.eu\/wp-content\/uploads\/2014\/02\/1031-225x300.jpg\" alt=\"\" title=\"103\" width=\"225\" height=\"300\" class=\"alignnone size-medium wp-image-27145\" srcset=\"http:\/\/museumek.eu\/wp-content\/uploads\/2014\/02\/1031-225x300.jpg 225w, http:\/\/museumek.eu\/wp-content\/uploads\/2014\/02\/1031-112x150.jpg 112w, http:\/\/museumek.eu\/wp-content\/uploads\/2014\/02\/1031.jpg 600w\" sizes=\"(max-width: 225px) 100vw, 225px\" \/><\/a><\/p>\n<p><a href=\"http:\/\/museumek.eu\/?attachment_id=27146\" rel=\"attachment wp-att-27146\"><img loading=\"lazy\" src=\"http:\/\/museumek.eu\/wp-content\/uploads\/2014\/02\/105-227x300.jpg\" alt=\"\" title=\"105\" width=\"227\" height=\"300\" class=\"alignnone size-medium wp-image-27146\" srcset=\"http:\/\/museumek.eu\/wp-content\/uploads\/2014\/02\/105-227x300.jpg 227w, http:\/\/museumek.eu\/wp-content\/uploads\/2014\/02\/105-113x150.jpg 113w, http:\/\/museumek.eu\/wp-content\/uploads\/2014\/02\/105.jpg 558w\" sizes=\"(max-width: 227px) 100vw, 227px\" \/><\/a><\/p>\n<p><a href=\"http:\/\/museumek.eu\/?attachment_id=27149\" rel=\"attachment wp-att-27149\"><img loading=\"lazy\" src=\"http:\/\/museumek.eu\/wp-content\/uploads\/2014\/02\/106-208x300.jpg\" alt=\"\" title=\"106\" width=\"208\" height=\"300\" class=\"alignnone size-medium wp-image-27149\" srcset=\"http:\/\/museumek.eu\/wp-content\/uploads\/2014\/02\/106-208x300.jpg 208w, http:\/\/museumek.eu\/wp-content\/uploads\/2014\/02\/106-104x150.jpg 104w, http:\/\/museumek.eu\/wp-content\/uploads\/2014\/02\/106.jpg 453w\" sizes=\"(max-width: 208px) 100vw, 208px\" \/><\/a><\/p>\n<p><a href=\"http:\/\/museumek.eu\/?attachment_id=27150\" rel=\"attachment wp-att-27150\"><img loading=\"lazy\" src=\"http:\/\/museumek.eu\/wp-content\/uploads\/2014\/02\/104-300x210.jpg\" alt=\"\" title=\"104\" width=\"300\" height=\"210\" class=\"alignnone size-medium wp-image-27150\" srcset=\"http:\/\/museumek.eu\/wp-content\/uploads\/2014\/02\/104-300x210.jpg 300w, http:\/\/museumek.eu\/wp-content\/uploads\/2014\/02\/104-150x105.jpg 150w, http:\/\/museumek.eu\/wp-content\/uploads\/2014\/02\/104-426x300.jpg 426w, http:\/\/museumek.eu\/wp-content\/uploads\/2014\/02\/104.jpg 747w\" sizes=\"(max-width: 300px) 100vw, 300px\" \/><\/a><\/p>\n<p><a href=\"http:\/\/museumek.eu\/?attachment_id=27151\" rel=\"attachment wp-att-27151\"><img loading=\"lazy\" src=\"http:\/\/museumek.eu\/wp-content\/uploads\/2014\/02\/107-300x206.jpg\" alt=\"\" title=\"107\" width=\"300\" height=\"206\" class=\"alignnone size-medium wp-image-27151\" srcset=\"http:\/\/museumek.eu\/wp-content\/uploads\/2014\/02\/107-300x206.jpg 300w, http:\/\/museumek.eu\/wp-content\/uploads\/2014\/02\/107-150x103.jpg 150w, http:\/\/museumek.eu\/wp-content\/uploads\/2014\/02\/107.jpg 355w\" sizes=\"(max-width: 300px) 100vw, 300px\" \/><\/a><\/p>\n<p><a href=\"http:\/\/museumek.eu\/?attachment_id=27152\" rel=\"attachment wp-att-27152\"><img loading=\"lazy\" src=\"http:\/\/museumek.eu\/wp-content\/uploads\/2014\/02\/108-133x300.jpg\" alt=\"\" title=\"108\" width=\"133\" height=\"300\" class=\"alignnone size-medium wp-image-27152\" srcset=\"http:\/\/museumek.eu\/wp-content\/uploads\/2014\/02\/108-133x300.jpg 133w, http:\/\/museumek.eu\/wp-content\/uploads\/2014\/02\/108-66x150.jpg 66w\" sizes=\"(max-width: 133px) 100vw, 133px\" \/><\/a><\/p>\n<p><a href=\"http:\/\/museumek.eu\/?attachment_id=27153\" rel=\"attachment wp-att-27153\"><img loading=\"lazy\" src=\"http:\/\/museumek.eu\/wp-content\/uploads\/2014\/02\/109-300x227.jpg\" alt=\"\" title=\"109\" width=\"300\" height=\"227\" class=\"alignnone size-medium wp-image-27153\" srcset=\"http:\/\/museumek.eu\/wp-content\/uploads\/2014\/02\/109-300x227.jpg 300w, http:\/\/museumek.eu\/wp-content\/uploads\/2014\/02\/109-150x113.jpg 150w, http:\/\/museumek.eu\/wp-content\/uploads\/2014\/02\/109-395x300.jpg 395w, http:\/\/museumek.eu\/wp-content\/uploads\/2014\/02\/109.jpg 773w\" sizes=\"(max-width: 300px) 100vw, 300px\" \/><\/a><\/p>\n","protected":false},"excerpt":{"rendered":"<p>Abteilung Austria\/Ungarn\/B\u00f6hmen, Keramik 1860 &#8211; 1960, Inventarnummer A\/I\/114 Friedrich Goldscheider Erste Wiener Terrakottafabrik, Austria, Wien, ca. 1899, B\u00fcste Le Defi (die Herausforderung), K\u00fcnstler Jean Barnab\u00e9 Amy, Werks.-Nr. 1884, Exemplar Nr. 302, Modelleur Nr. 19, gemarkt Firmenmarke als Sculpture Marke aufgelegt &hellip; <a href=\"http:\/\/museumek.eu\/?page_id=27138\">Weiterlesen <span class=\"meta-nav\">&rarr;<\/span><\/a><\/p>\n","protected":false},"author":1,"featured_media":0,"parent":26798,"menu_order":114,"comment_status":"closed","ping_status":"closed","template":"","meta":[],"_links":{"self":[{"href":"http:\/\/museumek.eu\/index.php?rest_route=\/wp\/v2\/pages\/27138"}],"collection":[{"href":"http:\/\/museumek.eu\/index.php?rest_route=\/wp\/v2\/pages"}],"about":[{"href":"http:\/\/museumek.eu\/index.php?rest_route=\/wp\/v2\/types\/page"}],"author":[{"embeddable":true,"href":"http:\/\/museumek.eu\/index.php?rest_route=\/wp\/v2\/users\/1"}],"replies":[{"embeddable":true,"href":"http:\/\/museumek.eu\/index.php?rest_route=%2Fwp%2Fv2%2Fcomments&post=27138"}],"version-history":[{"count":10,"href":"http:\/\/museumek.eu\/index.php?rest_route=\/wp\/v2\/pages\/27138\/revisions"}],"predecessor-version":[{"id":30281,"href":"http:\/\/museumek.eu\/index.php?rest_route=\/wp\/v2\/pages\/27138\/revisions\/30281"}],"up":[{"embeddable":true,"href":"http:\/\/museumek.eu\/index.php?rest_route=\/wp\/v2\/pages\/26798"}],"wp:attachment":[{"href":"http:\/\/museumek.eu\/index.php?rest_route=%2Fwp%2Fv2%2Fmedia&parent=27138"}],"curies":[{"name":"wp","href":"https:\/\/api.w.org\/{rel}","templated":true}]}}