{"id":27332,"date":"2014-02-17T19:51:37","date_gmt":"2014-02-17T18:51:37","guid":{"rendered":"http:\/\/museumek.eu\/?page_id=27332"},"modified":"2014-03-17T19:42:09","modified_gmt":"2014-03-17T18:42:09","slug":"kurzbiografie-und-inventar-zum-kunstler","status":"publish","type":"page","link":"http:\/\/museumek.eu\/?page_id=27332","title":{"rendered":"Kurzbiografie und Inventar zum K\u00fcnstler"},"content":{"rendered":"<p>Robert Ullmann wurde am 18.07.1903 in M\u00f6nchengladbach geboren. Er starb am 19.03.1966 in Wien. Von 1911 bis 1917 studierte er an der Jugendschule in Wien bei F. Cizek. Von 1919 bis 1922 studierte er an der Wiener Akademie bei J. M\u00fcllner. Ullmann erhielt zahlreiche Preise und Auszeichnungen und schuf unter anderem Modelle f\u00fcr die Wiener Porzellanmanufaktur Augarten sowie f\u00fcr Goldscheider.<\/p>\n<p><strong>Abteilung Austria\/Ungarn\/B\u00f6hmen, Keramik 1860 &#8211; 1960, Inventarnummer A\/I\/116<\/strong><\/p>\n<p>Wiener Manufaktur Friedrich Goldscheider, Austria, Wien, ca. 1934\/1935, Figur Windhund (liegender Barsoi), K\u00fcnstler Robert Ullmann, Werks.-Nr. 7972\/Exemplar Nr. 17\/Modelleur Nr. 66, gemarkt Firmenmarke mit Goldscheider Wien, GWM (Wiener Manufaktur Goldscheider), Made in Austria sowie Hand-Decorated blaue Stempel, 7972, 17, sowie 66 gepresst, W schwarz gemalt, silberner Aufkleber mit Firmenmarke sowie silberner Aufkleber AB Ake Blomquist (die Figur war wohl eine Bestellung des Kunsthandels- und Auktionshauses Blomquist), nicht signiert, Literatur: Robert E. Dechant\/Filipp Goldscheider, Firmengeschichte und Werkverzeichnis, Seite 479, dort als 7972 BF erfasst, Seite 604, Firmenmarke GS 19 (f\u00fcr die Zeit 1922 \u2013 1941) identisch sowie Seite 606, Firmenmarkenzusatzzeichen GS Z 16 identisch, die Urspr\u00fcnge der Firma gehen zur\u00fcck auf das Pilsener Handelsunternehmen Moritz Goldscheider der 1860\u2018 Jahre, nach dem Tode von Moritz Goldscheider werden die Br\u00fcder Eduard und Friedrich Goldscheider Eigent\u00fcmer und firmieren ab 1877 als M. Goldscheider\u2019s Erben, Thon-und Kunststeinmanufactur Werk Moldau und ab 1878 als Br\u00fcder Goldscheider, im Jahre 1878 wandert Friedrich Goldscheider nach Wien aus und Eduard f\u00fchrt die Firma in Pilsen bis zum Konkurs 1892 allein weiter, Friedrich Goldscheider firmiert in Wien ab 1880 als Goldscheider\u2019sche Porzellan-Manufaktur und Porzellanmalerei, neben Handelsgesch\u00e4ften betreibt die Firma vorwiegend die Porzellanmalerei, das Porzellan wird von b\u00f6hmischen Manufakturen bezogen und teilweise auch in B\u00f6hmen bemalt, ab 1885 \u00e4ndert sich die Firmierung in Goldscheider\u2019sche Porzellan-Manufaktur und Majolicafabrik, das Jahr 1885 gilt als das offizielle Gr\u00fcndungsjahr, ab 1887 bezeichnet Friedrich Goldscheider seine Fabrik als Erste Wiener Terracotta- und Majolika-Fabrik Friedrich Goldscheider oder als Erste Wiener Kunst-Terracotta-Fabrik und kunstgewerbliche Ateliers Friedrich Goldscheider und offiziell ab 1894 als Friedrich Goldscheider Erste Wiener Terrakottafabrik, Friedrich Goldscheider stirbt im Jahre 1897, seine Ehefrau Regine Goldscheider wird Alleineigent\u00fcmer und firmiert ab 1899 als Friedrich Goldscheider in Wien, Berlin und Leipzig, ab 1907 firmiert die Firma als Erste Wiener Terrakottafabrik und Atelier f\u00fcr k\u00fcnstlerische Fayencen Friedrich Goldscheider, im Jahre 1918 stirbt Regine und die S\u00f6hne Walter und Marcell Goldscheider werden Inhaber, ab 1921 \u00e4ndert sich die Firmierung in Wiener Manufaktur Friedrich Goldscheider, 1928 scheidet Marcell Goldscheider aus und gr\u00fcndet seine eigene Firma in Wien, 1939 wird die Firma arisiert und Josef Schuster wird Inhaber, Firmierung ab 1939, Wiener Manufaktur Friedrich Goldscheider Nachf., Inhaber Josef Schuster, ab 1941 lautet die Firmierung Wiener Manufaktur Josef Schuster, vorm. Friedrich Goldscheider, nach dem WK II erh\u00e4lt Friedrich Goldscheider seine Firma zur\u00fcck und firmiert ab 1950 wieder als Wiener Manufaktur Friedrich Goldscheider, in dieser Zeit verkauft er die Firma an die Majolikafabrik Carstens, in Fredelsloh, die in Fredelsloh Wiederauflagen alter Modelle in minderwertigem braunem Ton aber auch neue Modelle ebenfalls in dieser Tonart produziert, ab 1953 firmiert die Firma als Kunstkeramische Manufaktur Goldscheider GmbH und 1960 wird die Produktion in Fredelsloh eingestellt, evtl. handelt es sich um eine Ausf\u00fchrung um 1950, die Figur wurde auch als Bestandteil, Gruppe mit zwei Barsoi, ausgef\u00fchrt, <strong>das MEK Exemplar dieser Figur ist eines der Wenigen erhalten gebliebene Exemplare, nach den Ausf\u00fchrungen von Dechant\/Goldscheider befindet sich ein weiteres Exemplar im Museum der angewandten Kunst in Wien (MAK), Inv. Nr. Ke 10602-21<\/strong>,<br \/>\nH\u00f6he 10 cm, Breite 23,5 cm<\/p>\n<p><a href=\"http:\/\/museumek.eu\/?attachment_id=27317\" rel=\"attachment wp-att-27317\"><img loading=\"lazy\" src=\"http:\/\/museumek.eu\/wp-content\/uploads\/2014\/02\/118-300x244.jpg\" alt=\"\" title=\"118\" width=\"300\" height=\"244\" class=\"alignnone size-medium wp-image-27317\" srcset=\"http:\/\/museumek.eu\/wp-content\/uploads\/2014\/02\/118-300x244.jpg 300w, http:\/\/museumek.eu\/wp-content\/uploads\/2014\/02\/118-150x122.jpg 150w, http:\/\/museumek.eu\/wp-content\/uploads\/2014\/02\/118-368x300.jpg 368w, http:\/\/museumek.eu\/wp-content\/uploads\/2014\/02\/118.jpg 659w\" sizes=\"(max-width: 300px) 100vw, 300px\" \/><\/a><\/p>\n<p><a href=\"http:\/\/museumek.eu\/?attachment_id=27318\" rel=\"attachment wp-att-27318\"><img loading=\"lazy\" src=\"http:\/\/museumek.eu\/wp-content\/uploads\/2014\/02\/120-300x226.jpg\" alt=\"\" title=\"120\" width=\"300\" height=\"226\" class=\"alignnone size-medium wp-image-27318\" srcset=\"http:\/\/museumek.eu\/wp-content\/uploads\/2014\/02\/120-300x226.jpg 300w, http:\/\/museumek.eu\/wp-content\/uploads\/2014\/02\/120-150x113.jpg 150w, http:\/\/museumek.eu\/wp-content\/uploads\/2014\/02\/120-396x300.jpg 396w, http:\/\/museumek.eu\/wp-content\/uploads\/2014\/02\/120.jpg 563w\" sizes=\"(max-width: 300px) 100vw, 300px\" \/><\/a><\/p>\n<p><a href=\"http:\/\/museumek.eu\/?attachment_id=27319\" rel=\"attachment wp-att-27319\"><img loading=\"lazy\" src=\"http:\/\/museumek.eu\/wp-content\/uploads\/2014\/02\/119-300x212.jpg\" alt=\"\" title=\"119\" width=\"300\" height=\"212\" class=\"alignnone size-medium wp-image-27319\" srcset=\"http:\/\/museumek.eu\/wp-content\/uploads\/2014\/02\/119-300x212.jpg 300w, http:\/\/museumek.eu\/wp-content\/uploads\/2014\/02\/119-150x106.jpg 150w, http:\/\/museumek.eu\/wp-content\/uploads\/2014\/02\/119.jpg 344w\" sizes=\"(max-width: 300px) 100vw, 300px\" \/><\/a><\/p>\n<p><a href=\"http:\/\/museumek.eu\/?attachment_id=27320\" rel=\"attachment wp-att-27320\"><img loading=\"lazy\" src=\"http:\/\/museumek.eu\/wp-content\/uploads\/2014\/02\/121-300x127.jpg\" alt=\"\" title=\"121\" width=\"300\" height=\"127\" class=\"alignnone size-medium wp-image-27320\" srcset=\"http:\/\/museumek.eu\/wp-content\/uploads\/2014\/02\/121-300x127.jpg 300w, http:\/\/museumek.eu\/wp-content\/uploads\/2014\/02\/121-150x63.jpg 150w, http:\/\/museumek.eu\/wp-content\/uploads\/2014\/02\/121-500x212.jpg 500w, http:\/\/museumek.eu\/wp-content\/uploads\/2014\/02\/121.jpg 520w\" sizes=\"(max-width: 300px) 100vw, 300px\" \/><\/a><\/p>\n<p><a href=\"http:\/\/museumek.eu\/?attachment_id=27321\" rel=\"attachment wp-att-27321\"><img loading=\"lazy\" src=\"http:\/\/museumek.eu\/wp-content\/uploads\/2014\/02\/122-269x300.jpg\" alt=\"\" title=\"122\" width=\"269\" height=\"300\" class=\"alignnone size-medium wp-image-27321\" srcset=\"http:\/\/museumek.eu\/wp-content\/uploads\/2014\/02\/122-269x300.jpg 269w, http:\/\/museumek.eu\/wp-content\/uploads\/2014\/02\/122-134x150.jpg 134w, http:\/\/museumek.eu\/wp-content\/uploads\/2014\/02\/122.jpg 383w\" sizes=\"(max-width: 269px) 100vw, 269px\" \/><\/a><\/p>\n","protected":false},"excerpt":{"rendered":"<p>Robert Ullmann wurde am 18.07.1903 in M\u00f6nchengladbach geboren. Er starb am 19.03.1966 in Wien. Von 1911 bis 1917 studierte er an der Jugendschule in Wien bei F. Cizek. Von 1919 bis 1922 studierte er an der Wiener Akademie bei J. &hellip; <a href=\"http:\/\/museumek.eu\/?page_id=27332\">Weiterlesen <span class=\"meta-nav\">&rarr;<\/span><\/a><\/p>\n","protected":false},"author":1,"featured_media":0,"parent":27329,"menu_order":1,"comment_status":"closed","ping_status":"open","template":"","meta":[],"_links":{"self":[{"href":"http:\/\/museumek.eu\/index.php?rest_route=\/wp\/v2\/pages\/27332"}],"collection":[{"href":"http:\/\/museumek.eu\/index.php?rest_route=\/wp\/v2\/pages"}],"about":[{"href":"http:\/\/museumek.eu\/index.php?rest_route=\/wp\/v2\/types\/page"}],"author":[{"embeddable":true,"href":"http:\/\/museumek.eu\/index.php?rest_route=\/wp\/v2\/users\/1"}],"replies":[{"embeddable":true,"href":"http:\/\/museumek.eu\/index.php?rest_route=%2Fwp%2Fv2%2Fcomments&post=27332"}],"version-history":[{"count":11,"href":"http:\/\/museumek.eu\/index.php?rest_route=\/wp\/v2\/pages\/27332\/revisions"}],"predecessor-version":[{"id":28231,"href":"http:\/\/museumek.eu\/index.php?rest_route=\/wp\/v2\/pages\/27332\/revisions\/28231"}],"up":[{"embeddable":true,"href":"http:\/\/museumek.eu\/index.php?rest_route=\/wp\/v2\/pages\/27329"}],"wp:attachment":[{"href":"http:\/\/museumek.eu\/index.php?rest_route=%2Fwp%2Fv2%2Fmedia&parent=27332"}],"curies":[{"name":"wp","href":"https:\/\/api.w.org\/{rel}","templated":true}]}}