{"id":28325,"date":"2014-03-20T22:47:54","date_gmt":"2014-03-20T21:47:54","guid":{"rendered":"http:\/\/museumek.eu\/?page_id=28325"},"modified":"2015-02-07T19:18:39","modified_gmt":"2015-02-07T18:18:39","slug":"dxxxvii9","status":"publish","type":"page","link":"http:\/\/museumek.eu\/?page_id=28325","title":{"rendered":"D\/XXXVII\/9"},"content":{"rendered":"<p><strong>Abteilung Deutschland, Keramik 1860 \u2013 1960, Inventarnummer D\/XXXVII\/9<\/strong><\/p>\n<p>Thonwaaren \u2013 Fabrik Marzi &#038; Remy, Deutschland, H\u00f6hr, um 1902, Seidel, K\u00fcnstler Peter Behrens, Werks.-Nr. 1664, Exemplar Nr. ohne, gemarkt keine Firmenmarke aber GESETZL. GESCH\u00dcTZT, 1664, 1 3 (die 3 auf dem Kopf stehend ?) sowie 0,5 L \u00fcber Eichstrich gepresst, 17 (?) geritzt, nicht signiert, Literatur: J\u00fcrgen Erlebach, J\u00fcrgen Schimanski, Westerw\u00e4lder Steinzeug, Die Neue \u00c4ra 1900 \u2013 1930, Jugendstil und Werkbund, Seite 72, Marke Nr. 16 identisch, weitere Literatur: J\u00fcrgen Schimanski, Braun geflammt und grau gesalzen, Seite 52, Abbildung 30 b, identischer Seidel, sowie Verweis auf Lit.-Quelle Venzmer, Bestandskatalog Landesmuseum Mainz, allerdings wurde die falsche Seite und die falsche Abbildungsnummer beschrieben (siehe richtige Ausf\u00fchrung weiter hinten) sowie Seite 203, Beschreibung der Fabrik, Beschreibung der zeitlichen Zuordnung, Modellnummern 1600\/1700 um 1905 sowie Marke Nr. 16 identisch, au\u00dferdem dort beschrieben, dass eine eigene Firmenmarke erst Anfang der 1920\u2018 Jahre eingef\u00fchrt worden ist und dass Erzeugnisse der fr\u00fcheren Jahre oft mit dem Schriftzug \u201eGesetzl. Gesch\u00fctzt\u201c gemarkt sind, diese Beschreibung stellt das MEK bez\u00fcglich der Fabrikmarke in Frage, da unter http:\/\/www.steinmarks.co.uk\/pages\/pv.asp?p=stein164, verschiedene Fabrikmarken mit fr\u00fchen Werksnummern aus dem 1900 Jahrhundert abgebildet sind, eine Fabrikmarke sogar mit dem Zusatz Gesetzl. Gesch\u00fctzt, weitere Literatur: Wolfgang Venzmer, Jugendstil im Landesmuseum Mainz, Seiten 346 sowie 347, Abbildung 451, identischer Seidel, Inv. Nr. 89\/68 sowie Beschreibung der Zuordnung zu Peter Behrens auf Grund der unverwechselbaren \u201eBehrens\u201c Schrift, laut Auskunft F. Hassmann, M\u00fcnchen, die Fabrik wurde 1879 von Anton Marzi und seinem Schwager Simon Peter Remy in H\u00f6hr gegr\u00fcndet und firmierte als Thonwaaren \u2013 Fabrik Marzi &#038; Remy, ab 1881 wurde eine eigene Zinngie\u00dferei angeschafft und ab 1883 neben dem grau \u2013 blau salzglasiertem Steinzeug auch Elfenbeinsteinzeug produziert, Simon Peter Remy verstarb 1919 und sein Sohn Werner Remy trat in die Fabrik ein, 1924 verstarb Anton Marzi und sein Schwiegersohn Johann Otto B\u00fchler trat in die Fabrik ein, Werner Remy verlie\u00df 1931 die Fabrik, 1941 trat Johann Otto B\u00fchlers Sohn Otto B\u00fchler in die Fabrik ein und 1953 dessen Sohn Otto Georg B\u00fchler, die Fabrik war bis zum Konkurs in den 1990\u2018 Jahren immer in Familienbesitz, Ausf\u00fchrung als Steinzeug grau \u2013 blau glasiert,<br \/>\nH\u00f6he 14 cm, Breite 12 cm (nur die Keramik)<\/p>\n<p><a href=\"http:\/\/museumek.eu\/?attachment_id=28326\" rel=\"attachment wp-att-28326\"><img loading=\"lazy\" src=\"http:\/\/museumek.eu\/wp-content\/uploads\/2014\/03\/221-150x300.jpg\" alt=\"\" title=\"221\" width=\"150\" height=\"300\" class=\"alignnone size-medium wp-image-28326\" srcset=\"http:\/\/museumek.eu\/wp-content\/uploads\/2014\/03\/221-150x300.jpg 150w, http:\/\/museumek.eu\/wp-content\/uploads\/2014\/03\/221-75x150.jpg 75w\" sizes=\"(max-width: 150px) 100vw, 150px\" \/><\/a><\/p>\n<p><a href=\"http:\/\/museumek.eu\/?attachment_id=28327\" rel=\"attachment wp-att-28327\"><img loading=\"lazy\" src=\"http:\/\/museumek.eu\/wp-content\/uploads\/2014\/03\/222-173x300.jpg\" alt=\"\" title=\"222\" width=\"173\" height=\"300\" class=\"alignnone size-medium wp-image-28327\" srcset=\"http:\/\/museumek.eu\/wp-content\/uploads\/2014\/03\/222-173x300.jpg 173w, http:\/\/museumek.eu\/wp-content\/uploads\/2014\/03\/222-86x150.jpg 86w, http:\/\/museumek.eu\/wp-content\/uploads\/2014\/03\/222.jpg 412w\" sizes=\"(max-width: 173px) 100vw, 173px\" \/><\/a><\/p>\n<p><a href=\"http:\/\/museumek.eu\/?attachment_id=28328\" rel=\"attachment wp-att-28328\"><img loading=\"lazy\" src=\"http:\/\/museumek.eu\/wp-content\/uploads\/2014\/03\/223-171x300.jpg\" alt=\"\" title=\"223\" width=\"171\" height=\"300\" class=\"alignnone size-medium wp-image-28328\" srcset=\"http:\/\/museumek.eu\/wp-content\/uploads\/2014\/03\/223-171x300.jpg 171w, http:\/\/museumek.eu\/wp-content\/uploads\/2014\/03\/223-85x150.jpg 85w, http:\/\/museumek.eu\/wp-content\/uploads\/2014\/03\/223.jpg 421w\" sizes=\"(max-width: 171px) 100vw, 171px\" \/><\/a><\/p>\n<p><a href=\"http:\/\/museumek.eu\/?attachment_id=28329\" rel=\"attachment wp-att-28329\"><img loading=\"lazy\" src=\"http:\/\/museumek.eu\/wp-content\/uploads\/2014\/03\/224-300x283.jpg\" alt=\"\" title=\"224\" width=\"300\" height=\"283\" class=\"alignnone size-medium wp-image-28329\" srcset=\"http:\/\/museumek.eu\/wp-content\/uploads\/2014\/03\/224-300x283.jpg 300w, http:\/\/museumek.eu\/wp-content\/uploads\/2014\/03\/224-150x141.jpg 150w, http:\/\/museumek.eu\/wp-content\/uploads\/2014\/03\/224-317x300.jpg 317w, http:\/\/museumek.eu\/wp-content\/uploads\/2014\/03\/224.jpg 418w\" sizes=\"(max-width: 300px) 100vw, 300px\" \/><\/a><\/p>\n<p><a href=\"http:\/\/museumek.eu\/?attachment_id=28330\" rel=\"attachment wp-att-28330\"><img loading=\"lazy\" src=\"http:\/\/museumek.eu\/wp-content\/uploads\/2014\/03\/225-300x159.jpg\" alt=\"\" title=\"225\" width=\"300\" height=\"159\" class=\"alignnone size-medium wp-image-28330\" srcset=\"http:\/\/museumek.eu\/wp-content\/uploads\/2014\/03\/225-300x159.jpg 300w, http:\/\/museumek.eu\/wp-content\/uploads\/2014\/03\/225-150x79.jpg 150w, http:\/\/museumek.eu\/wp-content\/uploads\/2014\/03\/225-500x266.jpg 500w, http:\/\/museumek.eu\/wp-content\/uploads\/2014\/03\/225.jpg 520w\" sizes=\"(max-width: 300px) 100vw, 300px\" \/><\/a><\/p>\n<p><a href=\"http:\/\/museumek.eu\/?attachment_id=28331\" rel=\"attachment wp-att-28331\"><img loading=\"lazy\" src=\"http:\/\/museumek.eu\/wp-content\/uploads\/2014\/03\/226-300x187.jpg\" alt=\"\" title=\"226\" width=\"300\" height=\"187\" class=\"alignnone size-medium wp-image-28331\" srcset=\"http:\/\/museumek.eu\/wp-content\/uploads\/2014\/03\/226-300x187.jpg 300w, http:\/\/museumek.eu\/wp-content\/uploads\/2014\/03\/226-150x93.jpg 150w, http:\/\/museumek.eu\/wp-content\/uploads\/2014\/03\/226-479x300.jpg 479w, http:\/\/museumek.eu\/wp-content\/uploads\/2014\/03\/226.jpg 579w\" sizes=\"(max-width: 300px) 100vw, 300px\" \/><\/a><\/p>\n","protected":false},"excerpt":{"rendered":"<p>Abteilung Deutschland, Keramik 1860 \u2013 1960, Inventarnummer D\/XXXVII\/9 Thonwaaren \u2013 Fabrik Marzi &#038; Remy, Deutschland, H\u00f6hr, um 1902, Seidel, K\u00fcnstler Peter Behrens, Werks.-Nr. 1664, Exemplar Nr. ohne, gemarkt keine Firmenmarke aber GESETZL. GESCH\u00dcTZT, 1664, 1 3 (die 3 auf dem &hellip; <a href=\"http:\/\/museumek.eu\/?page_id=28325\">Weiterlesen <span class=\"meta-nav\">&rarr;<\/span><\/a><\/p>\n","protected":false},"author":1,"featured_media":0,"parent":9016,"menu_order":9,"comment_status":"closed","ping_status":"open","template":"","meta":[],"_links":{"self":[{"href":"http:\/\/museumek.eu\/index.php?rest_route=\/wp\/v2\/pages\/28325"}],"collection":[{"href":"http:\/\/museumek.eu\/index.php?rest_route=\/wp\/v2\/pages"}],"about":[{"href":"http:\/\/museumek.eu\/index.php?rest_route=\/wp\/v2\/types\/page"}],"author":[{"embeddable":true,"href":"http:\/\/museumek.eu\/index.php?rest_route=\/wp\/v2\/users\/1"}],"replies":[{"embeddable":true,"href":"http:\/\/museumek.eu\/index.php?rest_route=%2Fwp%2Fv2%2Fcomments&post=28325"}],"version-history":[{"count":16,"href":"http:\/\/museumek.eu\/index.php?rest_route=\/wp\/v2\/pages\/28325\/revisions"}],"predecessor-version":[{"id":36301,"href":"http:\/\/museumek.eu\/index.php?rest_route=\/wp\/v2\/pages\/28325\/revisions\/36301"}],"up":[{"embeddable":true,"href":"http:\/\/museumek.eu\/index.php?rest_route=\/wp\/v2\/pages\/9016"}],"wp:attachment":[{"href":"http:\/\/museumek.eu\/index.php?rest_route=%2Fwp%2Fv2%2Fmedia&parent=28325"}],"curies":[{"name":"wp","href":"https:\/\/api.w.org\/{rel}","templated":true}]}}