{"id":30053,"date":"2014-05-04T15:53:02","date_gmt":"2014-05-04T13:53:02","guid":{"rendered":"http:\/\/museumek.eu\/?page_id=30053"},"modified":"2015-02-28T18:45:40","modified_gmt":"2015-02-28T17:45:40","slug":"dcx1","status":"publish","type":"page","link":"http:\/\/museumek.eu\/?page_id=30053","title":{"rendered":"D\/CX\/1"},"content":{"rendered":"<p><strong>Abteilung Deutschland, Keramik 1860 \u2013 1960, Inventarnummer D\/CX\/1<\/strong><\/p>\n<p>Dr. Fritz Hammerschmidt Steinzeugfabrik, Deutschland, H\u00f6hr, um 1919 -1922, Kanne, K\u00fcnstler Wilhelm Ratelbeck, Werks.-Nr. 322, Exemplar Nr. ohne, gemarkt Firmenmarke mit Hammer, um den Hammerstiel ein gepunkteter Kreis, der Hammerstiel geht durch ein gespiegeltes S, die Finne des Hammerkopfes ist auf der rechten Seite, die Bahn des Hammerkopfes ist auf der linken Seite sowie 2 L. \u00fcber Eichstrich gepresst, 322 geritzt, nicht signiert, Literatur: J\u00fcrgen Schimanski und J\u00fcrgen Erlebach, Westerw\u00e4lder Steinzeug, Die Neue \u00c4ra, Seite 58, dort eine Fabrik mit Peter Hammer Wwe., Grenzhausen ohne n\u00e4here Angaben aufgef\u00fchrt sowie Marke Nr. 7 \u00e4hnlich der Marke des MEK Exemplares, bei dieser Marke zeigt die Finne des Hammerkopfes nach links und die Bahn des Hammerkopfes nach rechts, der Hammerstiel geht nicht durch ein gespiegeltes S sondern durch ein origin\u00e4res S, wie bei der Marke des MEK Exemplares geht ein gepunkteter Kreis um den Hammerstiel, weitere Literatur: J\u00fcrgen Schimanski, Braun geflammt und grau gesalzen, Seite 184, Abbildung Nr. 451, identische 2 Liter Kanne, ausgef\u00fchrt und gemarkt von der Fabrik A. L\u00f6tschert, bezeichnet mit Modellnummer 322 sowie Entwurf Wilhelm Ratelbeck sowie Seite 201, Beschreibung der Fabrik, Marke Nr. 7 identisch, weitere Literatur: Gisela Reineking von Bock, Meister der deutschen Keramik 1900 \u2013 1950, Seite 329, Marke Nr. 219 identisch, dort als unbekannte Marke aufgef\u00fchrt, siehe auch Auktionshaus von Zezschwitz, Auktion vom 29.04.2005, Lot Nr. 289, dort ein kleiner Bierkrug von Dr. Fritz Hammerschmidt in der Versteigerung, Dr. Fritz Hammerschmidt, wohl ehemaliger technischer Mitarbeiter der Fabrik A. L\u00f6tschert, machte sich 1919 mit einer teilweisen \u00dcbernahme der L\u00f6tschert\u2019schen Fabrik selbst\u00e4ndig, Hammerschmidt entwickelte keine eigenen Formen, sondern benutzte die Formen der Fabrik A. L\u00f6tschert (die teilweise aus dem Bestand der Fabrik Simon Peter Gerz I stammten) weiter, allerdings versah er seine Produkte mit der oben genannten eigenen Marke, das MEK Exemplar beweist die Richtigkeit dieser Ausf\u00fchrungen, denn die identische Kanne gibt es auch mit der Marke der Fabrik A. L\u00f6tschert, siehe Ausf\u00fchrungen oben, 1922 wurde die Fabrik geschlossen, die Modellformen wurden von der Fabrik Steinzeugindustrie Coblenz \u00fcbernommen, Erkl\u00e4rung der Marken Dr. Fritz Hammerschmidt und Peter Hammer Wwe. Fabrik s\u00e4mtlicher Steinzeugwaren (die Firmierung wurde von einer Zeitungsanzeige der Fabrik aus dem Jahre 1907 \u00fcbernommen), Dr. Fritz Hammerschmidt imitierte eventuell absichtlich die Fabrikmarke der 1865 von Peter Hammer in H\u00f6hr gegr\u00fcndeten Steinzeugwarenfabrik, um mit dieser Marken\u00e4hnlichkeit Verkaufsvorteile zu erlangen, ob dies in Absprache mit der Steinzeugwarenfabrik Peter Hammer Wwe. erfolgte kann nicht recherchiert werden, auf jeden Fall produzierte die Fabrik Peter Hammer Wwe. Fabrik s\u00e4mtlicher Steinzeugwaren ebenfalls noch im gleichen Zeitraum der Existenz der Hammerschmidt\u2019schen Fabrik, denn als Peter Hammer 1878 verstarb, f\u00fchrte seine Witwe die Gesch\u00e4fte der Steinzeugfabrik Peter Hammer unter dem Namen Peter Hammer Wwe. Fabrik s\u00e4mtlicher Steinzeugwaren bis 1922 weiter, 1922 \u00fcbernahm ihr Sohn Simon Peter Hammer die Leitung der Fabrik und hielt sie bis zu seinem Tod 1953 inne, zum Vergleich die Marke von Dr. Fritz Hammerschmidt und darunter die Marke von Peter Hammer Wwe., <strong>das MEK Exemplar mit der Werks.-Nr. 322 wurde als Produkt der Hammerschmidt\u2019schen Fabrik in der Fachliteratur noch nicht erfasst<\/strong>, Ausf\u00fchrung als Steinzeug grau-blau salzglasiert, H\u00f6he 27 cm, Breite 17,5 cm<\/p>\n<p><a href=\"http:\/\/museumek.eu\/?attachment_id=30054\" rel=\"attachment wp-att-30054\"><img loading=\"lazy\" src=\"http:\/\/museumek.eu\/wp-content\/uploads\/2014\/05\/397-183x300.jpg\" alt=\"\" title=\"397\" width=\"183\" height=\"300\" class=\"alignnone size-medium wp-image-30054\" srcset=\"http:\/\/museumek.eu\/wp-content\/uploads\/2014\/05\/397-183x300.jpg 183w, http:\/\/museumek.eu\/wp-content\/uploads\/2014\/05\/397-91x150.jpg 91w, http:\/\/museumek.eu\/wp-content\/uploads\/2014\/05\/397.jpg 403w\" sizes=\"(max-width: 183px) 100vw, 183px\" \/><\/a><\/p>\n<p><a href=\"http:\/\/museumek.eu\/?attachment_id=30055\" rel=\"attachment wp-att-30055\"><img loading=\"lazy\" src=\"http:\/\/museumek.eu\/wp-content\/uploads\/2014\/05\/396-155x300.jpg\" alt=\"\" title=\"396\" width=\"155\" height=\"300\" class=\"alignnone size-medium wp-image-30055\" srcset=\"http:\/\/museumek.eu\/wp-content\/uploads\/2014\/05\/396-155x300.jpg 155w, http:\/\/museumek.eu\/wp-content\/uploads\/2014\/05\/396-77x150.jpg 77w, http:\/\/museumek.eu\/wp-content\/uploads\/2014\/05\/396.jpg 357w\" sizes=\"(max-width: 155px) 100vw, 155px\" \/><\/a><\/p>\n<p><a href=\"http:\/\/museumek.eu\/?attachment_id=30056\" rel=\"attachment wp-att-30056\"><img loading=\"lazy\" src=\"http:\/\/museumek.eu\/wp-content\/uploads\/2014\/05\/395-179x300.jpg\" alt=\"\" title=\"395\" width=\"179\" height=\"300\" class=\"alignnone size-medium wp-image-30056\" srcset=\"http:\/\/museumek.eu\/wp-content\/uploads\/2014\/05\/395-179x300.jpg 179w, http:\/\/museumek.eu\/wp-content\/uploads\/2014\/05\/395-89x150.jpg 89w, http:\/\/museumek.eu\/wp-content\/uploads\/2014\/05\/395.jpg 434w\" sizes=\"(max-width: 179px) 100vw, 179px\" \/><\/a><\/p>\n<p><a href=\"http:\/\/museumek.eu\/?attachment_id=30057\" rel=\"attachment wp-att-30057\"><img loading=\"lazy\" src=\"http:\/\/museumek.eu\/wp-content\/uploads\/2014\/05\/399-180x300.jpg\" alt=\"\" title=\"399\" width=\"180\" height=\"300\" class=\"alignnone size-medium wp-image-30057\" srcset=\"http:\/\/museumek.eu\/wp-content\/uploads\/2014\/05\/399-180x300.jpg 180w, http:\/\/museumek.eu\/wp-content\/uploads\/2014\/05\/399-90x150.jpg 90w, http:\/\/museumek.eu\/wp-content\/uploads\/2014\/05\/399.jpg 419w\" sizes=\"(max-width: 180px) 100vw, 180px\" \/><\/a><\/p>\n<p><a href=\"http:\/\/museumek.eu\/?attachment_id=30058\" rel=\"attachment wp-att-30058\"><img loading=\"lazy\" src=\"http:\/\/museumek.eu\/wp-content\/uploads\/2014\/05\/400-240x300.jpg\" alt=\"\" title=\"400\" width=\"240\" height=\"300\" class=\"alignnone size-medium wp-image-30058\" srcset=\"http:\/\/museumek.eu\/wp-content\/uploads\/2014\/05\/400-240x300.jpg 240w, http:\/\/museumek.eu\/wp-content\/uploads\/2014\/05\/400-120x150.jpg 120w, http:\/\/museumek.eu\/wp-content\/uploads\/2014\/05\/400.jpg 600w\" sizes=\"(max-width: 240px) 100vw, 240px\" \/><\/a><\/p>\n<p><a href=\"http:\/\/museumek.eu\/?attachment_id=30059\" rel=\"attachment wp-att-30059\"><img loading=\"lazy\" src=\"http:\/\/museumek.eu\/wp-content\/uploads\/2014\/05\/401-300x253.jpg\" alt=\"\" title=\"401\" width=\"300\" height=\"253\" class=\"alignnone size-medium wp-image-30059\" srcset=\"http:\/\/museumek.eu\/wp-content\/uploads\/2014\/05\/401-300x253.jpg 300w, http:\/\/museumek.eu\/wp-content\/uploads\/2014\/05\/401-150x126.jpg 150w, http:\/\/museumek.eu\/wp-content\/uploads\/2014\/05\/401-355x300.jpg 355w, http:\/\/museumek.eu\/wp-content\/uploads\/2014\/05\/401.jpg 711w\" sizes=\"(max-width: 300px) 100vw, 300px\" \/><\/a><\/p>\n<p><a href=\"http:\/\/museumek.eu\/?attachment_id=30060\" rel=\"attachment wp-att-30060\"><img loading=\"lazy\" src=\"http:\/\/museumek.eu\/wp-content\/uploads\/2014\/05\/402-135x300.jpg\" alt=\"\" title=\"402\" width=\"135\" height=\"300\" class=\"alignnone size-medium wp-image-30060\" srcset=\"http:\/\/museumek.eu\/wp-content\/uploads\/2014\/05\/402-135x300.jpg 135w, http:\/\/museumek.eu\/wp-content\/uploads\/2014\/05\/402-67x150.jpg 67w, http:\/\/museumek.eu\/wp-content\/uploads\/2014\/05\/402.jpg 360w\" sizes=\"(max-width: 135px) 100vw, 135px\" \/><\/a><\/p>\n<p><a href=\"http:\/\/museumek.eu\/?attachment_id=30061\" rel=\"attachment wp-att-30061\"><img loading=\"lazy\" src=\"http:\/\/museumek.eu\/wp-content\/uploads\/2014\/05\/398-240x300.jpg\" alt=\"\" title=\"398\" width=\"240\" height=\"300\" class=\"alignnone size-medium wp-image-30061\" srcset=\"http:\/\/museumek.eu\/wp-content\/uploads\/2014\/05\/398-240x300.jpg 240w, http:\/\/museumek.eu\/wp-content\/uploads\/2014\/05\/398-120x150.jpg 120w, http:\/\/museumek.eu\/wp-content\/uploads\/2014\/05\/398.jpg 600w\" sizes=\"(max-width: 240px) 100vw, 240px\" \/><\/a><\/p>\n<p><a href=\"http:\/\/museumek.eu\/?attachment_id=37275\" rel=\"attachment wp-att-37275\"><img loading=\"lazy\" src=\"http:\/\/museumek.eu\/wp-content\/uploads\/2015\/02\/28931-238x300.jpg\" alt=\"\" title=\"2893\" width=\"238\" height=\"300\" class=\"alignnone size-medium wp-image-37275\" srcset=\"http:\/\/museumek.eu\/wp-content\/uploads\/2015\/02\/28931-238x300.jpg 238w, http:\/\/museumek.eu\/wp-content\/uploads\/2015\/02\/28931-119x150.jpg 119w, http:\/\/museumek.eu\/wp-content\/uploads\/2015\/02\/28931.jpg 337w\" sizes=\"(max-width: 238px) 100vw, 238px\" \/><\/a><\/p>\n<p><a href=\"http:\/\/museumek.eu\/?attachment_id=37276\" rel=\"attachment wp-att-37276\"><img loading=\"lazy\" src=\"http:\/\/museumek.eu\/wp-content\/uploads\/2015\/02\/a-Marke-Peter-Hammer-Wwe.-247x300.jpg\" alt=\"\" title=\"a Marke Peter Hammer Wwe.\" width=\"247\" height=\"300\" class=\"alignnone size-medium wp-image-37276\" srcset=\"http:\/\/museumek.eu\/wp-content\/uploads\/2015\/02\/a-Marke-Peter-Hammer-Wwe.-247x300.jpg 247w, http:\/\/museumek.eu\/wp-content\/uploads\/2015\/02\/a-Marke-Peter-Hammer-Wwe.-123x150.jpg 123w, http:\/\/museumek.eu\/wp-content\/uploads\/2015\/02\/a-Marke-Peter-Hammer-Wwe..jpg 273w\" sizes=\"(max-width: 247px) 100vw, 247px\" \/><\/a><\/p>\n<p><a href=\"http:\/\/museumek.eu\/?attachment_id=37277\" rel=\"attachment wp-att-37277\"><img loading=\"lazy\" src=\"http:\/\/museumek.eu\/wp-content\/uploads\/2015\/02\/AAAA-von-Zezschwitz-Auktion-Hammerschmidt-300x146.jpg\" alt=\"\" title=\"AAAA von Zezschwitz Auktion Hammerschmidt\" width=\"300\" height=\"146\" class=\"alignnone size-medium wp-image-37277\" srcset=\"http:\/\/museumek.eu\/wp-content\/uploads\/2015\/02\/AAAA-von-Zezschwitz-Auktion-Hammerschmidt-300x146.jpg 300w, http:\/\/museumek.eu\/wp-content\/uploads\/2015\/02\/AAAA-von-Zezschwitz-Auktion-Hammerschmidt-150x73.jpg 150w, http:\/\/museumek.eu\/wp-content\/uploads\/2015\/02\/AAAA-von-Zezschwitz-Auktion-Hammerschmidt-1024x499.jpg 1024w, http:\/\/museumek.eu\/wp-content\/uploads\/2015\/02\/AAAA-von-Zezschwitz-Auktion-Hammerschmidt-500x243.jpg 500w, http:\/\/museumek.eu\/wp-content\/uploads\/2015\/02\/AAAA-von-Zezschwitz-Auktion-Hammerschmidt.jpg 1259w\" sizes=\"(max-width: 300px) 100vw, 300px\" \/><\/a><\/p>\n","protected":false},"excerpt":{"rendered":"<p>Abteilung Deutschland, Keramik 1860 \u2013 1960, Inventarnummer D\/CX\/1 Dr. Fritz Hammerschmidt Steinzeugfabrik, Deutschland, H\u00f6hr, um 1919 -1922, Kanne, K\u00fcnstler Wilhelm Ratelbeck, Werks.-Nr. 322, Exemplar Nr. ohne, gemarkt Firmenmarke mit Hammer, um den Hammerstiel ein gepunkteter Kreis, der Hammerstiel geht durch &hellip; <a href=\"http:\/\/museumek.eu\/?page_id=30053\">Weiterlesen <span class=\"meta-nav\">&rarr;<\/span><\/a><\/p>\n","protected":false},"author":1,"featured_media":0,"parent":30050,"menu_order":1,"comment_status":"closed","ping_status":"open","template":"","meta":[],"_links":{"self":[{"href":"http:\/\/museumek.eu\/index.php?rest_route=\/wp\/v2\/pages\/30053"}],"collection":[{"href":"http:\/\/museumek.eu\/index.php?rest_route=\/wp\/v2\/pages"}],"about":[{"href":"http:\/\/museumek.eu\/index.php?rest_route=\/wp\/v2\/types\/page"}],"author":[{"embeddable":true,"href":"http:\/\/museumek.eu\/index.php?rest_route=\/wp\/v2\/users\/1"}],"replies":[{"embeddable":true,"href":"http:\/\/museumek.eu\/index.php?rest_route=%2Fwp%2Fv2%2Fcomments&post=30053"}],"version-history":[{"count":6,"href":"http:\/\/museumek.eu\/index.php?rest_route=\/wp\/v2\/pages\/30053\/revisions"}],"predecessor-version":[{"id":37293,"href":"http:\/\/museumek.eu\/index.php?rest_route=\/wp\/v2\/pages\/30053\/revisions\/37293"}],"up":[{"embeddable":true,"href":"http:\/\/museumek.eu\/index.php?rest_route=\/wp\/v2\/pages\/30050"}],"wp:attachment":[{"href":"http:\/\/museumek.eu\/index.php?rest_route=%2Fwp%2Fv2%2Fmedia&parent=30053"}],"curies":[{"name":"wp","href":"https:\/\/api.w.org\/{rel}","templated":true}]}}