{"id":30323,"date":"2014-05-13T14:09:40","date_gmt":"2014-05-13T12:09:40","guid":{"rendered":"http:\/\/museumek.eu\/?page_id=30323"},"modified":"2015-04-03T22:47:48","modified_gmt":"2015-04-03T20:47:48","slug":"dxlviii5","status":"publish","type":"page","link":"http:\/\/museumek.eu\/?page_id=30323","title":{"rendered":"D\/XLVIII\/5"},"content":{"rendered":"<p><strong>Abteilung Deutschland, Keramik 1860 \u2013 1960, Inventarnummer D\/XLVIII\/5<\/strong><\/p>\n<p>Albert Jacob Thewalt, Fabrik fein verzierter Steinzeugwaren, Deutschland, H\u00f6hr, um 1897, Seidel, K\u00fcnstler Wilhelm Kamp (attr.), Werks.-Nr. 289, Exemplar Nr. ohne, gemarkt Firmenmarke mit A T und \u00fcber dem T ein Punkt, dieser besagt folgendes: im alten Schreibduktus wurde I und J oft gleich gesetzt, um den Buchstaben I bzw. J kenntlich zu machen, wurde dar\u00fcber ein Punkt gesetzt, Beispiel: ein senkrechter Strich mit einem Punkt dar\u00fcber bedeutet Buchstabe I oder bei Gleichsetzung auch J, insofern versteckt sich in der Marke beim Buchstabe T auch das J, somit ist der Sinn des Punktes ermittelt, so dass die Marke als AJT f\u00fcr Albert Jacob Thewalt zu lesen ist sowie zweimal 289 einmal unter dem Henkel und einmal am Boden gepresst, nicht signiert, Literatur: J\u00fcrgen Schimanski, Braun geflammt und grau gesalzen, Seite 226, Beschreibung der Fabrik, Beschreibung, dass fast alle Entw\u00fcrfe von Wilhelm Anton Kamp stammen sowie Marke Nr. 43, davon der Bestandteil T identisch, der zweite Sohn von Joahnn Peter Thewalt jr., Albert Jacob Thewalt (1857 \u2013 1939) gr\u00fcndete 1882 zusammen mit seinem Schwager Jean Paulus die keramische Fabrik Paulus und Thewalt, trennt sich dann von Jean Paulus und gr\u00fcndet 1894 seine eigene Fabrik, die als Albert Jacob Thewalt, Fabrik fein verzierter Steinzeugwaren firmiert, nach Albert Jacobs\u2019s Tod f\u00fchren sein Sohn Albert Johann Thewalt und danach sein Enkel Albert Jakob Thewalt die Fabrik fort, K\u00fcnstlerzuschreibung: Wilhelm Anton Kamp trat 1897 in die Fabrik ein und schuf rund 800 Entw\u00fcrfe, Ausf\u00fchrung als Seidel mit Hohlboden, keine Literangabe, kein Eichstrich,<br \/>\nMEK Nachmessung: 0,5 Liter, H\u00f6he 18,5 cm, Breite 14,5 cm (nur die Keramik)<\/p>\n<p><a href=\"http:\/\/museumek.eu\/?attachment_id=38350\" rel=\"attachment wp-att-38350\"><img loading=\"lazy\" src=\"http:\/\/museumek.eu\/wp-content\/uploads\/2012\/07\/3165-134x300.jpg\" alt=\"\" title=\"3165\" width=\"134\" height=\"300\" class=\"alignnone size-medium wp-image-38350\" srcset=\"http:\/\/museumek.eu\/wp-content\/uploads\/2012\/07\/3165-134x300.jpg 134w, http:\/\/museumek.eu\/wp-content\/uploads\/2012\/07\/3165-67x150.jpg 67w, http:\/\/museumek.eu\/wp-content\/uploads\/2012\/07\/3165.jpg 359w\" sizes=\"(max-width: 134px) 100vw, 134px\" \/><\/a><\/p>\n<p><a href=\"http:\/\/museumek.eu\/?attachment_id=38351\" rel=\"attachment wp-att-38351\"><img loading=\"lazy\" src=\"http:\/\/museumek.eu\/wp-content\/uploads\/2012\/07\/3166-165x300.jpg\" alt=\"\" title=\"3166\" width=\"165\" height=\"300\" class=\"alignnone size-medium wp-image-38351\" srcset=\"http:\/\/museumek.eu\/wp-content\/uploads\/2012\/07\/3166-165x300.jpg 165w, http:\/\/museumek.eu\/wp-content\/uploads\/2012\/07\/3166-82x150.jpg 82w, http:\/\/museumek.eu\/wp-content\/uploads\/2012\/07\/3166.jpg 440w\" sizes=\"(max-width: 165px) 100vw, 165px\" \/><\/a><\/p>\n<p><a href=\"http:\/\/museumek.eu\/?attachment_id=38352\" rel=\"attachment wp-att-38352\"><img loading=\"lazy\" src=\"http:\/\/museumek.eu\/wp-content\/uploads\/2012\/07\/3167-165x300.jpg\" alt=\"\" title=\"3167\" width=\"165\" height=\"300\" class=\"alignnone size-medium wp-image-38352\" srcset=\"http:\/\/museumek.eu\/wp-content\/uploads\/2012\/07\/3167-165x300.jpg 165w, http:\/\/museumek.eu\/wp-content\/uploads\/2012\/07\/3167-82x150.jpg 82w, http:\/\/museumek.eu\/wp-content\/uploads\/2012\/07\/3167.jpg 442w\" sizes=\"(max-width: 165px) 100vw, 165px\" \/><\/a><\/p>\n<p><a href=\"http:\/\/museumek.eu\/?attachment_id=38355\" rel=\"attachment wp-att-38355\"><img loading=\"lazy\" src=\"http:\/\/museumek.eu\/wp-content\/uploads\/2012\/07\/3168-118x300.jpg\" alt=\"\" title=\"3168\" width=\"118\" height=\"300\" class=\"alignnone size-medium wp-image-38355\" srcset=\"http:\/\/museumek.eu\/wp-content\/uploads\/2012\/07\/3168-118x300.jpg 118w, http:\/\/museumek.eu\/wp-content\/uploads\/2012\/07\/3168-59x150.jpg 59w, http:\/\/museumek.eu\/wp-content\/uploads\/2012\/07\/3168.jpg 316w\" sizes=\"(max-width: 118px) 100vw, 118px\" \/><\/a><\/p>\n<p><a href=\"http:\/\/museumek.eu\/?attachment_id=38356\" rel=\"attachment wp-att-38356\"><img loading=\"lazy\" src=\"http:\/\/museumek.eu\/wp-content\/uploads\/2012\/07\/3170-210x300.jpg\" alt=\"\" title=\"3170\" width=\"210\" height=\"300\" class=\"alignnone size-medium wp-image-38356\" srcset=\"http:\/\/museumek.eu\/wp-content\/uploads\/2012\/07\/3170-210x300.jpg 210w, http:\/\/museumek.eu\/wp-content\/uploads\/2012\/07\/3170-105x150.jpg 105w, http:\/\/museumek.eu\/wp-content\/uploads\/2012\/07\/3170.jpg 560w\" sizes=\"(max-width: 210px) 100vw, 210px\" \/><\/a><\/p>\n<p><a href=\"http:\/\/museumek.eu\/?attachment_id=38357\" rel=\"attachment wp-att-38357\"><img loading=\"lazy\" src=\"http:\/\/museumek.eu\/wp-content\/uploads\/2012\/07\/3169-278x300.jpg\" alt=\"\" title=\"3169\" width=\"278\" height=\"300\" class=\"alignnone size-medium wp-image-38357\" srcset=\"http:\/\/museumek.eu\/wp-content\/uploads\/2012\/07\/3169-278x300.jpg 278w, http:\/\/museumek.eu\/wp-content\/uploads\/2012\/07\/3169-139x150.jpg 139w, http:\/\/museumek.eu\/wp-content\/uploads\/2012\/07\/3169.jpg 600w\" sizes=\"(max-width: 278px) 100vw, 278px\" \/><\/a><\/p>\n<p><a href=\"http:\/\/museumek.eu\/?attachment_id=38358\" rel=\"attachment wp-att-38358\"><img loading=\"lazy\" src=\"http:\/\/museumek.eu\/wp-content\/uploads\/2012\/07\/3171-158x300.jpg\" alt=\"\" title=\"3171\" width=\"158\" height=\"300\" class=\"alignnone size-medium wp-image-38358\" srcset=\"http:\/\/museumek.eu\/wp-content\/uploads\/2012\/07\/3171-158x300.jpg 158w, http:\/\/museumek.eu\/wp-content\/uploads\/2012\/07\/3171-79x150.jpg 79w, http:\/\/museumek.eu\/wp-content\/uploads\/2012\/07\/3171.jpg 422w\" sizes=\"(max-width: 158px) 100vw, 158px\" \/><\/a><\/p>\n","protected":false},"excerpt":{"rendered":"<p>Abteilung Deutschland, Keramik 1860 \u2013 1960, Inventarnummer D\/XLVIII\/5 Albert Jacob Thewalt, Fabrik fein verzierter Steinzeugwaren, Deutschland, H\u00f6hr, um 1897, Seidel, K\u00fcnstler Wilhelm Kamp (attr.), Werks.-Nr. 289, Exemplar Nr. ohne, gemarkt Firmenmarke mit A T und \u00fcber dem T ein Punkt, &hellip; <a href=\"http:\/\/museumek.eu\/?page_id=30323\">Weiterlesen <span class=\"meta-nav\">&rarr;<\/span><\/a><\/p>\n","protected":false},"author":1,"featured_media":0,"parent":11506,"menu_order":5,"comment_status":"closed","ping_status":"closed","template":"","meta":[],"_links":{"self":[{"href":"http:\/\/museumek.eu\/index.php?rest_route=\/wp\/v2\/pages\/30323"}],"collection":[{"href":"http:\/\/museumek.eu\/index.php?rest_route=\/wp\/v2\/pages"}],"about":[{"href":"http:\/\/museumek.eu\/index.php?rest_route=\/wp\/v2\/types\/page"}],"author":[{"embeddable":true,"href":"http:\/\/museumek.eu\/index.php?rest_route=\/wp\/v2\/users\/1"}],"replies":[{"embeddable":true,"href":"http:\/\/museumek.eu\/index.php?rest_route=%2Fwp%2Fv2%2Fcomments&post=30323"}],"version-history":[{"count":10,"href":"http:\/\/museumek.eu\/index.php?rest_route=\/wp\/v2\/pages\/30323\/revisions"}],"predecessor-version":[{"id":38375,"href":"http:\/\/museumek.eu\/index.php?rest_route=\/wp\/v2\/pages\/30323\/revisions\/38375"}],"up":[{"embeddable":true,"href":"http:\/\/museumek.eu\/index.php?rest_route=\/wp\/v2\/pages\/11506"}],"wp:attachment":[{"href":"http:\/\/museumek.eu\/index.php?rest_route=%2Fwp%2Fv2%2Fmedia&parent=30323"}],"curies":[{"name":"wp","href":"https:\/\/api.w.org\/{rel}","templated":true}]}}