{"id":30426,"date":"2014-05-15T21:14:43","date_gmt":"2014-05-15T19:14:43","guid":{"rendered":"http:\/\/museumek.eu\/?page_id=30426"},"modified":"2014-05-15T21:14:43","modified_gmt":"2014-05-15T19:14:43","slug":"kurzbiografie-und-inventar-zum-kunstler","status":"publish","type":"page","link":"http:\/\/museumek.eu\/?page_id=30426","title":{"rendered":"Kurzbiografie und Inventar zum K\u00fcnstler"},"content":{"rendered":"<p>\u00dcber Johann Glatz konnten keine weiteren Lebensdaten recherchiert werden. Er war als Hafner in Villingen t\u00e4tig und baute die Hafnerei zu einer kleinen Fabrik aus, die er von 1870 bis 1916 als Majolika- und Ofenfabrik Johann Glatz betrieb.<\/p>\n<p><strong>Abteilung Deutschland, Keramik 1860 \u2013 1960, Inventarnummer D\/CXI\/1<\/strong><\/p>\n<p>Majolika- und Ofenfabrik Johann Glatz, Deutschland, Villingen, um 1900, Vase, K\u00fcnstler Johann Glatz (attr.), Werks.-Nr. ohne, Exemplar Nr. ohne, gemarkt Firmenmarke 3 Tannen in einem Kreis gepresst, nicht signiert, Literatur: Otto Pelka, Keramik der Neuzeit, Markentafel X, Marke Nr. 156 b identisch (siehe auch deutlicheres Foto aus dem Internet), Herstellerverzeichnis Seite 213, dort Villingen, Johann Glatz, 156 b sowie Namenverzeichnis, Seite 218, dort Glatz, Johann, Villingen M 156 b, 1870 gr\u00fcndete Johann Glatz eine Hafnerei, die er zu einer kleinen Fabrik ausbaute, Firmierung Majolika- und Ofenfabrik Johann Glatz, ab 1876 arbeitete die Fabrik auch mit externen K\u00fcnstlern zusammen, der Karlsruher Ingenieur Franz Keller-Leuzinger entwarf diverse Historismusmajoliken, ab 1882 lieferte die Karlsruher Kunstgewerbeschule Entw\u00fcrfe, Glatz wurde in seinem Jugendstilschaffen von Elisabeth Schmidt-Pecht beeinflusst, 1916 wurde die Fabrik geschlossen, Dekorausf\u00fchrung Schlickermalerei,<br \/>\nH\u00f6he 15,5 cm, Breite 18 cm<\/p>\n<p><a href=\"http:\/\/museumek.eu\/?attachment_id=30405\" rel=\"attachment wp-att-30405\"><img loading=\"lazy\" src=\"http:\/\/museumek.eu\/wp-content\/uploads\/2014\/05\/Museum-Europ\u00e4ischer-Keramikkunst-3648-300x296.jpg\" alt=\"\" title=\"Museum Europ\u00e4ischer Keramikkunst 3648\" width=\"300\" height=\"296\" class=\"alignnone size-medium wp-image-30405\" srcset=\"http:\/\/museumek.eu\/wp-content\/uploads\/2014\/05\/Museum-Europ\u00e4ischer-Keramikkunst-3648-300x296.jpg 300w, http:\/\/museumek.eu\/wp-content\/uploads\/2014\/05\/Museum-Europ\u00e4ischer-Keramikkunst-3648-150x148.jpg 150w, http:\/\/museumek.eu\/wp-content\/uploads\/2014\/05\/Museum-Europ\u00e4ischer-Keramikkunst-3648-303x300.jpg 303w, http:\/\/museumek.eu\/wp-content\/uploads\/2014\/05\/Museum-Europ\u00e4ischer-Keramikkunst-3648.jpg 611w\" sizes=\"(max-width: 300px) 100vw, 300px\" \/><\/a><\/p>\n<p><a href=\"http:\/\/museumek.eu\/?attachment_id=30406\" rel=\"attachment wp-att-30406\"><img loading=\"lazy\" src=\"http:\/\/museumek.eu\/wp-content\/uploads\/2014\/05\/Museum-Europ\u00e4ischer-Keramikkunst-3651-300x273.jpg\" alt=\"\" title=\"Museum Europ\u00e4ischer Keramikkunst 3651\" width=\"300\" height=\"273\" class=\"alignnone size-medium wp-image-30406\" srcset=\"http:\/\/museumek.eu\/wp-content\/uploads\/2014\/05\/Museum-Europ\u00e4ischer-Keramikkunst-3651-300x273.jpg 300w, http:\/\/museumek.eu\/wp-content\/uploads\/2014\/05\/Museum-Europ\u00e4ischer-Keramikkunst-3651-150x136.jpg 150w, http:\/\/museumek.eu\/wp-content\/uploads\/2014\/05\/Museum-Europ\u00e4ischer-Keramikkunst-3651-328x300.jpg 328w, http:\/\/museumek.eu\/wp-content\/uploads\/2014\/05\/Museum-Europ\u00e4ischer-Keramikkunst-3651.jpg 808w\" sizes=\"(max-width: 300px) 100vw, 300px\" \/><\/a><\/p>\n<p><a href=\"http:\/\/museumek.eu\/?attachment_id=30407\" rel=\"attachment wp-att-30407\"><img loading=\"lazy\" src=\"http:\/\/museumek.eu\/wp-content\/uploads\/2014\/05\/Museum-Europ\u00e4ischer-Keramikkunst-3674-285x300.jpg\" alt=\"\" title=\"Museum Europ\u00e4ischer Keramikkunst 3674\" width=\"285\" height=\"300\" class=\"alignnone size-medium wp-image-30407\" srcset=\"http:\/\/museumek.eu\/wp-content\/uploads\/2014\/05\/Museum-Europ\u00e4ischer-Keramikkunst-3674-285x300.jpg 285w, http:\/\/museumek.eu\/wp-content\/uploads\/2014\/05\/Museum-Europ\u00e4ischer-Keramikkunst-3674-142x150.jpg 142w, http:\/\/museumek.eu\/wp-content\/uploads\/2014\/05\/Museum-Europ\u00e4ischer-Keramikkunst-3674.jpg 469w\" sizes=\"(max-width: 285px) 100vw, 285px\" \/><\/a><\/p>\n<p><a href=\"http:\/\/museumek.eu\/?attachment_id=30408\" rel=\"attachment wp-att-30408\"><img loading=\"lazy\" src=\"http:\/\/museumek.eu\/wp-content\/uploads\/2014\/05\/AAA-Johann-Glatz-villingen-Keramikmarke-300x291.jpg\" alt=\"\" title=\"AAA Johann Glatz villingen Keramikmarke\" width=\"300\" height=\"291\" class=\"alignnone size-medium wp-image-30408\" srcset=\"http:\/\/museumek.eu\/wp-content\/uploads\/2014\/05\/AAA-Johann-Glatz-villingen-Keramikmarke-300x291.jpg 300w, http:\/\/museumek.eu\/wp-content\/uploads\/2014\/05\/AAA-Johann-Glatz-villingen-Keramikmarke-150x145.jpg 150w, http:\/\/museumek.eu\/wp-content\/uploads\/2014\/05\/AAA-Johann-Glatz-villingen-Keramikmarke-308x300.jpg 308w, http:\/\/museumek.eu\/wp-content\/uploads\/2014\/05\/AAA-Johann-Glatz-villingen-Keramikmarke.jpg 454w\" sizes=\"(max-width: 300px) 100vw, 300px\" \/><\/a><\/p>\n","protected":false},"excerpt":{"rendered":"<p>\u00dcber Johann Glatz konnten keine weiteren Lebensdaten recherchiert werden. Er war als Hafner in Villingen t\u00e4tig und baute die Hafnerei zu einer kleinen Fabrik aus, die er von 1870 bis 1916 als Majolika- und Ofenfabrik Johann Glatz betrieb. Abteilung Deutschland, &hellip; <a href=\"http:\/\/museumek.eu\/?page_id=30426\">Weiterlesen <span class=\"meta-nav\">&rarr;<\/span><\/a><\/p>\n","protected":false},"author":1,"featured_media":0,"parent":30423,"menu_order":1,"comment_status":"closed","ping_status":"open","template":"","meta":[],"_links":{"self":[{"href":"http:\/\/museumek.eu\/index.php?rest_route=\/wp\/v2\/pages\/30426"}],"collection":[{"href":"http:\/\/museumek.eu\/index.php?rest_route=\/wp\/v2\/pages"}],"about":[{"href":"http:\/\/museumek.eu\/index.php?rest_route=\/wp\/v2\/types\/page"}],"author":[{"embeddable":true,"href":"http:\/\/museumek.eu\/index.php?rest_route=\/wp\/v2\/users\/1"}],"replies":[{"embeddable":true,"href":"http:\/\/museumek.eu\/index.php?rest_route=%2Fwp%2Fv2%2Fcomments&post=30426"}],"version-history":[{"count":4,"href":"http:\/\/museumek.eu\/index.php?rest_route=\/wp\/v2\/pages\/30426\/revisions"}],"predecessor-version":[{"id":30430,"href":"http:\/\/museumek.eu\/index.php?rest_route=\/wp\/v2\/pages\/30426\/revisions\/30430"}],"up":[{"embeddable":true,"href":"http:\/\/museumek.eu\/index.php?rest_route=\/wp\/v2\/pages\/30423"}],"wp:attachment":[{"href":"http:\/\/museumek.eu\/index.php?rest_route=%2Fwp%2Fv2%2Fmedia&parent=30426"}],"curies":[{"name":"wp","href":"https:\/\/api.w.org\/{rel}","templated":true}]}}

Kurzbiografie und Inventar zum Künstler

<p>Über Johann Glatz konnten keine weiteren Lebensdaten recherchiert werden. Er war als Hafner in Villingen tätig und baute die Hafnerei zu einer kleinen Fabrik aus, die er von 1870 bis 1916 als Majolika- und Ofenfabrik Johann Glatz betrieb.</p>
<p><strong>Abteilung Deutschland, Keramik 1860 – 1960, Inventarnummer D/CXI/1</strong></p>
<p>Majolika- und Ofenfabrik Johann Glatz, Deutschland, Villingen, um 1900, Vase, Künstler Johann Glatz (attr.), Werks.-Nr. ohne, Exemplar Nr. ohne, gemarkt Firmenmarke 3 Tannen in einem Kreis gepresst, nicht signiert, Literatur: Otto Pelka, Keramik der Neuzeit, Markentafel X, Marke Nr. 156 b identisch (siehe auch deutlicheres Foto aus dem Internet), Herstellerverzeichnis Seite 213, dort Villingen, Johann Glatz, 156 b sowie Namenverzeichnis, Seite 218, dort Glatz, Johann, Villingen M 156 b, 1870 gründete Johann Glatz eine Hafnerei, die er zu einer kleinen Fabrik ausbaute, Firmierung Majolika- und Ofenfabrik Johann Glatz, ab 1876 arbeitete die Fabrik auch mit externen Künstlern zusammen, der Karlsruher Ingenieur Franz Keller-Leuzinger entwarf diverse Historismusmajoliken, ab 1882 lieferte die Karlsruher Kunstgewerbeschule Entwürfe, Glatz wurde in seinem Jugendstilschaffen von Elisabeth Schmidt-Pecht beeinflusst, 1916 wurde die Fabrik geschlossen, Dekorausführung Schlickermalerei,<br />
Höhe 15,5 cm, Breite 18 cm</p>
<p><a href="http://museumek.eu/?attachment_id=30405" rel="attachment wp-att-30405"><img loading="lazy" src="http://museumek.eu/wp-content/uploads/2014/05/Museum-Europäischer-Keramikkunst-3648-300x296.jpg" alt="" title="Museum Europäischer Keramikkunst 3648" width="300" height="296" class="alignnone size-medium wp-image-30405" srcset="http://museumek.eu/wp-content/uploads/2014/05/Museum-Europäischer-Keramikkunst-3648-300x296.jpg 300w, http://museumek.eu/wp-content/uploads/2014/05/Museum-Europäischer-Keramikkunst-3648-150x148.jpg 150w, http://museumek.eu/wp-content/uploads/2014/05/Museum-Europäischer-Keramikkunst-3648-303x300.jpg 303w, http://museumek.eu/wp-content/uploads/2014/05/Museum-Europäischer-Keramikkunst-3648.jpg 611w" sizes="(max-width: 300px) 100vw, 300px" /></a></p>
<p><a href="http://museumek.eu/?attachment_id=30406" rel="attachment wp-att-30406"><img loading="lazy" src="http://museumek.eu/wp-content/uploads/2014/05/Museum-Europäischer-Keramikkunst-3651-300x273.jpg" alt="" title="Museum Europäischer Keramikkunst 3651" width="300" height="273" class="alignnone size-medium wp-image-30406" srcset="http://museumek.eu/wp-content/uploads/2014/05/Museum-Europäischer-Keramikkunst-3651-300x273.jpg 300w, http://museumek.eu/wp-content/uploads/2014/05/Museum-Europäischer-Keramikkunst-3651-150x136.jpg 150w, http://museumek.eu/wp-content/uploads/2014/05/Museum-Europäischer-Keramikkunst-3651-328x300.jpg 328w, http://museumek.eu/wp-content/uploads/2014/05/Museum-Europäischer-Keramikkunst-3651.jpg 808w" sizes="(max-width: 300px) 100vw, 300px" /></a></p>
<p><a href="http://museumek.eu/?attachment_id=30407" rel="attachment wp-att-30407"><img loading="lazy" src="http://museumek.eu/wp-content/uploads/2014/05/Museum-Europäischer-Keramikkunst-3674-285x300.jpg" alt="" title="Museum Europäischer Keramikkunst 3674" width="285" height="300" class="alignnone size-medium wp-image-30407" srcset="http://museumek.eu/wp-content/uploads/2014/05/Museum-Europäischer-Keramikkunst-3674-285x300.jpg 285w, http://museumek.eu/wp-content/uploads/2014/05/Museum-Europäischer-Keramikkunst-3674-142x150.jpg 142w, http://museumek.eu/wp-content/uploads/2014/05/Museum-Europäischer-Keramikkunst-3674.jpg 469w" sizes="(max-width: 285px) 100vw, 285px" /></a></p>
<p><a href="http://museumek.eu/?attachment_id=30408" rel="attachment wp-att-30408"><img loading="lazy" src="http://museumek.eu/wp-content/uploads/2014/05/AAA-Johann-Glatz-villingen-Keramikmarke-300x291.jpg" alt="" title="AAA Johann Glatz villingen Keramikmarke" width="300" height="291" class="alignnone size-medium wp-image-30408" srcset="http://museumek.eu/wp-content/uploads/2014/05/AAA-Johann-Glatz-villingen-Keramikmarke-300x291.jpg 300w, http://museumek.eu/wp-content/uploads/2014/05/AAA-Johann-Glatz-villingen-Keramikmarke-150x145.jpg 150w, http://museumek.eu/wp-content/uploads/2014/05/AAA-Johann-Glatz-villingen-Keramikmarke-308x300.jpg 308w, http://museumek.eu/wp-content/uploads/2014/05/AAA-Johann-Glatz-villingen-Keramikmarke.jpg 454w" sizes="(max-width: 300px) 100vw, 300px" /></a></p>

<p>Über Johann Glatz konnten keine weiteren Lebensdaten recherchiert werden. Er war als Hafner in Villingen tätig und baute die Hafnerei zu einer kleinen Fabrik aus, die er von 1870 bis 1916 als Majolika- und Ofenfabrik Johann Glatz betrieb. Abteilung Deutschland, &hellip; <a href="http://museumek.eu/?page_id=30426">Weiterlesen <span class="meta-nav">&rarr;</span></a></p>
