{"id":31621,"date":"2014-06-09T15:13:05","date_gmt":"2014-06-09T13:13:05","guid":{"rendered":"http:\/\/museumek.eu\/?page_id=31621"},"modified":"2014-06-09T15:46:49","modified_gmt":"2014-06-09T13:46:49","slug":"dcxvi1","status":"publish","type":"page","link":"http:\/\/museumek.eu\/?page_id=31621","title":{"rendered":"D\/CXVI\/1"},"content":{"rendered":"<p><strong>Abteilung Deutschland, Keramik 1860 \u2013 1960, Inventarnummer D\/CXVI\/1<\/strong><\/p>\n<p>Steinzeugfabrik Otto Blum, vormals Steinzeugfabrik Wilhelm Johann Blum und Nachfolger Steinzeugfabrik Otto Blum, Inh. Hans Fetz, Deutschland, Grenzhausen, vor 1900, Krug, K\u00fcnstler unbekannt, Werks.-Nr. 363, Exemplar Nr. ohne, gemarkt Firmenmarke mit O.B. geritzt, 363 gepresst (am Boden), 363 aufgelegt (im Dekor mit der Hand aufgebracht), nicht signiert, Literatur: J\u00fcrgen Schimanski und J\u00fcrgen Erlebach, Westerw\u00e4lder Steinzeug, Die Neue \u00c4ra, Seite 37, Beschreibung der Fabrik, weitere Literatur: J\u00fcrgen Schimanski, Braun geflammt und grau gesalzen, Seite 195 Beschreibung der Fabrik sowie Marke Nr. 45 identisch, Wilhelm Johann Blum betrieb 1861 eine Steinzeugfabrik in Grenzhausen (Gr\u00fcndungsdatum 1861 (?) nicht gekl\u00e4rt), im Zeitraum vom 18.11.1864 bis 11.12.1864 (konnte amtlich nicht genau ermittelt werden) wurde ihm sein erstes Kind, ein Sohn geboren, dieser wurde auf die Namen Friedrich Wilhelm Otto Blum getauft, anl\u00e4\u00dflich der Geburt seines Sohnes benannte Wilhelm Johann Blum seine Fabrik 1864 in Steinzeugfabrik Otto Blum um und markte mit O.B. geritzt, Wilhelm Johann Blum verstarb 1882 und Otto Blum \u00fcbernahm die Fabrik noch in jungen Jahren, offizielle amtliche \u00c4nderung der Eigentumsverh\u00e4ltnisse wohl erst 1893\/1994 bzw. 1901, Otto Blum\u2018s S\u00f6hne Karl Blum und Reinhold Blum arbeiteten in der Fabrik mit, Reinhold Blum (25.04.1891 bis 1916, gefallen in der Schlacht bei Verdun) zeichnet um 1910 f\u00fcr eigene Jugendstilentw\u00fcrfe der Fabrik verantwortlich, Otto Blum verstarb 1933 und sein Sohn Karl Blum \u00fcbernahm die Fabrik, nach WK II lieferte die Fabrik auch Halbfertigprodukte an den Veredler Sahm in Rastal, Karl Blum verstarb 1977 und seine Witwe Erika Blum f\u00fchrte die Fabrik ein Jahr weiter, danach verpachtete Sie die Fabrik an Hans Fetz, Hans Fetz firmierte als Steinzeugfabrik Otto Blum, Inh. Hans Fetz, am 13.05.1985 lie\u00df Hans Fetz folgende Wortmarke patentieren: Eulerei Otto Blum, 1989 wurde die Fabrik geschlossen, Ausf\u00fchrung als Elfenbeinsteinzeug, Hohlbodenkrug, keine Literangabe, kein Eichstrich, MEK Nachmessung: Volumen: 1 Liter, warum die Literangabe fehlt kann nicht gekl\u00e4rt werden, das Gesetz zur Aichung der Schankgef\u00e4\u00dfe vom 20.07.1881 trat endg\u00fcltig am 01.01.1884 in Kraft, insofern verleitet dieser Sachverhalt zu der Annahme, das der MEK 1 Liter Krug vor 1884 produziert worden ist, allerdings steht dazu eine Kanne, MEK Inventar D\/CXVI\/2 im Widerspruch, die eine fr\u00fchere Werks-Nr. 327 tr\u00e4gt und mit 1,5 L gelitert ist,<br \/>\nH\u00f6he 23 cm, Breite 15 cm<\/p>\n<p><a href=\"http:\/\/museumek.eu\/?attachment_id=31609\" rel=\"attachment wp-att-31609\"><img loading=\"lazy\" src=\"http:\/\/museumek.eu\/wp-content\/uploads\/2014\/06\/741-158x300.jpg\" alt=\"\" title=\"741\" width=\"158\" height=\"300\" class=\"alignnone size-medium wp-image-31609\" srcset=\"http:\/\/museumek.eu\/wp-content\/uploads\/2014\/06\/741-158x300.jpg 158w, http:\/\/museumek.eu\/wp-content\/uploads\/2014\/06\/741-79x150.jpg 79w, http:\/\/museumek.eu\/wp-content\/uploads\/2014\/06\/741.jpg 383w\" sizes=\"(max-width: 158px) 100vw, 158px\" \/><\/a><\/p>\n<p><a href=\"http:\/\/museumek.eu\/?attachment_id=31610\" rel=\"attachment wp-att-31610\"><img loading=\"lazy\" src=\"http:\/\/museumek.eu\/wp-content\/uploads\/2014\/06\/742-168x300.jpg\" alt=\"\" title=\"742\" width=\"168\" height=\"300\" class=\"alignnone size-medium wp-image-31610\" srcset=\"http:\/\/museumek.eu\/wp-content\/uploads\/2014\/06\/742-168x300.jpg 168w, http:\/\/museumek.eu\/wp-content\/uploads\/2014\/06\/742-84x150.jpg 84w, http:\/\/museumek.eu\/wp-content\/uploads\/2014\/06\/742.jpg 416w\" sizes=\"(max-width: 168px) 100vw, 168px\" \/><\/a><\/p>\n<p><a href=\"http:\/\/museumek.eu\/?attachment_id=31611\" rel=\"attachment wp-att-31611\"><img loading=\"lazy\" src=\"http:\/\/museumek.eu\/wp-content\/uploads\/2014\/06\/743-171x300.jpg\" alt=\"\" title=\"743\" width=\"171\" height=\"300\" class=\"alignnone size-medium wp-image-31611\" srcset=\"http:\/\/museumek.eu\/wp-content\/uploads\/2014\/06\/743-171x300.jpg 171w, http:\/\/museumek.eu\/wp-content\/uploads\/2014\/06\/743-85x150.jpg 85w, http:\/\/museumek.eu\/wp-content\/uploads\/2014\/06\/743.jpg 412w\" sizes=\"(max-width: 171px) 100vw, 171px\" \/><\/a><\/p>\n<p><a href=\"http:\/\/museumek.eu\/?attachment_id=31612\" rel=\"attachment wp-att-31612\"><img loading=\"lazy\" src=\"http:\/\/museumek.eu\/wp-content\/uploads\/2014\/06\/744-202x300.jpg\" alt=\"\" title=\"744\" width=\"202\" height=\"300\" class=\"alignnone size-medium wp-image-31612\" srcset=\"http:\/\/museumek.eu\/wp-content\/uploads\/2014\/06\/744-202x300.jpg 202w, http:\/\/museumek.eu\/wp-content\/uploads\/2014\/06\/744-101x150.jpg 101w, http:\/\/museumek.eu\/wp-content\/uploads\/2014\/06\/744.jpg 541w\" sizes=\"(max-width: 202px) 100vw, 202px\" \/><\/a><\/p>\n<p><a href=\"http:\/\/museumek.eu\/?attachment_id=31613\" rel=\"attachment wp-att-31613\"><img loading=\"lazy\" src=\"http:\/\/museumek.eu\/wp-content\/uploads\/2014\/06\/745-300x269.jpg\" alt=\"\" title=\"745\" width=\"300\" height=\"269\" class=\"alignnone size-medium wp-image-31613\" srcset=\"http:\/\/museumek.eu\/wp-content\/uploads\/2014\/06\/745-300x269.jpg 300w, http:\/\/museumek.eu\/wp-content\/uploads\/2014\/06\/745-150x134.jpg 150w, http:\/\/museumek.eu\/wp-content\/uploads\/2014\/06\/745-334x300.jpg 334w, http:\/\/museumek.eu\/wp-content\/uploads\/2014\/06\/745.jpg 669w\" sizes=\"(max-width: 300px) 100vw, 300px\" \/><\/a><\/p>\n<p><a href=\"http:\/\/museumek.eu\/?attachment_id=31614\" rel=\"attachment wp-att-31614\"><img loading=\"lazy\" src=\"http:\/\/museumek.eu\/wp-content\/uploads\/2014\/06\/7461-300x283.jpg\" alt=\"\" title=\"746\" width=\"300\" height=\"283\" class=\"alignnone size-medium wp-image-31614\" srcset=\"http:\/\/museumek.eu\/wp-content\/uploads\/2014\/06\/7461-300x283.jpg 300w, http:\/\/museumek.eu\/wp-content\/uploads\/2014\/06\/7461-150x141.jpg 150w, http:\/\/museumek.eu\/wp-content\/uploads\/2014\/06\/7461-317x300.jpg 317w, http:\/\/museumek.eu\/wp-content\/uploads\/2014\/06\/7461.jpg 635w\" sizes=\"(max-width: 300px) 100vw, 300px\" \/><\/a><\/p>\n","protected":false},"excerpt":{"rendered":"<p>Abteilung Deutschland, Keramik 1860 \u2013 1960, Inventarnummer D\/CXVI\/1 Steinzeugfabrik Otto Blum, vormals Steinzeugfabrik Wilhelm Johann Blum und Nachfolger Steinzeugfabrik Otto Blum, Inh. Hans Fetz, Deutschland, Grenzhausen, vor 1900, Krug, K\u00fcnstler unbekannt, Werks.-Nr. 363, Exemplar Nr. ohne, gemarkt Firmenmarke mit O.B. &hellip; <a href=\"http:\/\/museumek.eu\/?page_id=31621\">Weiterlesen <span class=\"meta-nav\">&rarr;<\/span><\/a><\/p>\n","protected":false},"author":1,"featured_media":0,"parent":31618,"menu_order":1,"comment_status":"closed","ping_status":"open","template":"","meta":[],"_links":{"self":[{"href":"http:\/\/museumek.eu\/index.php?rest_route=\/wp\/v2\/pages\/31621"}],"collection":[{"href":"http:\/\/museumek.eu\/index.php?rest_route=\/wp\/v2\/pages"}],"about":[{"href":"http:\/\/museumek.eu\/index.php?rest_route=\/wp\/v2\/types\/page"}],"author":[{"embeddable":true,"href":"http:\/\/museumek.eu\/index.php?rest_route=\/wp\/v2\/users\/1"}],"replies":[{"embeddable":true,"href":"http:\/\/museumek.eu\/index.php?rest_route=%2Fwp%2Fv2%2Fcomments&post=31621"}],"version-history":[{"count":10,"href":"http:\/\/museumek.eu\/index.php?rest_route=\/wp\/v2\/pages\/31621\/revisions"}],"predecessor-version":[{"id":31671,"href":"http:\/\/museumek.eu\/index.php?rest_route=\/wp\/v2\/pages\/31621\/revisions\/31671"}],"up":[{"embeddable":true,"href":"http:\/\/museumek.eu\/index.php?rest_route=\/wp\/v2\/pages\/31618"}],"wp:attachment":[{"href":"http:\/\/museumek.eu\/index.php?rest_route=%2Fwp%2Fv2%2Fmedia&parent=31621"}],"curies":[{"name":"wp","href":"https:\/\/api.w.org\/{rel}","templated":true}]}}