{"id":33247,"date":"2014-08-30T14:20:31","date_gmt":"2014-08-30T12:20:31","guid":{"rendered":"http:\/\/museumek.eu\/?page_id=33247"},"modified":"2015-03-22T18:36:03","modified_gmt":"2015-03-22T17:36:03","slug":"dcxvi3","status":"publish","type":"page","link":"http:\/\/museumek.eu\/?page_id=33247","title":{"rendered":"D\/CXVI\/3"},"content":{"rendered":"<p><strong>Abteilung Deutschland, Keramik 1860 \u2013 1960, Inventarnummer D\/CXVI\/3<\/strong><\/p>\n<p>Steinzeugfabrik Otto Blum, vormals Steinzeugfabrik Wilhelm Johann Blum und Nachfolger Steinzeugfabrik Otto Blum, Inh. Hans Fetz, Deutschland, Grenzhausen, um 1910, Seidel, K\u00fcnstler unbekannt, Werks.-Nr. ohne, Exemplar Nr. ohne, gemarkt Firmenmarke mit O.B. geritzt sowie 0,5 L \u00fcber Eichstrich gepresst, nicht signiert, Literatur: J\u00fcrgen Schimanski und J\u00fcrgen Erlebach, Westerw\u00e4lder Steinzeug, Die Neue \u00c4ra, Seite 37, Beschreibung der Fabrik, weitere Literatur: J\u00fcrgen Schimanski, Braun geflammt und grau gesalzen, Seite 195 Beschreibung der Fabrik sowie Marke Nr. 45 identisch, Wilhelm Johann Blum betrieb 1861 eine Steinzeugfabrik in Grenzhausen (Gr\u00fcndungsdatum 1861 (?) nicht gekl\u00e4rt), im Zeitraum vom 18.11.1864 bis 11.12.1864 (konnte amtlich nicht genau ermittelt werden) wurde ihm sein erstes Kind, ein Sohn geboren, dieser wurde auf die Namen Friedrich Wilhelm Otto Blum getauft, anl\u00e4\u00dflich der Geburt seines Sohnes benannte Wilhelm Johann Blum seine Fabrik 1864 in Steinzeugfabrik Otto Blum um und markte mit O.B. geritzt, Wilhelm Johann Blum verstarb 1882 und Otto Blum \u00fcbernahm die Fabrik noch in jungen Jahren, offizielle amtliche \u00c4nderung der Eigentumsverh\u00e4ltnisse wohl erst 1893\/1994 bzw. 1901, Otto Blum\u2018s S\u00f6hne Karl Blum und Reinhold Blum arbeiteten in der Fabrik mit, Reinhold Blum (25.04.1891 bis 1916, gefallen in der Schlacht bei Verdun) zeichnet um 1910 f\u00fcr eigene Jugendstilentw\u00fcrfe der Fabrik verantwortlich, Otto Blum verstarb 1933 und sein Sohn Karl Blum \u00fcbernahm die Fabrik, nach WK II lieferte die Fabrik auch Halbfertigprodukte an den Veredler Sahm in Rastal, Karl Blum verstarb 1977 und seine Witwe Erika Blum f\u00fchrte die Fabrik ein Jahr weiter, danach verpachtete Sie die Fabrik an Hans Fetz, Hans Fetz firmierte als Steinzeugfabrik Otto Blum, Inh. Hans Fetz, am 13.05.1985 lie\u00df Hans Fetz folgende Wortmarke patentieren: Eulerei Otto Blum, 1989 wurde die Fabrik geschlossen, Ausf\u00fchrung als Elfenbeinsteinzeug, Firmenmarke schwer lesbar, <strong>das MEK legt den 1,7 cm breiten und 0,9 cm hohen 0,5 Liter \u00fcber Eichstrich Stempel als Identifizierungsstempel f\u00fcr Fabrikate fest, die nicht mit der Firmenmarke von Otto Blum versehen sind<\/strong>, H\u00f6he 18 cm, Breite 14 cm<\/p>\n<p><a href=\"http:\/\/museumek.eu\/?attachment_id=33248\" rel=\"attachment wp-att-33248\"><img loading=\"lazy\" src=\"http:\/\/museumek.eu\/wp-content\/uploads\/2014\/08\/1434-172x300.jpg\" alt=\"\" title=\"1434\" width=\"172\" height=\"300\" class=\"alignnone size-medium wp-image-33248\" srcset=\"http:\/\/museumek.eu\/wp-content\/uploads\/2014\/08\/1434-172x300.jpg 172w, http:\/\/museumek.eu\/wp-content\/uploads\/2014\/08\/1434-86x150.jpg 86w, http:\/\/museumek.eu\/wp-content\/uploads\/2014\/08\/1434.jpg 460w\" sizes=\"(max-width: 172px) 100vw, 172px\" \/><\/a><\/p>\n<p><a href=\"http:\/\/museumek.eu\/?attachment_id=33251\" rel=\"attachment wp-att-33251\"><img loading=\"lazy\" src=\"http:\/\/museumek.eu\/wp-content\/uploads\/2014\/08\/1437-179x300.jpg\" alt=\"\" title=\"1437\" width=\"179\" height=\"300\" class=\"alignnone size-medium wp-image-33251\" srcset=\"http:\/\/museumek.eu\/wp-content\/uploads\/2014\/08\/1437-179x300.jpg 179w, http:\/\/museumek.eu\/wp-content\/uploads\/2014\/08\/1437-89x150.jpg 89w, http:\/\/museumek.eu\/wp-content\/uploads\/2014\/08\/1437.jpg 478w\" sizes=\"(max-width: 179px) 100vw, 179px\" \/><\/a><\/p>\n<p><a href=\"http:\/\/museumek.eu\/?attachment_id=33249\" rel=\"attachment wp-att-33249\"><img loading=\"lazy\" src=\"http:\/\/museumek.eu\/wp-content\/uploads\/2014\/08\/1435-190x300.jpg\" alt=\"\" title=\"1435\" width=\"190\" height=\"300\" class=\"alignnone size-medium wp-image-33249\" srcset=\"http:\/\/museumek.eu\/wp-content\/uploads\/2014\/08\/1435-190x300.jpg 190w, http:\/\/museumek.eu\/wp-content\/uploads\/2014\/08\/1435-95x150.jpg 95w, http:\/\/museumek.eu\/wp-content\/uploads\/2014\/08\/1435.jpg 476w\" sizes=\"(max-width: 190px) 100vw, 190px\" \/><\/a><\/p>\n<p><a href=\"http:\/\/museumek.eu\/?attachment_id=33250\" rel=\"attachment wp-att-33250\"><img loading=\"lazy\" src=\"http:\/\/museumek.eu\/wp-content\/uploads\/2014\/08\/1436-196x300.jpg\" alt=\"\" title=\"1436\" width=\"196\" height=\"300\" class=\"alignnone size-medium wp-image-33250\" srcset=\"http:\/\/museumek.eu\/wp-content\/uploads\/2014\/08\/1436-196x300.jpg 196w, http:\/\/museumek.eu\/wp-content\/uploads\/2014\/08\/1436-98x150.jpg 98w, http:\/\/museumek.eu\/wp-content\/uploads\/2014\/08\/1436.jpg 491w\" sizes=\"(max-width: 196px) 100vw, 196px\" \/><\/a><\/p>\n<p><a href=\"http:\/\/museumek.eu\/?attachment_id=33252\" rel=\"attachment wp-att-33252\"><img loading=\"lazy\" src=\"http:\/\/museumek.eu\/wp-content\/uploads\/2014\/08\/1438-149x300.jpg\" alt=\"\" title=\"1438\" width=\"149\" height=\"300\" class=\"alignnone size-medium wp-image-33252\" srcset=\"http:\/\/museumek.eu\/wp-content\/uploads\/2014\/08\/1438-149x300.jpg 149w, http:\/\/museumek.eu\/wp-content\/uploads\/2014\/08\/1438-74x150.jpg 74w, http:\/\/museumek.eu\/wp-content\/uploads\/2014\/08\/1438.jpg 372w\" sizes=\"(max-width: 149px) 100vw, 149px\" \/><\/a><\/p>\n<p><a href=\"http:\/\/museumek.eu\/?attachment_id=33253\" rel=\"attachment wp-att-33253\"><img loading=\"lazy\" src=\"http:\/\/museumek.eu\/wp-content\/uploads\/2014\/08\/1439-300x253.jpg\" alt=\"\" title=\"1439\" width=\"300\" height=\"253\" class=\"alignnone size-medium wp-image-33253\" srcset=\"http:\/\/museumek.eu\/wp-content\/uploads\/2014\/08\/1439-300x253.jpg 300w, http:\/\/museumek.eu\/wp-content\/uploads\/2014\/08\/1439-150x126.jpg 150w, http:\/\/museumek.eu\/wp-content\/uploads\/2014\/08\/1439-355x300.jpg 355w, http:\/\/museumek.eu\/wp-content\/uploads\/2014\/08\/1439.jpg 711w\" sizes=\"(max-width: 300px) 100vw, 300px\" \/><\/a><\/p>\n<p><a href=\"http:\/\/museumek.eu\/?attachment_id=33254\" rel=\"attachment wp-att-33254\"><img loading=\"lazy\" src=\"http:\/\/museumek.eu\/wp-content\/uploads\/2014\/08\/1440-297x300.jpg\" alt=\"\" title=\"1440\" width=\"297\" height=\"300\" class=\"alignnone size-medium wp-image-33254\" srcset=\"http:\/\/museumek.eu\/wp-content\/uploads\/2014\/08\/1440-297x300.jpg 297w, http:\/\/museumek.eu\/wp-content\/uploads\/2014\/08\/1440-148x150.jpg 148w, http:\/\/museumek.eu\/wp-content\/uploads\/2014\/08\/1440.jpg 415w\" sizes=\"(max-width: 297px) 100vw, 297px\" \/><\/a><\/p>\n<p><a href=\"http:\/\/museumek.eu\/?attachment_id=33255\" rel=\"attachment wp-att-33255\"><img loading=\"lazy\" src=\"http:\/\/museumek.eu\/wp-content\/uploads\/2014\/08\/1441-282x300.jpg\" alt=\"\" title=\"1441\" width=\"282\" height=\"300\" class=\"alignnone size-medium wp-image-33255\" srcset=\"http:\/\/museumek.eu\/wp-content\/uploads\/2014\/08\/1441-282x300.jpg 282w, http:\/\/museumek.eu\/wp-content\/uploads\/2014\/08\/1441-141x150.jpg 141w, http:\/\/museumek.eu\/wp-content\/uploads\/2014\/08\/1441.jpg 480w\" sizes=\"(max-width: 282px) 100vw, 282px\" \/><\/a><\/p>\n","protected":false},"excerpt":{"rendered":"<p>Abteilung Deutschland, Keramik 1860 \u2013 1960, Inventarnummer D\/CXVI\/3 Steinzeugfabrik Otto Blum, vormals Steinzeugfabrik Wilhelm Johann Blum und Nachfolger Steinzeugfabrik Otto Blum, Inh. Hans Fetz, Deutschland, Grenzhausen, um 1910, Seidel, K\u00fcnstler unbekannt, Werks.-Nr. ohne, Exemplar Nr. ohne, gemarkt Firmenmarke mit O.B. &hellip; <a href=\"http:\/\/museumek.eu\/?page_id=33247\">Weiterlesen <span class=\"meta-nav\">&rarr;<\/span><\/a><\/p>\n","protected":false},"author":1,"featured_media":0,"parent":31618,"menu_order":3,"comment_status":"closed","ping_status":"open","template":"","meta":[],"_links":{"self":[{"href":"http:\/\/museumek.eu\/index.php?rest_route=\/wp\/v2\/pages\/33247"}],"collection":[{"href":"http:\/\/museumek.eu\/index.php?rest_route=\/wp\/v2\/pages"}],"about":[{"href":"http:\/\/museumek.eu\/index.php?rest_route=\/wp\/v2\/types\/page"}],"author":[{"embeddable":true,"href":"http:\/\/museumek.eu\/index.php?rest_route=\/wp\/v2\/users\/1"}],"replies":[{"embeddable":true,"href":"http:\/\/museumek.eu\/index.php?rest_route=%2Fwp%2Fv2%2Fcomments&post=33247"}],"version-history":[{"count":7,"href":"http:\/\/museumek.eu\/index.php?rest_route=\/wp\/v2\/pages\/33247\/revisions"}],"predecessor-version":[{"id":37990,"href":"http:\/\/museumek.eu\/index.php?rest_route=\/wp\/v2\/pages\/33247\/revisions\/37990"}],"up":[{"embeddable":true,"href":"http:\/\/museumek.eu\/index.php?rest_route=\/wp\/v2\/pages\/31618"}],"wp:attachment":[{"href":"http:\/\/museumek.eu\/index.php?rest_route=%2Fwp%2Fv2%2Fmedia&parent=33247"}],"curies":[{"name":"wp","href":"https:\/\/api.w.org\/{rel}","templated":true}]}}