{"id":33439,"date":"2014-09-14T17:25:56","date_gmt":"2014-09-14T15:25:56","guid":{"rendered":"http:\/\/museumek.eu\/?page_id=33439"},"modified":"2014-09-14T17:26:49","modified_gmt":"2014-09-14T15:26:49","slug":"dlxxxii21","status":"publish","type":"page","link":"http:\/\/museumek.eu\/?page_id=33439","title":{"rendered":"D\/LXXXII\/21"},"content":{"rendered":"<p><strong>Abteilung Deutschland, Keramik 1860 \u2013 1960, Inventarnummer D\/LXXXII\/21<\/strong><\/p>\n<p>Westerw\u00e4lder Steinzeug ohne Fabrikzuordnung, Deutschland, Westerwald, um 1910, Seidel, K\u00fcnstler unbekannt, Werks.-Nr. ohne, Exemplar Nr. ohne, gemarkt keine Fabrikmarke aber 0,5 L. \u00fcber Eichstrich gepresst, nicht signiert,<br \/>\nH\u00f6he 12,5 cm, Breite 14 cm<\/p>\n<p><a href=\"http:\/\/museumek.eu\/?attachment_id=33440\" rel=\"attachment wp-att-33440\"><img loading=\"lazy\" src=\"http:\/\/museumek.eu\/wp-content\/uploads\/2014\/09\/1143-222x300.jpg\" alt=\"\" title=\"1143\" width=\"222\" height=\"300\" class=\"alignnone size-medium wp-image-33440\" srcset=\"http:\/\/museumek.eu\/wp-content\/uploads\/2014\/09\/1143-222x300.jpg 222w, http:\/\/museumek.eu\/wp-content\/uploads\/2014\/09\/1143-111x150.jpg 111w, http:\/\/museumek.eu\/wp-content\/uploads\/2014\/09\/1143.jpg 592w\" sizes=\"(max-width: 222px) 100vw, 222px\" \/><\/a><\/p>\n<p><a href=\"http:\/\/museumek.eu\/?attachment_id=33441\" rel=\"attachment wp-att-33441\"><img loading=\"lazy\" src=\"http:\/\/museumek.eu\/wp-content\/uploads\/2014\/09\/1146-300x265.jpg\" alt=\"\" title=\"1146\" width=\"300\" height=\"265\" class=\"alignnone size-medium wp-image-33441\" srcset=\"http:\/\/museumek.eu\/wp-content\/uploads\/2014\/09\/1146-300x265.jpg 300w, http:\/\/museumek.eu\/wp-content\/uploads\/2014\/09\/1146-150x132.jpg 150w, http:\/\/museumek.eu\/wp-content\/uploads\/2014\/09\/1146-339x300.jpg 339w, http:\/\/museumek.eu\/wp-content\/uploads\/2014\/09\/1146.jpg 679w\" sizes=\"(max-width: 300px) 100vw, 300px\" \/><\/a><\/p>\n<p><a href=\"http:\/\/museumek.eu\/?attachment_id=33442\" rel=\"attachment wp-att-33442\"><img loading=\"lazy\" src=\"http:\/\/museumek.eu\/wp-content\/uploads\/2014\/09\/1144-272x300.jpg\" alt=\"\" title=\"1144\" width=\"272\" height=\"300\" class=\"alignnone size-medium wp-image-33442\" srcset=\"http:\/\/museumek.eu\/wp-content\/uploads\/2014\/09\/1144-272x300.jpg 272w, http:\/\/museumek.eu\/wp-content\/uploads\/2014\/09\/1144-136x150.jpg 136w, http:\/\/museumek.eu\/wp-content\/uploads\/2014\/09\/1144.jpg 600w\" sizes=\"(max-width: 272px) 100vw, 272px\" \/><\/a><\/p>\n<p><a href=\"http:\/\/museumek.eu\/?attachment_id=33443\" rel=\"attachment wp-att-33443\"><img loading=\"lazy\" src=\"http:\/\/museumek.eu\/wp-content\/uploads\/2014\/09\/1145-263x300.jpg\" alt=\"\" title=\"1145\" width=\"263\" height=\"300\" class=\"alignnone size-medium wp-image-33443\" srcset=\"http:\/\/museumek.eu\/wp-content\/uploads\/2014\/09\/1145-263x300.jpg 263w, http:\/\/museumek.eu\/wp-content\/uploads\/2014\/09\/1145-131x150.jpg 131w, http:\/\/museumek.eu\/wp-content\/uploads\/2014\/09\/1145.jpg 600w\" sizes=\"(max-width: 263px) 100vw, 263px\" \/><\/a><\/p>\n<p><a href=\"http:\/\/museumek.eu\/?attachment_id=33444\" rel=\"attachment wp-att-33444\"><img loading=\"lazy\" src=\"http:\/\/museumek.eu\/wp-content\/uploads\/2014\/09\/1147-300x250.jpg\" alt=\"\" title=\"1147\" width=\"300\" height=\"250\" class=\"alignnone size-medium wp-image-33444\" srcset=\"http:\/\/museumek.eu\/wp-content\/uploads\/2014\/09\/1147-300x250.jpg 300w, http:\/\/museumek.eu\/wp-content\/uploads\/2014\/09\/1147-150x125.jpg 150w, http:\/\/museumek.eu\/wp-content\/uploads\/2014\/09\/1147-358x300.jpg 358w, http:\/\/museumek.eu\/wp-content\/uploads\/2014\/09\/1147.jpg 591w\" sizes=\"(max-width: 300px) 100vw, 300px\" \/><\/a><\/p>\n","protected":false},"excerpt":{"rendered":"<p>Abteilung Deutschland, Keramik 1860 \u2013 1960, Inventarnummer D\/LXXXII\/21 Westerw\u00e4lder Steinzeug ohne Fabrikzuordnung, Deutschland, Westerwald, um 1910, Seidel, K\u00fcnstler unbekannt, Werks.-Nr. ohne, Exemplar Nr. ohne, gemarkt keine Fabrikmarke aber 0,5 L. \u00fcber Eichstrich gepresst, nicht signiert, H\u00f6he 12,5 cm, Breite 14 &hellip; <a href=\"http:\/\/museumek.eu\/?page_id=33439\">Weiterlesen <span class=\"meta-nav\">&rarr;<\/span><\/a><\/p>\n","protected":false},"author":1,"featured_media":0,"parent":33436,"menu_order":21,"comment_status":"closed","ping_status":"open","template":"","meta":[],"_links":{"self":[{"href":"http:\/\/museumek.eu\/index.php?rest_route=\/wp\/v2\/pages\/33439"}],"collection":[{"href":"http:\/\/museumek.eu\/index.php?rest_route=\/wp\/v2\/pages"}],"about":[{"href":"http:\/\/museumek.eu\/index.php?rest_route=\/wp\/v2\/types\/page"}],"author":[{"embeddable":true,"href":"http:\/\/museumek.eu\/index.php?rest_route=\/wp\/v2\/users\/1"}],"replies":[{"embeddable":true,"href":"http:\/\/museumek.eu\/index.php?rest_route=%2Fwp%2Fv2%2Fcomments&post=33439"}],"version-history":[{"count":6,"href":"http:\/\/museumek.eu\/index.php?rest_route=\/wp\/v2\/pages\/33439\/revisions"}],"predecessor-version":[{"id":33450,"href":"http:\/\/museumek.eu\/index.php?rest_route=\/wp\/v2\/pages\/33439\/revisions\/33450"}],"up":[{"embeddable":true,"href":"http:\/\/museumek.eu\/index.php?rest_route=\/wp\/v2\/pages\/33436"}],"wp:attachment":[{"href":"http:\/\/museumek.eu\/index.php?rest_route=%2Fwp%2Fv2%2Fmedia&parent=33439"}],"curies":[{"name":"wp","href":"https:\/\/api.w.org\/{rel}","templated":true}]}}

<p><strong>Abteilung Deutschland, Keramik 1860 – 1960, Inventarnummer D/LXXXII/21</strong></p>
<p>Westerwälder Steinzeug ohne Fabrikzuordnung, Deutschland, Westerwald, um 1910, Seidel, Künstler unbekannt, Werks.-Nr. ohne, Exemplar Nr. ohne, gemarkt keine Fabrikmarke aber 0,5 L. über Eichstrich gepresst, nicht signiert,<br />
Höhe 12,5 cm, Breite 14 cm</p>
<p><a href="http://museumek.eu/?attachment_id=33440" rel="attachment wp-att-33440"><img loading="lazy" src="http://museumek.eu/wp-content/uploads/2014/09/1143-222x300.jpg" alt="" title="1143" width="222" height="300" class="alignnone size-medium wp-image-33440" srcset="http://museumek.eu/wp-content/uploads/2014/09/1143-222x300.jpg 222w, http://museumek.eu/wp-content/uploads/2014/09/1143-111x150.jpg 111w, http://museumek.eu/wp-content/uploads/2014/09/1143.jpg 592w" sizes="(max-width: 222px) 100vw, 222px" /></a></p>
<p><a href="http://museumek.eu/?attachment_id=33441" rel="attachment wp-att-33441"><img loading="lazy" src="http://museumek.eu/wp-content/uploads/2014/09/1146-300x265.jpg" alt="" title="1146" width="300" height="265" class="alignnone size-medium wp-image-33441" srcset="http://museumek.eu/wp-content/uploads/2014/09/1146-300x265.jpg 300w, http://museumek.eu/wp-content/uploads/2014/09/1146-150x132.jpg 150w, http://museumek.eu/wp-content/uploads/2014/09/1146-339x300.jpg 339w, http://museumek.eu/wp-content/uploads/2014/09/1146.jpg 679w" sizes="(max-width: 300px) 100vw, 300px" /></a></p>
<p><a href="http://museumek.eu/?attachment_id=33442" rel="attachment wp-att-33442"><img loading="lazy" src="http://museumek.eu/wp-content/uploads/2014/09/1144-272x300.jpg" alt="" title="1144" width="272" height="300" class="alignnone size-medium wp-image-33442" srcset="http://museumek.eu/wp-content/uploads/2014/09/1144-272x300.jpg 272w, http://museumek.eu/wp-content/uploads/2014/09/1144-136x150.jpg 136w, http://museumek.eu/wp-content/uploads/2014/09/1144.jpg 600w" sizes="(max-width: 272px) 100vw, 272px" /></a></p>
<p><a href="http://museumek.eu/?attachment_id=33443" rel="attachment wp-att-33443"><img loading="lazy" src="http://museumek.eu/wp-content/uploads/2014/09/1145-263x300.jpg" alt="" title="1145" width="263" height="300" class="alignnone size-medium wp-image-33443" srcset="http://museumek.eu/wp-content/uploads/2014/09/1145-263x300.jpg 263w, http://museumek.eu/wp-content/uploads/2014/09/1145-131x150.jpg 131w, http://museumek.eu/wp-content/uploads/2014/09/1145.jpg 600w" sizes="(max-width: 263px) 100vw, 263px" /></a></p>
<p><a href="http://museumek.eu/?attachment_id=33444" rel="attachment wp-att-33444"><img loading="lazy" src="http://museumek.eu/wp-content/uploads/2014/09/1147-300x250.jpg" alt="" title="1147" width="300" height="250" class="alignnone size-medium wp-image-33444" srcset="http://museumek.eu/wp-content/uploads/2014/09/1147-300x250.jpg 300w, http://museumek.eu/wp-content/uploads/2014/09/1147-150x125.jpg 150w, http://museumek.eu/wp-content/uploads/2014/09/1147-358x300.jpg 358w, http://museumek.eu/wp-content/uploads/2014/09/1147.jpg 591w" sizes="(max-width: 300px) 100vw, 300px" /></a></p>

<p>Abteilung Deutschland, Keramik 1860 – 1960, Inventarnummer D/LXXXII/21 Westerwälder Steinzeug ohne Fabrikzuordnung, Deutschland, Westerwald, um 1910, Seidel, Künstler unbekannt, Werks.-Nr. ohne, Exemplar Nr. ohne, gemarkt keine Fabrikmarke aber 0,5 L. über Eichstrich gepresst, nicht signiert, Höhe 12,5 cm, Breite 14 &hellip; <a href="http://museumek.eu/?page_id=33439">Weiterlesen <span class="meta-nav">&rarr;</span></a></p>
