{"id":34093,"date":"2014-11-06T23:53:46","date_gmt":"2014-11-06T22:53:46","guid":{"rendered":"http:\/\/museumek.eu\/?page_id=34093"},"modified":"2015-07-12T14:00:21","modified_gmt":"2015-07-12T12:00:21","slug":"dxxxvii28","status":"publish","type":"page","link":"http:\/\/museumek.eu\/?page_id=34093","title":{"rendered":"D\/XXXVII\/28"},"content":{"rendered":"<p><strong>Abteilung Deutschland, Keramik 1860 \u2013 1960, Inventarnummer D\/XXXVII\/28<\/strong><\/p>\n<p>Thonwaaren \u2013 Fabrik Marzi &#038; Remy, Deutschland, H\u00f6hr, 1912, Krug, K\u00fcnstler Hans Christiansen (nach), Werks.-Nr. 2013, Exemplar Nr. ohne, gemarkt keine Firmenmarke aber GESETZL. GESCH\u00dcTZT, 2013, 23 sowie 1 L. \u00fcber Eichstrich gepresst, nicht signiert, Literatur: J\u00fcrgen Erlebach, J\u00fcrgen Schimanski, Westerw\u00e4lder Steinzeug, Die Neue \u00c4ra 1900 \u2013 1930, Jugendstil und Werkbund, Seite 72, Marke Nr. 16 identisch sowie Abbildungen Nr. 122 sowie 126, Seidel mit identischen Motiven, weitere Literatur: J\u00fcrgen Schimanski, Braun geflammt und grau gesalzen, Seite 128, Abbildung Nr. 234 b, identischer Krug mit Zuschreibung zu Christiansen (das MEK h\u00e4lt die Zuschreibung zu Christiansen f\u00fcr nicht nachgewiesen, Schimanski beruft sich f\u00fcr die Zuschreibung auf eine Fliese der D.T. \u2013AG f\u00fcr die Christiansen nachweislich Entw\u00fcrfe geliefert hat, das ist zwar richtig aber die von ihm angef\u00fchrte und abgebildete Fliese ist ein Fabrikat der Fabrik Utzschneider &#038; Cie., f\u00fcr die Christiansen keinerlei Entw\u00fcrfe geliefert hat, deshalb ordnet das MEK den Krug bez\u00fcglich der K\u00fcnstlerzuschreibung als Entwurf nach Christiansen ein), Seite 203, Beschreibung der Fabrik sowie Marke Nr. 16 identisch, au\u00dferdem dort beschrieben, dass eine eigene Firmenmarke (Anmerkung MEK: die stilisierte T\u00f6pfermarke, bestehend aus Mittelachse, daran Antriebstretscheibe, diese immer in einem quadratischen oder trapezf\u00f6rmigen Rahmen) erst Anfang der 1920\u2018 Jahre eingef\u00fchrt worden ist und dass Erzeugnisse der fr\u00fcheren Jahre oft mit dem Schriftzug \u201eGesetzl. Gesch\u00fctzt\u201c (Anmerkung MEK: richtige Schreibweise des Stempels eigentlich mit Gro\u00dfbuchstaben und nicht wie bei Schimanski klein geschrieben, also GESETZL. GESCH\u00dcTZT) gemarkt sind, dieser Beschreibung stimmt das MEK bez\u00fcglich der Firmenmarke nicht zu, das MEK Exemplar D\/XXXVII\/64 widerlegt diese Aussage, vor, bis um 1900, wurde der M &#038; R. darunter H. in einem Rechteck Stempel verwendet, diesen gibt es auch noch als ausgeschriebene Variante (MARZI &#038; REMY darunter H\u00d6HR.), dann nicht in einem Rechteck, sogar mit dem Zusatzstempel GESETZL. GESCH\u00dcTZT, siehe http:\/\/www.steinmarks.co.uk\/pages\/pv.asp?p=stein164, dort unter Marzi &#038; Remy diese Stempelvariante abgebildet als auch die Stempelvariante des oben genannten MEK Exemplares, M &#038; R. darunter H. steht <strong>nicht<\/strong> f\u00fcr Merkelbach &#038; Remy, einer Westerw\u00e4lder Fabrik, die in der gleichen Zeit produzierte und f\u00fcr die bisher in der Fachliteratur noch keine Firmenmarke nachgewiesen worden ist, weil sich diese Fabrik in Grenzhausen und nicht in H\u00f6hr befand, bis 1936 waren die beiden Ortschaften eigenst\u00e4ndig und wurden erst am 01.04.1936 zusammen mit der Gemeinde Grenzau zu H\u00f6hr-Grenzhausen zusammengeschlossen, die Fabrik wurde 1879 von Anton Marzi und seinem Schwager Simon Peter Remy in H\u00f6hr gegr\u00fcndet und firmierte als Thonwaaren \u2013 Fabrik Marzi &#038; Remy, ab 1881 wurde eine eigene Zinngie\u00dferei angeschafft und ab 1883 neben dem grau \u2013 blau salzglasiertem Steinzeug auch Elfenbeinsteinzeug produziert, Simon Peter Remy verstarb 1919 und sein Sohn Werner Remy trat in die Fabrik ein, 1924 verstarb Anton Marzi und sein Schwiegersohn Johann Otto B\u00fchler trat in die Fabrik ein, Werner Remy verlie\u00df 1931 die Fabrik, 1941 trat Johann Otto B\u00fchlers Sohn Otto B\u00fchler in die Fabrik ein und 1953 dessen Sohn Otto Georg B\u00fchler, die Fabrik war bis zum Konkurs in den 1990\u2018 Jahren immer in Familienbesitz, siehe auch MEK D\/XXXVII\/27, identischer Krug ohne Zinndeckel, Ausf\u00fchrung als Steinzeug graublau salzglasiert, Datierung auf dem Zinndeckel 1912,<br \/>\nH\u00f6he 18 cm, Breite 15,5 cm (nur die Keramik)<\/p>\n<p><a href=\"http:\/\/museumek.eu\/?attachment_id=34094\" rel=\"attachment wp-att-34094\"><img loading=\"lazy\" src=\"http:\/\/museumek.eu\/wp-content\/uploads\/2014\/11\/1804-143x300.jpg\" alt=\"\" title=\"1804\" width=\"143\" height=\"300\" class=\"alignnone size-medium wp-image-34094\" srcset=\"http:\/\/museumek.eu\/wp-content\/uploads\/2014\/11\/1804-143x300.jpg 143w, http:\/\/museumek.eu\/wp-content\/uploads\/2014\/11\/1804-71x150.jpg 71w, http:\/\/museumek.eu\/wp-content\/uploads\/2014\/11\/1804.jpg 382w\" sizes=\"(max-width: 143px) 100vw, 143px\" \/><\/a><\/p>\n<p><a href=\"http:\/\/museumek.eu\/?attachment_id=34095\" rel=\"attachment wp-att-34095\"><img loading=\"lazy\" src=\"http:\/\/museumek.eu\/wp-content\/uploads\/2014\/11\/1805-182x300.jpg\" alt=\"\" title=\"1805\" width=\"182\" height=\"300\" class=\"alignnone size-medium wp-image-34095\" srcset=\"http:\/\/museumek.eu\/wp-content\/uploads\/2014\/11\/1805-182x300.jpg 182w, http:\/\/museumek.eu\/wp-content\/uploads\/2014\/11\/1805-91x150.jpg 91w, http:\/\/museumek.eu\/wp-content\/uploads\/2014\/11\/1805.jpg 487w\" sizes=\"(max-width: 182px) 100vw, 182px\" \/><\/a><\/p>\n<p><a href=\"http:\/\/museumek.eu\/?attachment_id=34096\" rel=\"attachment wp-att-34096\"><img loading=\"lazy\" src=\"http:\/\/museumek.eu\/wp-content\/uploads\/2014\/11\/1806-184x300.jpg\" alt=\"\" title=\"1806\" width=\"184\" height=\"300\" class=\"alignnone size-medium wp-image-34096\" srcset=\"http:\/\/museumek.eu\/wp-content\/uploads\/2014\/11\/1806-184x300.jpg 184w, http:\/\/museumek.eu\/wp-content\/uploads\/2014\/11\/1806-92x150.jpg 92w, http:\/\/museumek.eu\/wp-content\/uploads\/2014\/11\/1806.jpg 492w\" sizes=\"(max-width: 184px) 100vw, 184px\" \/><\/a><\/p>\n<p><a href=\"http:\/\/museumek.eu\/?attachment_id=34097\" rel=\"attachment wp-att-34097\"><img loading=\"lazy\" src=\"http:\/\/museumek.eu\/wp-content\/uploads\/2014\/11\/1807-128x300.jpg\" alt=\"\" title=\"1807\" width=\"128\" height=\"300\" class=\"alignnone size-medium wp-image-34097\" srcset=\"http:\/\/museumek.eu\/wp-content\/uploads\/2014\/11\/1807-128x300.jpg 128w, http:\/\/museumek.eu\/wp-content\/uploads\/2014\/11\/1807-64x150.jpg 64w, http:\/\/museumek.eu\/wp-content\/uploads\/2014\/11\/1807.jpg 342w\" sizes=\"(max-width: 128px) 100vw, 128px\" \/><\/a><\/p>\n<p><a href=\"http:\/\/museumek.eu\/?attachment_id=34098\" rel=\"attachment wp-att-34098\"><img loading=\"lazy\" src=\"http:\/\/museumek.eu\/wp-content\/uploads\/2014\/11\/1808-300x272.jpg\" alt=\"\" title=\"1808\" width=\"300\" height=\"272\" class=\"alignnone size-medium wp-image-34098\" srcset=\"http:\/\/museumek.eu\/wp-content\/uploads\/2014\/11\/1808-300x272.jpg 300w, http:\/\/museumek.eu\/wp-content\/uploads\/2014\/11\/1808-150x136.jpg 150w, http:\/\/museumek.eu\/wp-content\/uploads\/2014\/11\/1808-330x300.jpg 330w, http:\/\/museumek.eu\/wp-content\/uploads\/2014\/11\/1808.jpg 660w\" sizes=\"(max-width: 300px) 100vw, 300px\" \/><\/a><\/p>\n<p><a href=\"http:\/\/museumek.eu\/?attachment_id=34099\" rel=\"attachment wp-att-34099\"><img loading=\"lazy\" src=\"http:\/\/museumek.eu\/wp-content\/uploads\/2014\/11\/1809-206x300.jpg\" alt=\"\" title=\"1809\" width=\"206\" height=\"300\" class=\"alignnone size-medium wp-image-34099\" srcset=\"http:\/\/museumek.eu\/wp-content\/uploads\/2014\/11\/1809-206x300.jpg 206w, http:\/\/museumek.eu\/wp-content\/uploads\/2014\/11\/1809-103x150.jpg 103w, http:\/\/museumek.eu\/wp-content\/uploads\/2014\/11\/1809.jpg 551w\" sizes=\"(max-width: 206px) 100vw, 206px\" \/><\/a><\/p>\n<p><a href=\"http:\/\/museumek.eu\/?attachment_id=34100\" rel=\"attachment wp-att-34100\"><img loading=\"lazy\" src=\"http:\/\/museumek.eu\/wp-content\/uploads\/2014\/11\/1810-195x300.jpg\" alt=\"\" title=\"1810\" width=\"195\" height=\"300\" class=\"alignnone size-medium wp-image-34100\" srcset=\"http:\/\/museumek.eu\/wp-content\/uploads\/2014\/11\/1810-195x300.jpg 195w, http:\/\/museumek.eu\/wp-content\/uploads\/2014\/11\/1810-97x150.jpg 97w, http:\/\/museumek.eu\/wp-content\/uploads\/2014\/11\/1810.jpg 520w\" sizes=\"(max-width: 195px) 100vw, 195px\" \/><\/a><\/p>\n","protected":false},"excerpt":{"rendered":"<p>Abteilung Deutschland, Keramik 1860 \u2013 1960, Inventarnummer D\/XXXVII\/28 Thonwaaren \u2013 Fabrik Marzi &#038; Remy, Deutschland, H\u00f6hr, 1912, Krug, K\u00fcnstler Hans Christiansen (nach), Werks.-Nr. 2013, Exemplar Nr. ohne, gemarkt keine Firmenmarke aber GESETZL. GESCH\u00dcTZT, 2013, 23 sowie 1 L. \u00fcber Eichstrich &hellip; <a href=\"http:\/\/museumek.eu\/?page_id=34093\">Weiterlesen <span class=\"meta-nav\">&rarr;<\/span><\/a><\/p>\n","protected":false},"author":1,"featured_media":0,"parent":31725,"menu_order":28,"comment_status":"closed","ping_status":"open","template":"","meta":[],"_links":{"self":[{"href":"http:\/\/museumek.eu\/index.php?rest_route=\/wp\/v2\/pages\/34093"}],"collection":[{"href":"http:\/\/museumek.eu\/index.php?rest_route=\/wp\/v2\/pages"}],"about":[{"href":"http:\/\/museumek.eu\/index.php?rest_route=\/wp\/v2\/types\/page"}],"author":[{"embeddable":true,"href":"http:\/\/museumek.eu\/index.php?rest_route=\/wp\/v2\/users\/1"}],"replies":[{"embeddable":true,"href":"http:\/\/museumek.eu\/index.php?rest_route=%2Fwp%2Fv2%2Fcomments&post=34093"}],"version-history":[{"count":14,"href":"http:\/\/museumek.eu\/index.php?rest_route=\/wp\/v2\/pages\/34093\/revisions"}],"predecessor-version":[{"id":42187,"href":"http:\/\/museumek.eu\/index.php?rest_route=\/wp\/v2\/pages\/34093\/revisions\/42187"}],"up":[{"embeddable":true,"href":"http:\/\/museumek.eu\/index.php?rest_route=\/wp\/v2\/pages\/31725"}],"wp:attachment":[{"href":"http:\/\/museumek.eu\/index.php?rest_route=%2Fwp%2Fv2%2Fmedia&parent=34093"}],"curies":[{"name":"wp","href":"https:\/\/api.w.org\/{rel}","templated":true}]}}